752
CXUS55 KOHX 311010
CF6CSV
PRELIMINARY LOCAL CLIMATOLOGICAL DATA (WS FORM: F-6)

                                          STATION:   CROSSVILLE
                                          MONTH:     JANUARY
                                          YEAR:      2015
                                          LATITUDE:   35 57 N
                                          LONGITUDE:  85  5 W

  TEMPERATURE IN F:       :PCPN:    SNOW:  WIND      :SUNSHINE: SKY     :PK WND
================================================================================
1   2   3   4   5  6A  6B    7    8   9   10  11  12  13   14  15   16   17  18
                                     12Z  AVG MX 2MIN
DY MAX MIN AVG DEP HDD CDD  WTR  SNW DPTH SPD SPD DIR MIN PSBL S-S WX    SPD DR
================================================================================

 1  40  22  31  -5  34   0 0.00    M    M  2.6 12 260   M    M   7        16 260
 2  46  38  42   6  23   0 0.05    M    M  2.6  8 130   M    M  10 18     12 130
 3  57  46  52  16  13   0 1.39    M    M 10.7 22 260   M    M   8 1      31 190
 4  59  32  46  10  19   0 0.27    M    M 13.0 24 260   M    M  10 1      31 290
 5  33  20  27  -9  38   0 0.00    M    M  5.7 17 320   M    M   4        22 320
 6  39  25  32  -4  33   0 0.00    M    M  7.7 18 260   M    M   0        27 260
 7  25   4  15 -21  50   0    T    M    M 11.7 23 340   M    M   6        33 330
 8  27   0  14 -22  51   0 0.00    M    M  6.2 14 210   M    M   1        24 230
 9  32  14  23 -13  42   0 0.00    M    M  9.5 20 260   M    M   3        29 260
10  39   9  24 -12  41   0 0.00    M    M  2.6  9  70   M    M   0        11  80
11  44  23  34  -2  31   0    T    M    M  6.3 12 180   M    M   8        17 170
12  50  35  43   7  22   0 1.43    M    M  6.5 15  20   M    M  10 1      21  10
13  35  30  33  -3  32   0    T    M    M  8.2 16  40   M    M  10 16     22  20
14  33  26  30  -6  35   0    T    M    M  3.8  8 270   M    M  10 1      11 270
15  33  25  29  -7  36   0 0.01    M    M  2.2  8 270   M    M   9 18     10 270
16  48  22  35  -1  30   0 0.00    M    M  1.6  9 270   M    M   0 18     11 330
17  54  26  40   4  25   0 0.00    M    M  7.2 18 180   M    M   0 1      30 190
18  51  36  44   8  21   0 0.04    M    M 10.2 25 270   M    M   2        33 280
19  61  34  48  12  17   0 0.00    M    M  5.1 17 270   M    M   0        22 270
20  62  37  50  14  15   0 0.00    M    M  5.8 14 280   M    M   0        17 270
21  52  30  41   5  24   0 0.00    M    M  4.6 14 260   M    M   1        19 260
22  43  31  37   1  28   0 0.00    M    M  4.7 10  30   M    M   4        13  40
23  38  33  36   0  29   0 0.56    M    M  6.6 12  40   M    M  10 1      16  60
24  41  27  34  -2  31   0 0.05    M    M  8.3 17 260   M    M   5 1      25 280
25  50  31  41   5  24   0 0.14    M    M  6.4 18 300   M    M   4 1      26 220
26  39  28  34  -2  31   0 0.10    M    M  9.1 21 300   M    M  10 12     30 290
27  34  29  32  -4  33   0    T    M    M  7.0 15 310   M    M  10 1      20 310
28  44  23  34  -2  31   0 0.00    M    M  5.2 12  20   M    M   2 18     15  20
29  58  35  47  11  18   0 0.03    M    M 11.2 23 340   M    M   4 18     34 340
30  39  25  32  -4  33   0    T    M    M  8.6 22 350   M    M   5 8      31 360
================================================================================
SM 1306  796       890   0  4.07    M    200.9          M      153
================================================================================
AV 43.5 26.5                               6.7 FASTST   M    M   5    MAX(MPH)
                                 MISC ---->  # 25 270               # 34  340
================================================================================
NOTES:
# LAST OF SEVERAL OCCURRENCES

COLUMN 17 PEAK WIND IN M.P.H.

PRELIMINARY LOCAL CLIMATOLOGICAL DATA (WS FORM: F-6) , PAGE 2

                                          STATION:  CROSSVILLE
                                          MONTH:    JANUARY
                                          YEAR:     2015
                                          LATITUDE:   35 57 N
                                          LONGITUDE:  85  5 W

[TEMPERATURE DATA]      [PRECIPITATION DATA]       SYMBOLS USED IN COLUMN 16

AVERAGE MONTHLY: 35.0   TOTAL FOR MONTH:   4.07    1 = FOG OR MIST
DPTR FM NORMAL:  -1.0   DPTR FM NORMAL:   -0.53    2 = FOG REDUCING VISIBILITY
HIGHEST:    62 ON 20    GRTST 24HR  1.63 ON  3- 4      TO 1/4 MILE OR LESS
LOWEST:      0 ON  8                               3 = THUNDER
                        SNOW, ICE PELLETS, HAIL    4 = ICE PELLETS
                        TOTAL MONTH:    M          5 = HAIL
                        GRTST 24HR    M  ON   M    6 = FREEZING RAIN OR DRIZZLE
                        GRTST DEPTH:  M  ON   M    7 = DUSTSTORM OR SANDSTORM:
                                                       VSBY 1/2 MILE OR LESS
                                                   8 = SMOKE OR HAZE
[NO. OF DAYS WITH]      [WEATHER - DAYS WITH]      9 = BLOWING SNOW
                                                   X = TORNADO
MAX 32 OR BELOW:   3    0.01 INCH OR MORE:  11
MAX 90 OR ABOVE:   0    0.10 INCH OR MORE:   6
MIN 32 OR BELOW:  22    0.50 INCH OR MORE:   3
MIN  0 OR BELOW:   1    1.00 INCH OR MORE:   2

[HDD (BASE 65) ]
TOTAL THIS MO.   890    CLEAR  (SCALE 0-3)  11
DPTR FM NORMAL    15    PTCLDY (SCALE 4-7)   9
TOTAL FM JUL 1  2494    CLOUDY (SCALE 8-10) 10
DPTR FM NORMAL   -50

[CDD (BASE 65) ]
TOTAL THIS MO.     0
DPTR FM NORMAL     0    [PRESSURE DATA]
TOTAL FM JAN 1     0    HIGHEST SLP  0.00 ON 18
DPTR FM NORMAL     0    LOWEST  SLP 29.66 ON 25

[REMARKS]




U.S. Dept. of Commerce
NOAA National Weather Service
1325 East West Highway
Silver Spring, MD 20910
E-mail: w-nws.webmaster@noaa.gov
Page last modified: May 16, 2007
NATIONAL WEATHER SERVICE: for Safety, for Work, for Fun - FOR LIFE