727
CXUS54 KOUN 280800
CF6CSM
PRELIMINARY LOCAL CLIMATOLOGICAL DATA (WS FORM: F-6)

                                          STATION:   CLINTON
                                          MONTH:     NOVEMBER
                                          YEAR:      2014
                                          LATITUDE:   35 20 N
                                          LONGITUDE:  99 12 W

  TEMPERATURE IN F:       :PCPN:    SNOW:  WIND      :SUNSHINE: SKY     :PK WND
================================================================================
1   2   3   4   5  6A  6B    7    8   9   10  11  12  13   14  15   16   17  18
                                     12Z  AVG MX 2MIN
DY MAX MIN AVG DEP HDD CDD  WTR  SNW DPTH SPD SPD DIR MIN PSBL S-S WX    SPD DR
================================================================================

 1  61  35  48  -7  17   0 0.00  0.0    0 17.7 29 170   M    M   2        36 170
 2  66  45  56   1   9   0 0.00  0.0    0 25.3 36 170   M    M   0        41 180
 3  67  50  59   5   6   0 1.40  0.0    0 19.8 31 180   M    M   8 13     41 320
 4  51  45  48  -6  17   0 0.40  0.0    0 11.5 26  10   M    M   5 13     35 360
 5  64  45  55   1  10   0 0.00  0.0    0  6.9 13 260   M    M   0        14 250
 6  64  44  54   1  11   0 0.00  0.0    0  8.9 16  20   M    M   0        20  20
 7  72  42  57   4   8   0 0.00  0.0    0 17.8 37 200   M    M   0        41 200
 8  64  45  55   3  10   0 0.00  0.0    0 13.7 26  20   M    M   0        34 360
 9  74  44  59   7   6   0 0.00  0.0    0 14.7 25 200   M    M   0        31 220
10  82  33  58   6   7   0 0.00  0.0    0 23.3 46 360   M    M   0        55 360
11  37  25  31 -20  34   0 0.00  0.0    0 22.8 44 350   M    M   1        52 350
12  26  19  23 -28  42   0 0.00  0.0    0 20.9 26 350   M    M   6        32 360
13  31  21  26 -24  39   0 0.00  0.0    0 11.9 24 350   M    M   5        30 350
14  37  23  30 -20  35   0 0.00  0.0    0 10.6 17 160   M    M   5        28 180
15  51  30  41  -9  24   0    T    T    0 17.3 33 170   M    M   1        39 170
16  36  15  26 -23  39   0    T    M    0 17.8 31 350   M    M   9 129    36 350
17  38  14  26 -23  39   0 0.00  0.0    0 11.3 22 310   M    M   0        25 310
18  52  23  38 -10  27   0 0.00  0.0    0 14.3 23 220   M    M   0        28 220
19  60  31  46  -2  19   0 0.00  0.0    0  9.4 16  30   M    M   0        21  40
20  57  34  46  -2  19   0 0.00  0.0    0  8.0 15 100   M    M   0        20 100
21  54  36  45  -2  20   0 0.00  0.0    0  6.3 13 360   M    M   5 128    15 360
22  57  45  51   4  14   0 0.00  0.0    0 11.4 28 150   M    M   9 128    34 140
23  59  42  51   5  14   0    T  0.0    0 19.6 43 340   M    M   7 12     53 340
24  58  34  46   0  19   0 0.00  0.0    0 11.9 26 300   M    M   0        31 300
25  55  34  45  -1  20   0 0.00  0.0    0 12.0 20 200   M    M   0        25 200
26  56  32  44  -1  21   0 0.00  0.0    0 14.1 29 340   M    M   0        35 330
27  52  27  40  -5  25   0 0.00  0.0    0 12.5 24 190   M    M   0        30 190
================================================================================
SM 1481  913       551   0  1.80    T    391.7          M       63
================================================================================
AV 54.9 33.8                              14.5 FASTST   M    M   2    MAX(MPH)
                                 MISC ---->  # 46 360               # 55  360
================================================================================
NOTES:
# LAST OF SEVERAL OCCURRENCES

COLUMN 17 PEAK WIND IN M.P.H.

PRELIMINARY LOCAL CLIMATOLOGICAL DATA (WS FORM: F-6) , PAGE 2

                                          STATION:  CLINTON
                                          MONTH:    NOVEMBER
                                          YEAR:     2014
                                          LATITUDE:   35 20 N
                                          LONGITUDE:  99 12 W

[TEMPERATURE DATA]      [PRECIPITATION DATA]       SYMBOLS USED IN COLUMN 16

AVERAGE MONTHLY: 44.3   TOTAL FOR MONTH:   1.80    1 = FOG OR MIST
DPTR FM NORMAL:  -5.7   DPTR FM NORMAL:    0.64    2 = FOG REDUCING VISIBILITY
HIGHEST:    82 ON 10    GRTST 24HR  1.80 ON  3- 4      TO 1/4 MILE OR LESS
LOWEST:     14 ON 17                               3 = THUNDER
                        SNOW, ICE PELLETS, HAIL    4 = ICE PELLETS
                        TOTAL MONTH:    T          5 = HAIL
                        GRTST 24HR    T  ON 15-15  6 = FREEZING RAIN OR DRIZZLE
                        GRTST DEPTH:   0           7 = DUSTSTORM OR SANDSTORM:
                                                       VSBY 1/2 MILE OR LESS
                                                   8 = SMOKE OR HAZE
[NO. OF DAYS WITH]      [WEATHER - DAYS WITH]      9 = BLOWING SNOW
                                                   X = TORNADO
MAX 32 OR BELOW:   2    0.01 INCH OR MORE:   2
MAX 90 OR ABOVE:   0    0.10 INCH OR MORE:   2
MIN 32 OR BELOW:  11    0.50 INCH OR MORE:   1
MIN  0 OR BELOW:   0    1.00 INCH OR MORE:   1

[HDD (BASE 65) ]
TOTAL THIS MO.   551    CLEAR  (SCALE 0-3)  18
DPTR FM NORMAL   143    PTCLDY (SCALE 4-7)   7
TOTAL FM JUL 1   635    CLOUDY (SCALE 8-10)  2
DPTR FM NORMAL    37

[CDD (BASE 65) ]
TOTAL THIS MO.     0
DPTR FM NORMAL     0    [PRESSURE DATA]
TOTAL FM JAN 1  2225    HIGHEST SLP M ON M
DPTR FM NORMAL   255    LOWEST  SLP 29.31 ON 23

[REMARKS]




U.S. Dept. of Commerce
NOAA National Weather Service
1325 East West Highway
Silver Spring, MD 20910
E-mail: w-nws.webmaster@noaa.gov
Page last modified: May 16, 2007
NATIONAL WEATHER SERVICE: for Safety, for Work, for Fun - FOR LIFE