438
CXUS54 KOUN 290800
CF6CSM
PRELIMINARY LOCAL CLIMATOLOGICAL DATA (WS FORM: F-6)

                                          STATION:   CLINTON
                                          MONTH:     JANUARY
                                          YEAR:      2015
                                          LATITUDE:   35 20 N
                                          LONGITUDE:  99 12 W

  TEMPERATURE IN F:       :PCPN:    SNOW:  WIND      :SUNSHINE: SKY     :PK WND
================================================================================
1   2   3   4   5  6A  6B    7    8   9   10  11  12  13   14  15   16   17  18
                                     12Z  AVG MX 2MIN
DY MAX MIN AVG DEP HDD CDD  WTR  SNW DPTH SPD SPD DIR MIN PSBL S-S WX    SPD DR
================================================================================

 1  28  20  24 -13  41   0    T    T    0  8.0 15 190   M    M  10 168    17 220
 2  35  28  32  -5  33   0 0.03    M    0  3.5 12 340   M    M  10 18     13 340
 3  38  25  32  -5  33   0 0.02    M    0  9.1 36 350   M    M  10 1      43 350
 4  33  15  24 -13  41   0    T    T    0 14.3 37 340   M    M   2        44 330
 5  41  16  29  -8  36   0 0.00  0.0    0 16.1 36 190   M    M   0        43 180
 6  46  26  36  -2  29   0 0.00  0.0    0 11.3 24  30   M    M   0        28  40
 7  28  13  21 -17  44   0 0.00  0.0    0 19.0 39  10   M    M   3        47  10
 8  43  13  28 -10  37   0 0.00  0.0    0 16.1 38 190   M    M   0        45 190
 9  35  20  28 -10  37   0 0.00  0.0    0 12.5 28  10   M    M   2        34  20
10  40  19  30  -8  35   0 0.00  0.0    0 18.1 30 180   M    M   4        35 190
11  37  29  33  -5  32   0    T    M    0 12.9 24 190   M    M   9 126    29 180
12  36  22  29  -9  36   0 0.00  0.0    0 17.4 29 360   M    M   7 18     35  10
13  35  21  28 -10  37   0 0.00  0.0    0  9.2 18  30   M    M  10        21  30
14  36  28  32  -6  33   0 0.01    T    0  1.8  7 240   M    M  10         8 240
15  56  27  42   4  23   0 0.00  0.0    0  9.0 17 320   M    M   2 1      21 310
16  64  30  47   9  18   0 0.00  0.0    0 14.8 26 200   M    M   0        31 180
17  64  31  48  10  17   0 0.00  0.0    0 17.7 37 350   M    M   0        47  20
18  75  31  53  15  12   0 0.00  0.0    0 15.7 32 220   M    M   0        40 220
19  72  40  56  17   9   0 0.00  0.0    0  6.3 14 330   M    M   0        15 330
20  58  35  47   8  18   0 0.00  0.0    0 12.9 28  40   M    M   1        32  40
21  46  33  40   1  25   0 0.41    M    0 13.3 23  30   M    M   8 1      26  20
22  39  28  34  -5  31   0 0.20    M    0 10.9 16 360   M    M  10 1      20 360
23  41  19  30  -9  35   0 0.00  0.0    0  9.9 17 250   M    M   0        20 240
24  58  34  46   7  19   0 0.00  0.0    0 12.0 20 230   M    M   0        25 330
25  59  36  48   9  17   0 0.00  0.0    0 17.2 37 340   M    M   0        46 350
26  74  35  55  16  10   0 0.00  0.0    0 10.7 23 320   M    M   0        26 320
27  76  44  60  20   5   0 0.00  0.0    0 10.5 17 210   M    M   0        22 220
28  75  44  60  20   5   0 0.00  0.0    0 12.5 22 220   M    M   0        28 220
================================================================================
SM 1368  762       748   0  0.67    T    342.7          M       98
================================================================================
AV 48.9 27.2                              12.2 FASTST   M    M   4    MAX(MPH)
                                 MISC ---->  # 39  10               # 47   10
================================================================================
NOTES:
# LAST OF SEVERAL OCCURRENCES

COLUMN 17 PEAK WIND IN M.P.H.

PRELIMINARY LOCAL CLIMATOLOGICAL DATA (WS FORM: F-6) , PAGE 2

                                          STATION:  CLINTON
                                          MONTH:    JANUARY
                                          YEAR:     2015
                                          LATITUDE:   35 20 N
                                          LONGITUDE:  99 12 W

[TEMPERATURE DATA]      [PRECIPITATION DATA]       SYMBOLS USED IN COLUMN 16

AVERAGE MONTHLY: 38.0   TOTAL FOR MONTH:   0.67    1 = FOG OR MIST
DPTR FM NORMAL:  -0.2   DPTR FM NORMAL:   -0.01    2 = FOG REDUCING VISIBILITY
HIGHEST:    76 ON 27    GRTST 24HR  0.61 ON 21-22      TO 1/4 MILE OR LESS
LOWEST:     13 ON  8, 7                            3 = THUNDER
                        SNOW, ICE PELLETS, HAIL    4 = ICE PELLETS
                        TOTAL MONTH:    T          5 = HAIL
                        GRTST 24HR    T  ON 14-14  6 = FREEZING RAIN OR DRIZZLE
                        GRTST DEPTH:   0           7 = DUSTSTORM OR SANDSTORM:
                                                       VSBY 1/2 MILE OR LESS
                                                   8 = SMOKE OR HAZE
[NO. OF DAYS WITH]      [WEATHER - DAYS WITH]      9 = BLOWING SNOW
                                                   X = TORNADO
MAX 32 OR BELOW:   2    0.01 INCH OR MORE:   5
MAX 90 OR ABOVE:   0    0.10 INCH OR MORE:   2
MIN 32 OR BELOW:  20    0.50 INCH OR MORE:   0
MIN  0 OR BELOW:   0    1.00 INCH OR MORE:   0

[HDD (BASE 65) ]
TOTAL THIS MO.   748    CLEAR  (SCALE 0-3)  18
DPTR FM NORMAL    -2    PTCLDY (SCALE 4-7)   3
TOTAL FM JUL 1  2137    CLOUDY (SCALE 8-10)  7
DPTR FM NORMAL   -66

[CDD (BASE 65) ]
TOTAL THIS MO.     0
DPTR FM NORMAL     0    [PRESSURE DATA]
TOTAL FM JAN 1     0    HIGHEST SLP M ON M
DPTR FM NORMAL     0    LOWEST  SLP 29.79 ON  3

[REMARKS]




U.S. Dept. of Commerce
NOAA National Weather Service
1325 East West Highway
Silver Spring, MD 20910
E-mail: w-nws.webmaster@noaa.gov
Page last modified: May 16, 2007
NATIONAL WEATHER SERVICE: for Safety, for Work, for Fun - FOR LIFE