508
CXUS54 KOUN 220800
CF6CSM
PRELIMINARY LOCAL CLIMATOLOGICAL DATA (WS FORM: F-6)

                                          STATION:   CLINTON
                                          MONTH:     AUGUST
                                          YEAR:      2014
                                          LATITUDE:   35 20 N
                                          LONGITUDE:  99 12 W

  TEMPERATURE IN F:       :PCPN:    SNOW:  WIND      :SUNSHINE: SKY     :PK WND
================================================================================
1   2   3   4   5  6A  6B    7    8   9   10  11  12  13   14  15   16   17  18
                                     12Z  AVG MX 2MIN
DY MAX MIN AVG DEP HDD CDD  WTR  SNW DPTH SPD SPD DIR MIN PSBL S-S WX    SPD DR
================================================================================

 1  86  63  75  -8   0  10 0.00  0.0    0  4.1  9 180   M    M   0        14  10
 2  92  67  80  -3   0  15 0.00  0.0    0  8.2 15  20   M    M   1        25  20
 3  90  68  79  -4   0  14 0.00  0.0    0  5.8 13 200   M    M   1        15 200
 4  92  67  80  -3   0  15 0.00  0.0    0  8.6 17 220   M    M   0        21 220
 5  95  68  82  -1   0  17 0.00  0.0    0 11.4 18 210   M    M   0        24 130
 6 100  75  88   5   0  23    T  0.0    0 15.8 22 170   M    M   1        26 160
 7 100  74  87   4   0  22 0.00  0.0    0  9.5 20 180   M    M   0        24  60
 8  95  71  83   0   0  18    T  0.0    0  9.7 24  20   M    M   3        32 250
 9  94  74  84   2   0  19    T  0.0    0  8.3 18 190   M    M   1        26 210
10  92  72  82   0   0  17 0.00  0.0    0  7.6 18 360   M    M   1         M  M
11  92  67  80  -2   0  15    T  0.0    0  6.6 22 340   M    M   1 3      28 340
12  93  63  78  -4   0  13 0.00  0.0    0  5.4 12  70   M    M   0        14 140
13  96  68  82   0   0  17 0.00  0.0    0  9.8 18 180   M    M   1        24 160
14  98  71  85   3   0  20 0.00  0.0    0 14.7 24 160   M    M   1        28 160
15 102  72  87   5   0  22 0.00  0.0    0 14.9 33 340   M    M   1        38 340
16 100  76  88   7   0  23    T  0.0    0  4.3 16 260   M    M   1        24 270
17 100  69  85   4   0  20 0.00  0.0    0  6.7 15 100   M    M   0        22  60
18 102  72  87   6   0  22 0.00  0.0    0 13.8 23 190   M    M   0        29 210
19  96  70  83   2   0  18 0.00  0.0    0 14.5 25 170   M    M   0        36 170
20 101  75  88   8   0  23 0.00  0.0    0 17.9 31 170   M    M   0        37 190
21 101  76  89   9   0  24 0.00  0.0    0 17.9 29 190   M    M   0        37 190
================================================================================
SM 2017 1478         0 387    T      0.0 215.5          M       13
================================================================================
AV 96.0 70.4                              10.3 FASTST   M    M   1    MAX(MPH)
                                 MISC ---->  # 33 340               # 38  340
================================================================================
NOTES:
# LAST OF SEVERAL OCCURRENCES

COLUMN 17 PEAK WIND IN M.P.H.

PRELIMINARY LOCAL CLIMATOLOGICAL DATA (WS FORM: F-6) , PAGE 2

                                          STATION:  CLINTON
                                          MONTH:    AUGUST
                                          YEAR:     2014
                                          LATITUDE:   35 20 N
                                          LONGITUDE:  99 12 W

[TEMPERATURE DATA]      [PRECIPITATION DATA]       SYMBOLS USED IN COLUMN 16

AVERAGE MONTHLY: 83.2   TOTAL FOR MONTH:      T    1 = FOG OR MIST
DPTR FM NORMAL:   1.2   DPTR FM NORMAL:   -1.99    2 = FOG REDUCING VISIBILITY
HIGHEST:   102 ON 18,15 GRTST 24HR    T  ON 16-16      TO 1/4 MILE OR LESS
LOWEST:     63 ON 12, 1                            3 = THUNDER
                        SNOW, ICE PELLETS, HAIL    4 = ICE PELLETS
                        TOTAL MONTH:   0.0 INCH    5 = HAIL
                        GRTST 24HR     0.0         6 = FREEZING RAIN OR DRIZZLE
                        GRTST DEPTH:   0           7 = DUSTSTORM OR SANDSTORM:
                                                       VSBY 1/2 MILE OR LESS
                                                   8 = SMOKE OR HAZE
[NO. OF DAYS WITH]      [WEATHER - DAYS WITH]      9 = BLOWING SNOW
                                                   X = TORNADO
MAX 32 OR BELOW:   0    0.01 INCH OR MORE:   0
MAX 90 OR ABOVE:  20    0.10 INCH OR MORE:   0
MIN 32 OR BELOW:   0    0.50 INCH OR MORE:   0
MIN  0 OR BELOW:   0    1.00 INCH OR MORE:   0

[HDD (BASE 65) ]
TOTAL THIS MO.     0    CLEAR  (SCALE 0-3)  21
DPTR FM NORMAL     0    PTCLDY (SCALE 4-7)   0
TOTAL FM JUL 1     1    CLOUDY (SCALE 8-10)  0
DPTR FM NORMAL     1

[CDD (BASE 65) ]
TOTAL THIS MO.   387
DPTR FM NORMAL    30    [PRESSURE DATA]
TOTAL FM JAN 1  1573    HIGHEST SLP M ON M
DPTR FM NORMAL    77    LOWEST  SLP 28.62 ON 14

[REMARKS]




U.S. Dept. of Commerce
NOAA National Weather Service
1325 East West Highway
Silver Spring, MD 20910
E-mail: w-nws.webmaster@noaa.gov
Page last modified: May 16, 2007
NATIONAL WEATHER SERVICE: for Safety, for Work, for Fun - FOR LIFE