871
CXUS52 KFFC 291110
CF6CSG
PRELIMINARY LOCAL CLIMATOLOGICAL DATA (WS FORM: F-6)

                                          STATION:   COLUMBUS
                                          MONTH:     JANUARY
                                          YEAR:      2015
                                          LATITUDE:   32 31 N
                                          LONGITUDE:  84 56 W

  TEMPERATURE IN F:       :PCPN:    SNOW:  WIND      :SUNSHINE: SKY     :PK WND
================================================================================
1   2   3   4   5  6A  6B    7    8   9   10  11  12  13   14  15   16   17  18
                                     12Z  AVG MX 2MIN
DY MAX MIN AVG DEP HDD CDD  WTR  SNW DPTH SPD SPD DIR MIN PSBL S-S WX    SPD DR
================================================================================

 1  60  32  46  -1  19   0 0.01  0.0    0  2.3  9  10   M    M   1 1      14 360
 2  54  46  50   3  15   0 0.09  0.0    0  5.1 12 100   M    M   9 13     15  90
 3  68  51  60  13   5   0    T  0.0    0  5.8 10 150   M    M  10 1      14 160
 4  70  47  59  12   6   0 1.29  0.0    0  9.3 21 350   M    M   6 13     29 220
 5  55  36  46  -1  19   0 0.00  0.0    0  5.6 16 340   M    M   0        23 330
 6  60  30  45  -2  20   0 0.00  0.0    0  4.7 17 320   M    M   0        22 310
 7  50  20  35 -12  30   0 0.00  0.0    0 10.8 23 340   M    M   0        31  30
 8  35  13  24 -23  41   0 0.00  0.0    0  6.0 17  10   M    M   0        23  30
 9  43  21  32 -15  33   0 0.00  0.0    0  4.5 14 330   M    M   0        21 320
10  50  27  39  -8  26   0 0.00  0.0    0  4.7 10 120   M    M   0        15 130
11  52  37  45  -2  20   0    T  0.0    0  9.6 16 110   M    M   8 1      21 110
12  52  42  47   0  18   0    T  0.0    0  3.6 12  90   M    M  10 12     14  90
13  58  46  52   5  13   0 0.00  0.0    0  5.3 10  30   M    M  10 1      14 350
14  51  40  46  -1  19   0 0.00  0.0    0  4.2 10  60   M    M  10 1      13  50
15  43  38  41  -6  24   0 0.10  0.0    0  1.3  8 360   M    M   8 1      10  10
16  58  32  45  -2  20   0 0.00  0.0    0  3.9 10 320   M    M   1 1      15 320
17  63  31  47   0  18   0 0.00  0.0    0  2.2 10 170   M    M   0        14 160
18  64  36  50   3  15   0    T  0.0    0  5.4 21 310   M    M   1 1      25 320
19  68  29  49   2  16   0 0.00  0.0    0  2.5 14 240   M    M   0        16 240
20  67  36  52   5  13   0 0.00  0.0    0  1.7 13 220   M    M   0        16 220
21  68  38  53   6  12   0 0.00  0.0    0  3.5 12 350   M    M   0        16 350
22  59  47  53   6  12   0 0.09    M    0  5.7 17  70   M    M   4        22  80
23  52  45  49   2  16   0 1.55    M    0  7.8 22 110   M    M  10 1      28 100
24  53  39  46  -2  19   0 0.02  0.0    0 10.4 20 310   M    M   5 1      29 310
25  62  29  46  -2  19   0 0.00  0.0    0  5.8 21 210   M    M   0        25 220
26  48  33  41  -7  24   0 0.00  0.0    0  9.8 23 330   M    M   7        31 330
27  59  30  45  -3  20   0 0.00  0.0    0  7.1 23 340   M    M   1        31 340
28  58  31  45  -3  20   0 0.00  0.0    0  3.1 13  40   M    M   0        16  50
================================================================================
SM 1580  982       532   0  3.15     0.0 151.7          M      101
================================================================================
AV 56.4 35.1                               5.4 FASTST   M    M   4    MAX(MPH)
                                 MISC ---->  # 23 340               # 31   30
================================================================================
NOTES:
# LAST OF SEVERAL OCCURRENCES

COLUMN 17 PEAK WIND IN M.P.H.

PRELIMINARY LOCAL CLIMATOLOGICAL DATA (WS FORM: F-6) , PAGE 2

                                          STATION:  COLUMBUS
                                          MONTH:    JANUARY
                                          YEAR:     2015
                                          LATITUDE:   32 31 N
                                          LONGITUDE:  84 56 W

[TEMPERATURE DATA]      [PRECIPITATION DATA]       SYMBOLS USED IN COLUMN 16

AVERAGE MONTHLY: 45.8   TOTAL FOR MONTH:   3.15    1 = FOG OR MIST
DPTR FM NORMAL:  -1.4   DPTR FM NORMAL:   -0.29    2 = FOG REDUCING VISIBILITY
HIGHEST:    70 ON  4    GRTST 24HR  1.62 ON 22-23      TO 1/4 MILE OR LESS
LOWEST:     13 ON  8                               3 = THUNDER
                        SNOW, ICE PELLETS, HAIL    4 = ICE PELLETS
                        TOTAL MONTH:   0.0 INCH    5 = HAIL
                        GRTST 24HR     0.0         6 = FREEZING RAIN OR DRIZZLE
                        GRTST DEPTH:   0           7 = DUSTSTORM OR SANDSTORM:
                                                       VSBY 1/2 MILE OR LESS
                                                   8 = SMOKE OR HAZE
[NO. OF DAYS WITH]      [WEATHER - DAYS WITH]      9 = BLOWING SNOW
                                                   X = TORNADO
MAX 32 OR BELOW:   0    0.01 INCH OR MORE:   7
MAX 90 OR ABOVE:   0    0.10 INCH OR MORE:   3
MIN 32 OR BELOW:  12    0.50 INCH OR MORE:   2
MIN  0 OR BELOW:   0    1.00 INCH OR MORE:   2

[HDD (BASE 65) ]
TOTAL THIS MO.   532    CLEAR  (SCALE 0-3)  16
DPTR FM NORMAL    32    PTCLDY (SCALE 4-7)   5
TOTAL FM JUL 1  1395    CLOUDY (SCALE 8-10)  7
DPTR FM NORMAL    66

[CDD (BASE 65) ]
TOTAL THIS MO.     0
DPTR FM NORMAL     0    [PRESSURE DATA]
TOTAL FM JAN 1     0    HIGHEST SLP M ON M
DPTR FM NORMAL     0    LOWEST  SLP 29.67 ON 24

[REMARKS]




U.S. Dept. of Commerce
NOAA National Weather Service
1325 East West Highway
Silver Spring, MD 20910
E-mail: w-nws.webmaster@noaa.gov
Page last modified: May 16, 2007
NATIONAL WEATHER SERVICE: for Safety, for Work, for Fun - FOR LIFE