884
CXUS52 KFFC 011110
CF6CSG
PRELIMINARY LOCAL CLIMATOLOGICAL DATA (WS FORM: F-6)

                                          STATION:   COLUMBUS
                                          MONTH:     NOVEMBER
                                          YEAR:      2014
                                          LATITUDE:   32 31 N
                                          LONGITUDE:  84 56 W

  TEMPERATURE IN F:       :PCPN:    SNOW:  WIND      :SUNSHINE: SKY     :PK WND
================================================================================
1   2   3   4   5  6A  6B    7    8   9   10  11  12  13   14  15   16   17  18
                                     12Z  AVG MX 2MIN
DY MAX MIN AVG DEP HDD CDD  WTR  SNW DPTH SPD SPD DIR MIN PSBL S-S WX    SPD DR
================================================================================

 1  55  37  46 -16  19   0 0.00  0.0    0 14.4 26 340   M    M   1        38 310
 2  64  37  51 -10  14   0 0.00  0.0    0  6.8 14 360   M    M   0        20  10
 3  67  34  51 -10  14   0 0.00  0.0    0  1.4  8 100   M    M   0        13 120
 4  72  38  55  -6  10   0 0.00  0.0    0  1.9 12 160   M    M   0        15 200
 5  72  48  60   0   5   0 0.00  0.0    0  1.2  8 210   M    M   0         9 190
 6  72  55  64   4   1   0 0.01  0.0    0  6.1 18 280   M    M   4 1      24 290
 7  62  41  52  -8  13   0 0.00  0.0    0  4.4 14  20   M    M   0        21 360
 8  62  38  50 -10  15   0 0.00  0.0    0  0.3  6 170   M    M   0        12 180
 9  70  41  56  -3   9   0 0.00  0.0    0  1.4 10 330   M    M   0        14 340
10  73  39  56  -3   9   0 0.00  0.0    0  1.2  8 230   M    M   0        13 200
11  72  40  56  -3   9   0 0.00  0.0    0  1.2  9 280   M    M   0        14 290
12  73  49  61   3   4   0 0.00  0.0    0  4.8 14 320   M    M   5 1      18 320
13  56  38  47 -11  18   0    T    M    0  9.2 16 350   M    M   8        20 350
14  51  30  41 -17  24   0 0.00  0.0    0  7.9 15 350   M    M   1        21 340
15  55  28  42 -16  23   0 0.00  0.0    0  4.8 16 100   M    M   0        20 120
16  58  37  48  -9  17   0    T  0.0    0  6.4 14 100   M    M   8 8      16 130
17  67  34  51  -6  14   0 1.36  0.0    0  9.7 23 320   M    M   8 13     32 320
18  42  26  34 -22  31   0 0.00  0.0    0  7.9 18 320   M    M   0        25 320
19  51  21  36 -20  29   0 0.00  0.0    0  1.2  9 240   M    M   0 8      13 280
20  65  27  46 -10  19   0 0.00  0.0    0  2.7 15 320   M    M   0        21 300
21  67  36  52  -4  13   0 0.00  0.0    0  1.5 10  80   M    M   0        14  90
22  66  40  53  -2  12   0    T  0.0    0  9.5 16 120   M    M   6        22 100
23  68  53  61   6   4   0 1.52  0.0    0  9.2 29 240   M    M  10 13     41 240
24  79  59  69  14   0   4 0.00  0.0    0  6.3 16 300   M    M   5 1      23 300
25  59  48  54   0  11   0 0.02  0.0    0  3.6 12  10   M    M   7        16  30
26  60  42  51  -3  14   0 0.05  0.0    0  7.5 17 330   M    M   2 1      23 320
27  53  35  44 -10  21   0 0.00  0.0    0  9.3 21 320   M    M   1        29 320
28  54  31  43 -10  22   0 0.00  0.0    0  2.1 10  20   M    M   0        14  20
29  63  30  47  -6  18   0 0.00  0.0    0  1.6 10 220   M    M   0        13 220
30  70  36  53   0  12   0 0.00  0.0    0  1.9 10 220   M    M   0        15 250
================================================================================
SM 1898 1148       424   4  2.96     0.0 147.4          M       66
================================================================================
AV 63.3 38.3                               4.9 FASTST   M    M   2    MAX(MPH)
                                 MISC ---->  # 29 240               # 41  240
================================================================================
NOTES:
# LAST OF SEVERAL OCCURRENCES

COLUMN 17 PEAK WIND IN M.P.H.

PRELIMINARY LOCAL CLIMATOLOGICAL DATA (WS FORM: F-6) , PAGE 2

                                          STATION:  COLUMBUS
                                          MONTH:    NOVEMBER
                                          YEAR:     2014
                                          LATITUDE:   32 31 N
                                          LONGITUDE:  84 56 W

[TEMPERATURE DATA]      [PRECIPITATION DATA]       SYMBOLS USED IN COLUMN 16

AVERAGE MONTHLY: 50.8   TOTAL FOR MONTH:   2.96    1 = FOG OR MIST
DPTR FM NORMAL:  -6.5   DPTR FM NORMAL:   -1.14    2 = FOG REDUCING VISIBILITY
HIGHEST:    79 ON 24    GRTST 24HR  1.52 ON 22-23      TO 1/4 MILE OR LESS
LOWEST:     21 ON 19                               3 = THUNDER
                        SNOW, ICE PELLETS, HAIL    4 = ICE PELLETS
                        TOTAL MONTH:   0.0 INCH    5 = HAIL
                        GRTST 24HR     0.0         6 = FREEZING RAIN OR DRIZZLE
                        GRTST DEPTH:   0           7 = DUSTSTORM OR SANDSTORM:
                                                       VSBY 1/2 MILE OR LESS
                                                   8 = SMOKE OR HAZE
[NO. OF DAYS WITH]      [WEATHER - DAYS WITH]      9 = BLOWING SNOW
                                                   X = TORNADO
MAX 32 OR BELOW:   0    0.01 INCH OR MORE:   5
MAX 90 OR ABOVE:   0    0.10 INCH OR MORE:   2
MIN 32 OR BELOW:   7    0.50 INCH OR MORE:   2
MIN  0 OR BELOW:   0    1.00 INCH OR MORE:   2

[HDD (BASE 65) ]
TOTAL THIS MO.   424    CLEAR  (SCALE 0-3)  21
DPTR FM NORMAL   168    PTCLDY (SCALE 4-7)   8
TOTAL FM JUL 1   468    CLOUDY (SCALE 8-10)  1
DPTR FM NORMAL   136

[CDD (BASE 65) ]
TOTAL THIS MO.     4
DPTR FM NORMAL   -20    [PRESSURE DATA]
TOTAL FM JAN 1  2313    HIGHEST SLP 30.48 ON 19
DPTR FM NORMAL   -51    LOWEST  SLP 29.62 ON 23

[REMARKS]
#FINAL-11-14#




U.S. Dept. of Commerce
NOAA National Weather Service
1325 East West Highway
Silver Spring, MD 20910
E-mail: w-nws.webmaster@noaa.gov
Page last modified: May 16, 2007
NATIONAL WEATHER SERVICE: for Safety, for Work, for Fun - FOR LIFE