214
CXUS51 KRLX 022209
CF6CRW
PRELIMINARY LOCAL CLIMATOLOGICAL DATA (WS FORM: F-6)

                                          STATION:   CHARLESTON WV
                                          MONTH:     NOVEMBER
                                          YEAR:      2014
                                          LATITUDE:   38 22 N
                                          LONGITUDE:  81 36 W

  TEMPERATURE IN F:       :PCPN:    SNOW:  WIND      :SUNSHINE: SKY     :PK WND
================================================================================
1   2   3   4   5  6A  6B    7    8   9   10  11  12  13   14  15   16   17  18
                                     12Z  AVG MX 2MIN
DY MAX MIN AVG DEP HDD CDD  WTR  SNW DPTH SPD SPD DIR MIN PSBL S-S WX    SPD DR
================================================================================

 1  46  36  41 -11  24   0 0.14  0.0    0  9.1 23 320   M    M  10 1      32 300
 2  48  30  39 -13  26   0 0.00  0.0    0  6.0 18 330   M    M   4        24 320
 3  63  26  45  -6  20   0 0.00  0.0    0  2.3 12 220   M    M   2 1      16 160
 4  70  34  52   1  13   0 0.00  0.0    0  5.2 18 240   M    M   4        26 240
 5  58  50  54   3  11   0 0.16  0.0    0  2.8 12 190   M    M  10 1      14 190
 6  60  44  52   2  13   0 0.51  0.0    0  9.8 26 270   M    M   9 135    40 280
 7  46  31  39 -11  26   0 0.06  0.0    0  7.4 17 310   M    M   8 1      29 320
 8  55  28  42  -8  23   0 0.00  0.0    0  4.5 15 330   M    M   6 1      21 210
 9  57  37  47  -2  18   0 0.00  0.0    0  2.4 13 220   M    M   5        16 220
10  71  32  52   3  13   0 0.00  0.0    0  2.7 10 190   M    M   2 1      12 180
11  75  38  57   8   8   0 0.00  0.0    0  3.5 18 220   M    M   2        24 220
12  63  37  50   2  15   0 0.03  0.0    0  7.2 22 290   M    M  10 1      33 300
13  37  29  33 -15  32   0 0.02  0.1    0  5.7 16 300   M    M  10        22 300
14  33  22  28 -20  37   0    T    T    0  5.3 14 320   M    M   8        19 310
15  39  17  28 -19  37   0 0.00  0.0    0  0.3  8 200   M    M   4 1      10 200
16  45  32  39  -8  26   0 0.32    T    0  2.2 12 180   M    M  10 14     15 180
17  42  22  32 -14  33   0 0.65    T    0  8.2 22 280   M    M  10 12     40 270
18  25  18  22 -24  43   0    T  0.2    T 10.8 24 250   M    M   6        35 250
19  47  12  30 -16  35   0 0.00  0.0    0  8.8 23 250   M    M   4        33 250
20  44  27  36  -9  29   0 0.00  0.0    0 10.4 22 270   M    M   5        31 250
21  36  21  29 -16  36   0 0.00  0.0    0  3.8 10 310   M    M   1        14 310
22  62  18  40  -5  25   0 0.00  0.0    0  4.6 15 240   M    M   4        21 240
23  63  38  51   7  14   0 0.07  0.0    0  6.9 25 140   M    M   7 8      40 140
24  74  45  60  16   5   0 0.00  0.0    0 15.8 41 220   M    M   5        56 220
25  55  37  46   2  19   0 0.00  0.0    0  5.3 16 240   M    M   4        23 250
26  40  33  37  -6  28   0 0.27  0.1    0  1.8  8 120   M    M  10 1      11 350
27  36  30  33 -10  32   0 0.01  0.4    0  5.8 16 270   M    M  10 18     23 250
28  32  26  29 -13  36   0    T  0.2    T  4.5 14 240   M    M   8 1      19 320
29  56  26  41  -1  24   0 0.00  0.0    0  6.8 17 180   M    M   8        23 200
30  66  54  60  18   5   0 0.00  0.0    0 12.6 23 220   M    M  10        31 200
================================================================================
SM 1544  930       706   0  2.24     1.0 182.5          M      196
================================================================================
AV 51.5 31.0                               6.1 FASTST   M    M   7    MAX(MPH)
                                 MISC ---->  # 41 220               # 56  220
================================================================================
NOTES:
# LAST OF SEVERAL OCCURRENCES

COLUMN 17 PEAK WIND IN M.P.H.

PRELIMINARY LOCAL CLIMATOLOGICAL DATA (WS FORM: F-6) , PAGE 2

                                          STATION:  CHARLESTON WV
                                          MONTH:    NOVEMBER
                                          YEAR:     2014
                                          LATITUDE:   38 22 N
                                          LONGITUDE:  81 36 W

[TEMPERATURE DATA]      [PRECIPITATION DATA]       SYMBOLS USED IN COLUMN 16

AVERAGE MONTHLY: 41.2   TOTAL FOR MONTH:   2.24    1 = FOG OR MIST
DPTR FM NORMAL:  -5.8   DPTR FM NORMAL:   -1.49    2 = FOG REDUCING VISIBILITY
HIGHEST:    75 ON 11    GRTST 24HR  0.95 ON 16-17      TO 1/4 MILE OR LESS
LOWEST:     12 ON 19                               3 = THUNDER
                        SNOW, ICE PELLETS, HAIL    4 = ICE PELLETS
                        TOTAL MONTH:   1.0 INCH    5 = HAIL
                        GRTST 24HR   0.4 ON   M    6 = FREEZING RAIN OR DRIZZLE
                        GRTST DEPTH:   0           7 = DUSTSTORM OR SANDSTORM:
                                                       VSBY 1/2 MILE OR LESS
                                                   8 = SMOKE OR HAZE
[NO. OF DAYS WITH]      [WEATHER - DAYS WITH]      9 = BLOWING SNOW
                                                   X = TORNADO
MAX 32 OR BELOW:   2    0.01 INCH OR MORE:  11
MAX 90 OR ABOVE:   0    0.10 INCH OR MORE:   6
MIN 32 OR BELOW:  18    0.50 INCH OR MORE:   2
MIN  0 OR BELOW:   0    1.00 INCH OR MORE:   0

[HDD (BASE 65) ]
TOTAL THIS MO.   706    CLEAR  (SCALE 0-3)   4
DPTR FM NORMAL   162    PTCLDY (SCALE 4-7)  16
TOTAL FM JUL 1  1043    CLOUDY (SCALE 8-10) 10
DPTR FM NORMAL   159

[CDD (BASE 65) ]
TOTAL THIS MO.     0
DPTR FM NORMAL    -2    [PRESSURE DATA]
TOTAL FM JAN 1  1049    HIGHEST SLP 30.53 ON 21
DPTR FM NORMAL   -47    LOWEST  SLP 29.43 ON 24

[REMARKS]
#FINAL-11-14#




U.S. Dept. of Commerce
NOAA National Weather Service
1325 East West Highway
Silver Spring, MD 20910
E-mail: w-nws.webmaster@noaa.gov
Page last modified: May 16, 2007
NATIONAL WEATHER SERVICE: for Safety, for Work, for Fun - FOR LIFE