937
CXUS51 KRLX 241400
CF6CRW
PRELIMINARY LOCAL CLIMATOLOGICAL DATA (WS FORM: F-6)

                                          STATION:   CHARLESTON WV
                                          MONTH:     JULY
                                          YEAR:      2014
                                          LATITUDE:   38 22 N
                                          LONGITUDE:  81 36 W

  TEMPERATURE IN F:       :PCPN:    SNOW:  WIND      :SUNSHINE: SKY     :PK WND
================================================================================
1   2   3   4   5  6A  6B    7    8   9   10  11  12  13   14  15   16   17  18
                                     12Z  AVG MX 2MIN
DY MAX MIN AVG DEP HDD CDD  WTR  SNW DPTH SPD SPD DIR MIN PSBL S-S WX    SPD DR
================================================================================

 1  91  69  80   5   0  15    T  0.0    0  5.9 17 240   M    M   4        25 230
 2  89  70  80   5   0  15    T  0.0    0  4.4 20 330   M    M   5 3      30 340
 3  81  65  73  -2   0   8 0.00  0.0    0  5.7 18 300   M    M   6        24 300
 4  80  59  70  -5   0   5 0.00  0.0    0  4.8 17 320   M    M   5        22 320
 5  82  52  67  -8   0   2 0.00  0.0    0  1.8  8 120   M    M   3 1      13  60
 6  89  54  72  -3   0   7 0.00  0.0    0  5.3 21 230   M    M   4        25 220
 7  92  64  78   2   0  13 0.00  0.0    0  7.1 22 200   M    M   3        28 230
 8  89  73  81   5   0  16 0.28  0.0    0  9.6 30 240   M    M   7        43 330
 9  85  68  77   1   0  12 0.01  0.0    0  5.7 20 330   M    M   7 1      27 330
10  87  65  76   0   0  11 0.01  0.0    0  2.0 15  10   M    M   6 138    22  20
11  90  63  77   1   0  12 0.00  0.0    0  1.3  9  10   M    M   5 1      12  20
12  93  63  78   2   0  13 0.00  0.0    0  2.7 14 240   M    M   5 1      25 220
13  94  68  81   5   0  16 0.28  0.0    0  6.6 20 230   M    M   7 13     29 250
14  83  71  77   1   0  12 1.40  0.0    0  6.7 16 210   M    M   8 13     22 220
15  80  62  71  -5   0   6 0.27  0.0    0  5.3 13 300   M    M   6 13     19 300
16  77  57  67  -9   0   2 0.00  0.0    0  1.3 10 290   M    M   5 1      14 340
17  79  56  68  -8   0   3 0.00  0.0    0  1.8  9 330   M    M   4 1      13 330
18  74  55  65 -11   0   0 0.25  0.0    0  2.1 13 190   M    M   8 1      17 170
19  74  62  68  -8   0   3 0.41  0.0    0  2.9 13 140   M    M   9 1      15 140
20  80  61  71  -5   0   6 0.10  0.0    0  1.6  9 260   M    M   7 1      13 250
21  89  65  77   1   0  12 0.00  0.0    0  1.5  8 190   M    M   4 1      13 210
22  91  67  79   3   0  14 0.00  0.0    0  1.4  6 180   M    M   2       180  58
23  90  69  80   4   0  15 1.20  0.0    0  4.6 16 270   M    M   6 13     16 270
================================================================================
SM 1959 1458         0 218  4.21     0.0  92.1          M      126
================================================================================
AV 85.2 63.4                               4.0 FASTST   M    M   5    MAX(MPH)
                                 MISC ---->  # 30 240               #180   58
================================================================================
NOTES:
# LAST OF SEVERAL OCCURRENCES

COLUMN 17 PEAK WIND IN M.P.H.

PRELIMINARY LOCAL CLIMATOLOGICAL DATA (WS FORM: F-6) , PAGE 2

                                          STATION:  CHARLESTON WV
                                          MONTH:    JULY
                                          YEAR:     2014
                                          LATITUDE:   38 22 N
                                          LONGITUDE:  81 36 W

[TEMPERATURE DATA]      [PRECIPITATION DATA]       SYMBOLS USED IN COLUMN 16

AVERAGE MONTHLY: 74.3   TOTAL FOR MONTH:   4.21    1 = FOG OR MIST
DPTR FM NORMAL:  -1.5   DPTR FM NORMAL:    0.55    2 = FOG REDUCING VISIBILITY
HIGHEST:    94 ON 13    GRTST 24HR  1.65 ON 13-14      TO 1/4 MILE OR LESS
LOWEST:     52 ON  5                               3 = THUNDER
                        SNOW, ICE PELLETS, HAIL    4 = ICE PELLETS
                        TOTAL MONTH:   0.0 INCH    5 = HAIL
                        GRTST 24HR     0.0         6 = FREEZING RAIN OR DRIZZLE
                        GRTST DEPTH:   0           7 = DUSTSTORM OR SANDSTORM:
                                                       VSBY 1/2 MILE OR LESS
                                                   8 = SMOKE OR HAZE
[NO. OF DAYS WITH]      [WEATHER - DAYS WITH]      9 = BLOWING SNOW
                                                   X = TORNADO
MAX 32 OR BELOW:   0    0.01 INCH OR MORE:  10
MAX 90 OR ABOVE:   7    0.10 INCH OR MORE:   8
MIN 32 OR BELOW:   0    0.50 INCH OR MORE:   2
MIN  0 OR BELOW:   0    1.00 INCH OR MORE:   2

[HDD (BASE 65) ]
TOTAL THIS MO.     0    CLEAR  (SCALE 0-3)   3
DPTR FM NORMAL     0    PTCLDY (SCALE 4-7)  19
TOTAL FM JUL 1     0    CLOUDY (SCALE 8-10)  1
DPTR FM NORMAL     0

[CDD (BASE 65) ]
TOTAL THIS MO.   218
DPTR FM NORMAL   -27    [PRESSURE DATA]
TOTAL FM JAN 1   603    HIGHEST SLP M ON M
DPTR FM NORMAL    28    LOWEST  SLP 29.77 ON  8

[REMARKS]




U.S. Dept. of Commerce
NOAA National Weather Service
1325 East West Highway
Silver Spring, MD 20910
E-mail: w-nws.webmaster@noaa.gov
Page last modified: May 16, 2007
NATIONAL WEATHER SERVICE: for Safety, for Work, for Fun - FOR LIFE