957
CXUS51 KRLX 251400
CF6CRW
PRELIMINARY LOCAL CLIMATOLOGICAL DATA (WS FORM: F-6)

                                          STATION:   CHARLESTON WV
                                          MONTH:     JANUARY
                                          YEAR:      2015
                                          LATITUDE:   38 22 N
                                          LONGITUDE:  81 36 W

  TEMPERATURE IN F:       :PCPN:    SNOW:  WIND      :SUNSHINE: SKY     :PK WND
================================================================================
1   2   3   4   5  6A  6B    7    8   9   10  11  12  13   14  15   16   17  18
                                     12Z  AVG MX 2MIN
DY MAX MIN AVG DEP HDD CDD  WTR  SNW DPTH SPD SPD DIR MIN PSBL S-S WX    SPD DR
================================================================================

 1  38  24  31  -3  34   0 0.00  0.0    0  9.4 20 220   M    M   3        27 250
 2  40  36  38   4  27   0 0.01    T    0  3.5  9 240   M    M   9 4      15 270
 3  63  36  50  16  15   0 0.22  0.0    0  5.2 17 180   M    M   9 1      22 190
 4  65  38  52  18  13   0 0.64  0.0    0 11.8 32 280   M    M   9 1      46 280
 5  38  23  31  -3  34   0 0.00  0.0    0  9.1 22 300   M    M   7        31 290
 6  30  25  28  -6  37   0    T    T    0  6.0 17 270   M    M  10 5      25 250
 7  27   7  17 -17  48   0 0.03    T    T 12.8 25 330   M    M   8 19     37 300
 8  29   3  16 -18  49   0    T    T    0  6.0 13 180   M    M   7        17 280
 9  32  18  25  -9  40   0    T    T    T 11.9 28 250   M    M   7        40 250
10  28   5  17 -17  48   0 0.00  0.0    0  2.3 18 320   M    M   0        24 320
11  46  10  28  -6  37   0 0.04  0.0    0  1.5  8 190   M    M   6 14     11 210
12  42  33  38   4  27   0 0.38    T    0  2.5 13 360   M    M  10 1      19 350
13  33  27  30  -4  35   0    T  0.1    T  6.0 14 360   M    M  10 1      19 350
14  30  26  28  -6  37   0 0.01  0.1    0  2.3  8 260   M    M  10 16     10 290
15  34  26  30  -4  35   0 0.00  0.0    0  4.4 14 240   M    M   9        18 240
16  37  25  31  -3  34   0 0.00  0.0    0  5.6 15 240   M    M   5        19 240
17  59  20  40   6  25   0 0.00  0.0    0  6.0 18 200   M    M   2 1      24 190
18  50  43  47  13  18   0 0.02  0.0    0 10.4 24 240   M    M   8 4      33 260
19  53  32  43   9  22   0 0.00  0.0    0  2.8 13 320   M    M   5        18 270
20  54  27  41   7  24   0 0.00  0.0    0  2.6 14 260   M    M   3        19 260
21  49  32  41   7  24   0    T  0.0    0  5.8 18 230   M    M   7        24 230
22  40  35  38   4  27   0 0.00  0.0    0  4.0 13 280   M    M   9        21 290
23  39  28  34   0  31   0 0.40    T    0  2.5  7  70   M    M   8 14      8  50
24  36  30  33  -2  32   0 0.10  0.9    T  7.7 17 250   M    M  10 18     24 260
================================================================================
SM  992  609       753   0  1.85     1.1 142.1          M      171
================================================================================
AV 41.3 25.4                               5.9 FASTST   M    M   7    MAX(MPH)
                                 MISC ---->  # 32 280               # 46  280
================================================================================
NOTES:
# LAST OF SEVERAL OCCURRENCES

COLUMN 17 PEAK WIND IN M.P.H.

PRELIMINARY LOCAL CLIMATOLOGICAL DATA (WS FORM: F-6) , PAGE 2

                                          STATION:  CHARLESTON WV
                                          MONTH:    JANUARY
                                          YEAR:     2015
                                          LATITUDE:   38 22 N
                                          LONGITUDE:  81 36 W

[TEMPERATURE DATA]      [PRECIPITATION DATA]       SYMBOLS USED IN COLUMN 16

AVERAGE MONTHLY: 33.4   TOTAL FOR MONTH:   1.85    1 = FOG OR MIST
DPTR FM NORMAL:  -0.7   DPTR FM NORMAL:   -0.45    2 = FOG REDUCING VISIBILITY
HIGHEST:    65 ON  4    GRTST 24HR  0.76 ON  3- 4      TO 1/4 MILE OR LESS
LOWEST:      3 ON  8                               3 = THUNDER
                        SNOW, ICE PELLETS, HAIL    4 = ICE PELLETS
                        TOTAL MONTH:   1.1 INCHES  5 = HAIL
                        GRTST 24HR   0.9 ON   M    6 = FREEZING RAIN OR DRIZZLE
                        GRTST DEPTH:   0           7 = DUSTSTORM OR SANDSTORM:
                                                       VSBY 1/2 MILE OR LESS
                                                   8 = SMOKE OR HAZE
[NO. OF DAYS WITH]      [WEATHER - DAYS WITH]      9 = BLOWING SNOW
                                                   X = TORNADO
MAX 32 OR BELOW:   6    0.01 INCH OR MORE:  10
MAX 90 OR ABOVE:   0    0.10 INCH OR MORE:   5
MIN 32 OR BELOW:  18    0.50 INCH OR MORE:   1
MIN  0 OR BELOW:   0    1.00 INCH OR MORE:   0

[HDD (BASE 65) ]
TOTAL THIS MO.   753    CLEAR  (SCALE 0-3)   3
DPTR FM NORMAL    11    PTCLDY (SCALE 4-7)  11
TOTAL FM JUL 1  2562    CLOUDY (SCALE 8-10) 10
DPTR FM NORMAL    80

[CDD (BASE 65) ]
TOTAL THIS MO.     0
DPTR FM NORMAL     0    [PRESSURE DATA]
TOTAL FM JAN 1     0    HIGHEST SLP M ON M
DPTR FM NORMAL     0    LOWEST  SLP 29.70 ON 24

[REMARKS]




U.S. Dept. of Commerce
NOAA National Weather Service
1325 East West Highway
Silver Spring, MD 20910
E-mail: w-nws.webmaster@noaa.gov
Page last modified: May 16, 2007
NATIONAL WEATHER SERVICE: for Safety, for Work, for Fun - FOR LIFE