390
CXUS54 KFWD 200730
CF6CRS
PRELIMINARY LOCAL CLIMATOLOGICAL DATA (WS FORM: F-6)

                                          STATION:   CORSICANA
                                          MONTH:     SEPTEMBER
                                          YEAR:      2014
                                          LATITUDE:   32  1 N
                                          LONGITUDE:  96 24 W

  TEMPERATURE IN F:       :PCPN:    SNOW:  WIND      :SUNSHINE: SKY     :PK WND
================================================================================
1   2   3   4   5  6A  6B    7    8   9   10  11  12  13   14  15   16   17  18
                                     12Z  AVG MX 2MIN
DY MAX MIN AVG DEP HDD CDD  WTR  SNW DPTH SPD SPD DIR MIN PSBL S-S WX    SPD DR
================================================================================

 1  95  77  86   4   0  21 0.00  0.0    0 12.6 18 160   M    M   4 18     24 190
 2  96  78  87   5   0  22 0.00  0.0    0 10.6 21 140   M    M   3        25 140
 3  95  75  85   3   0  20 0.00  0.0    0 10.0 17 190   M    M   1 1      24 150
 4  95  75  85   3   0  20 0.00  0.0    0  8.7 18 160   M    M   2        23 150
 5  95  74  85   4   0  20 0.00  0.0    0  6.3 12 170   M    M   1        18  70
 6  96  74  85   4   0  20 0.02  0.0    0  6.9 22 350   M    M   2 3      30 350
 7  91  72  82   1   0  17 0.01  0.0    0  5.5 12 350   M    M   4 1      15 340
 8  94  73  84   4   0  19 0.00  0.0    0  6.1 14 120   M    M   1        18 140
 9  96  74  85   5   0  20 0.00  0.0    0 10.1 18 160   M    M   1 18     24 170
10  98  77  88   8   0  23 0.00  0.0    0 12.8 21 180   M    M   1        28 200
11  95  75  85   6   0  20 0.27  0.0    0  7.6 23 340   M    M   3 13     32 320
12  83  61  72  -7   0   7    T  0.0    0  9.8 22 340   M    M  10 1      27 340
13  69  58  64 -15   1   0 0.01  0.0    0  9.2 17 360   M    M   9 1      25 360
14  81  63  72  -6   0   7 0.00  0.0    0  4.0  9  40   M    M   7 1      11  60
15  85  70  78   0   0  13    T  0.0    0  3.6  9 110   M    M   0        12  50
16  90  74  82   4   0  17    T  0.0    0  4.9 16 160   M    M   3 13     20 160
17  92  72  82   5   0  17 0.01  0.0    0  5.4 17 160   M    M   5 12     21 160
18  91  70  81   4   0  16 0.04  0.0    0  5.8 24 140   M    M   6        29 140
19  88  72  80   3   0  15    T  0.0    0  6.8 15 100   M    M   7 1      17 110
================================================================================
SM 1725 1364         1 314  0.36     0.0 146.7          M       70
================================================================================
AV 90.8 71.8                               7.7 FASTST   M    M   4    MAX(MPH)
                                 MISC ---->  # 24 140               # 32  320
================================================================================
NOTES:
# LAST OF SEVERAL OCCURRENCES

COLUMN 17 PEAK WIND IN M.P.H.

PRELIMINARY LOCAL CLIMATOLOGICAL DATA (WS FORM: F-6) , PAGE 2

                                          STATION:  CORSICANA
                                          MONTH:    SEPTEMBER
                                          YEAR:     2014
                                          LATITUDE:   32  1 N
                                          LONGITUDE:  96 24 W

[TEMPERATURE DATA]      [PRECIPITATION DATA]       SYMBOLS USED IN COLUMN 16

AVERAGE MONTHLY: 81.3   TOTAL FOR MONTH:   0.36    1 = FOG OR MIST
DPTR FM NORMAL:   1.7   DPTR FM NORMAL:   -1.34    2 = FOG REDUCING VISIBILITY
HIGHEST:    98 ON 10    GRTST 24HR  0.27 ON 11-11      TO 1/4 MILE OR LESS
LOWEST:     58 ON 13                               3 = THUNDER
                        SNOW, ICE PELLETS, HAIL    4 = ICE PELLETS
                        TOTAL MONTH:   0.0 INCH    5 = HAIL
                        GRTST 24HR     0.0         6 = FREEZING RAIN OR DRIZZLE
                        GRTST DEPTH:   0           7 = DUSTSTORM OR SANDSTORM:
                                                       VSBY 1/2 MILE OR LESS
                                                   8 = SMOKE OR HAZE
[NO. OF DAYS WITH]      [WEATHER - DAYS WITH]      9 = BLOWING SNOW
                                                   X = TORNADO
MAX 32 OR BELOW:   0    0.01 INCH OR MORE:   6
MAX 90 OR ABOVE:  14    0.10 INCH OR MORE:   1
MIN 32 OR BELOW:   0    0.50 INCH OR MORE:   0
MIN  0 OR BELOW:   0    1.00 INCH OR MORE:   0

[HDD (BASE 65) ]
TOTAL THIS MO.     1    CLEAR  (SCALE 0-3)  11
DPTR FM NORMAL     1    PTCLDY (SCALE 4-7)   6
TOTAL FM JUL 1     1    CLOUDY (SCALE 8-10)  2
DPTR FM NORMAL     1

[CDD (BASE 65) ]
TOTAL THIS MO.   314
DPTR FM NORMAL    37    [PRESSURE DATA]
TOTAL FM JAN 1  2387    HIGHEST SLP M ON M
DPTR FM NORMAL    60    LOWEST  SLP 29.69 ON 10

[REMARKS]




U.S. Dept. of Commerce
NOAA National Weather Service
1325 East West Highway
Silver Spring, MD 20910
E-mail: w-nws.webmaster@noaa.gov
Page last modified: May 16, 2007
NATIONAL WEATHER SERVICE: for Safety, for Work, for Fun - FOR LIFE