449
CXUS54 KFWD 260730
CF6CRS
PRELIMINARY LOCAL CLIMATOLOGICAL DATA (WS FORM: F-6)

                                          STATION:   CORSICANA
                                          MONTH:     NOVEMBER
                                          YEAR:      2014
                                          LATITUDE:   32  1 N
                                          LONGITUDE:  96 24 W

  TEMPERATURE IN F:       :PCPN:    SNOW:  WIND      :SUNSHINE: SKY     :PK WND
================================================================================
1   2   3   4   5  6A  6B    7    8   9   10  11  12  13   14  15   16   17  18
                                     12Z  AVG MX 2MIN
DY MAX MIN AVG DEP HDD CDD  WTR  SNW DPTH SPD SPD DIR MIN PSBL S-S WX    SPD DR
================================================================================

 1  62  38  50 -13  15   0 0.00  0.0    0  6.9 18 110   M    M   0        24 110
 2  68  45  57  -6   8   0 0.00  0.0    0 11.2 18 160   M    M   0        26 110
 3  78  53  66   4   0   1 0.00  0.0    0 14.4 24 160   M    M   6        29 150
 4  72  58  65   3   0   0 0.82  0.0    0 11.0 22  30   M    M  10 1      31  30
 5  58  54  56  -6   9   0 0.65  0.0    0  8.1 15 340   M    M  10 1      20 340
 6  70  51  61   0   4   0 0.00  0.0    0  6.3 12  10   M    M   3 1      14  50
 7  67  42  55  -6  10   0 0.00  0.0    0  4.9 14 120   M    M   0 8      19 130
 8  69  48  59  -1   6   0 0.00  0.0    0  9.1 21 340   M    M   1 8      27 350
 9  72  39  56  -4   9   0 0.00  0.0    0  7.2 14 190   M    M   0 18     19 170
10  78  48  63   3   2   0 0.00  0.0    0 15.7 33 200   M    M   0        44 190
11  67  40  54  -5  11   0    T  0.0    0 14.2 26 330   M    M   4        35 320
12  46  34  40 -19  25   0    T  0.0    0 14.2 23 350   M    M   3        28  10
13  39  29  34 -24  31   0 0.00  0.0    0 11.9 22 350   M    M   6        29 350
14  41  28  35 -23  30   0 0.00  0.0    0  3.6  9 130   M    M   8        12 330
15  45  40  43 -15  22   0    T  0.0    0  9.9 18 150   M    M  10 1      23 150
16  42  32  37 -20  28   0    T    M    0 12.2 22 320   M    M  10 1      30 320
17  47  24  36 -21  29   0 0.00  0.0    M  8.6 21 340   M    M   1 8      27 320
18  54  25  40 -16  25   0 0.00  0.0    0  7.3 15 230   M    M   0        18 220
19  67  33  50  -6  15   0 0.00  0.0    0 10.5 24 200   M    M   0 8      31 190
20  72  45  59   4   6   0 0.03  0.0    0  9.5 20 190   M    M   4 1      23 190
21  67  59  63   8   2   0 0.01  0.0    0 10.3 21 150   M    M   9 1      27 150
22  64  59  62   7   3   0 0.91  0.0    0 10.5 22 140   M    M  10 123    26 150
23  78  51  65  11   0   0    T  0.0    0 12.3 26 320   M    M   4 1      34 290
24  63  38  51  -3  14   0 0.00  0.0    0  6.8 21 320   M    M   0 8      26 320
25  66  35  51  -3  14   0 0.00  0.0    0  6.4 23 250   M    M   0 8      29 250
================================================================================
SM 1552 1048       318   1  2.42     0.0 243.0          M       99
================================================================================
AV 62.1 41.9                               9.7 FASTST   M    M   4    MAX(MPH)
                                 MISC ---->  # 33 200               # 44  190
================================================================================
NOTES:
# LAST OF SEVERAL OCCURRENCES

COLUMN 17 PEAK WIND IN M.P.H.

PRELIMINARY LOCAL CLIMATOLOGICAL DATA (WS FORM: F-6) , PAGE 2

                                          STATION:  CORSICANA
                                          MONTH:    NOVEMBER
                                          YEAR:     2014
                                          LATITUDE:   32  1 N
                                          LONGITUDE:  96 24 W

[TEMPERATURE DATA]      [PRECIPITATION DATA]       SYMBOLS USED IN COLUMN 16

AVERAGE MONTHLY: 52.0   TOTAL FOR MONTH:   2.42    1 = FOG OR MIST
DPTR FM NORMAL:  -6.4   DPTR FM NORMAL:   -0.92    2 = FOG REDUCING VISIBILITY
HIGHEST:    78 ON 23,10 GRTST 24HR  1.36 ON  4- 5      TO 1/4 MILE OR LESS
LOWEST:     24 ON 17                               3 = THUNDER
                        SNOW, ICE PELLETS, HAIL    4 = ICE PELLETS
                        TOTAL MONTH:   0.0 INCH    5 = HAIL
                        GRTST 24HR     0.0         6 = FREEZING RAIN OR DRIZZLE
                        GRTST DEPTH:   0           7 = DUSTSTORM OR SANDSTORM:
                                                       VSBY 1/2 MILE OR LESS
                                                   8 = SMOKE OR HAZE
[NO. OF DAYS WITH]      [WEATHER - DAYS WITH]      9 = BLOWING SNOW
                                                   X = TORNADO
MAX 32 OR BELOW:   0    0.01 INCH OR MORE:   5
MAX 90 OR ABOVE:   0    0.10 INCH OR MORE:   3
MIN 32 OR BELOW:   5    0.50 INCH OR MORE:   3
MIN  0 OR BELOW:   0    1.00 INCH OR MORE:   0

[HDD (BASE 65) ]
TOTAL THIS MO.   318    CLEAR  (SCALE 0-3)  12
DPTR FM NORMAL   124    PTCLDY (SCALE 4-7)   6
TOTAL FM JUL 1   327    CLOUDY (SCALE 8-10)  7
DPTR FM NORMAL    72

[CDD (BASE 65) ]
TOTAL THIS MO.     1
DPTR FM NORMAL   -24    [PRESSURE DATA]
TOTAL FM JAN 1  2747    HIGHEST SLP M ON M
DPTR FM NORMAL   136    LOWEST  SLP 29.35 ON 23

[REMARKS]




U.S. Dept. of Commerce
NOAA National Weather Service
1325 East West Highway
Silver Spring, MD 20910
E-mail: w-nws.webmaster@noaa.gov
Page last modified: May 16, 2007
NATIONAL WEATHER SERVICE: for Safety, for Work, for Fun - FOR LIFE