867
CXUS54 KFWD 300730
CF6CRS
PRELIMINARY LOCAL CLIMATOLOGICAL DATA (WS FORM: F-6)

                                          STATION:   CORSICANA
                                          MONTH:     JANUARY
                                          YEAR:      2015
                                          LATITUDE:   32  1 N
                                          LONGITUDE:  96 24 W

  TEMPERATURE IN F:       :PCPN:    SNOW:  WIND      :SUNSHINE: SKY     :PK WND
================================================================================
1   2   3   4   5  6A  6B    7    8   9   10  11  12  13   14  15   16   17  18
                                     12Z  AVG MX 2MIN
DY MAX MIN AVG DEP HDD CDD  WTR  SNW DPTH SPD SPD DIR MIN PSBL S-S WX    SPD DR
================================================================================

 1  39  35  37 -10  28   0 0.29    M    0  5.8 13 360   M    M   9 1      14  10
 2  44  39  42  -5  23   0 0.25    M    0  7.0 12 300   M    M   9 13     15  10
 3  51  39  45  -2  20   0 0.25    M    0  7.4 17 310   M    M   5 13     22 320
 4  42  30  36 -11  29   0 0.00  0.0    0 12.0 25 340   M    M   0        33 340
 5  67  25  46  -1  19   0 0.00  0.0    0  5.4 13 180   M    M   0        15 190
 6  62  31  47   0  18   0 0.00  0.0    0  5.5 12 170   M    M   0        13 160
 7  47  24  36 -11  29   0 0.00  0.0    0 15.3 29  10   M    M   0        40  10
 8  41  18  30 -17  35   0 0.00  0.0    0  7.4 16 190   M    M   0        21 200
 9  38  32  35 -12  30   0    T    T    0  7.5 17 350   M    M   9 4      20 350
10  40  33  37 -10  28   0 0.12  0.0    0  5.5 12  10   M    M  10 1      16  30
11  44  33  39  -8  26   0 0.93  0.0    0  4.5 13 110   M    M  10 1      15 110
12  46  37  42  -5  23   0 0.00  0.0    0 11.1 20 360   M    M  10 18     24 360
13  43  34  39  -8  26   0 0.00  0.0    0  9.9 16 360   M    M  10 18     22 350
14  43  38  41  -6  24   0    T    M    0  6.4 12 340   M    M  10        14 340
15  55  33  44  -4  21   0 0.00  0.0    0  6.1 14 350   M    M   3 18     18 310
16  63  33  48   0  17   0 0.00  0.0    0  7.3 16 210   M    M   0 18     19 220
17  70  43  57   9   8   0 0.00  0.0    0 11.6 24 200   M    M   0        28 200
18  68  36  52   4  13   0 0.00  0.0    0  7.3 14 180   M    M   0        18 180
19  71  40  56   8   9   0 0.00  0.0    0  9.0 20 220   M    M   0        24 220
20  60  44  52   4  13   0 0.00  0.0    0  6.2 10  10   M    M   5 128    13 360
21  60  44  52   4  13   0 0.05  0.0    0  9.2 16  70   M    M   7        22  90
22  50  41  46  -2  19   0 1.28  0.0    0 15.6 25  50   M    M   9 1      35  60
23  52  36  44  -4  21   0    T  0.0    0  9.9 20 320   M    M   6        26 320
24  60  31  46  -2  19   0 0.00  0.0    0  6.9 12 270   M    M   0        15 310
25  68  40  54   6  11   0 0.00  0.0    0 12.7 26 320   M    M   0        33 320
26  68  36  52   4  13   0 0.00  0.0    0  7.0 14 220   M    M   0        23 220
27  80  43  62  14   3   0 0.00  0.0    0  5.3 13 350   M    M   0        15 350
28  82  47  65  17   0   0 0.00  0.0    0 10.6 22 210   M    M   0        28 210
29  73  50  62  14   3   0 0.00  0.0    0 10.9 20  10   M    M   0        26  20
================================================================================
SM 1627 1045       541   0  3.17    T    246.3          M      112
================================================================================
AV 56.1 36.0                               8.5 FASTST   M    M   4    MAX(MPH)
                                 MISC ---->  # 29  10               # 40   10
================================================================================
NOTES:
# LAST OF SEVERAL OCCURRENCES

COLUMN 17 PEAK WIND IN M.P.H.

PRELIMINARY LOCAL CLIMATOLOGICAL DATA (WS FORM: F-6) , PAGE 2

                                          STATION:  CORSICANA
                                          MONTH:    JANUARY
                                          YEAR:     2015
                                          LATITUDE:   32  1 N
                                          LONGITUDE:  96 24 W

[TEMPERATURE DATA]      [PRECIPITATION DATA]       SYMBOLS USED IN COLUMN 16

AVERAGE MONTHLY: 46.1   TOTAL FOR MONTH:   3.17    1 = FOG OR MIST
DPTR FM NORMAL:  -1.4   DPTR FM NORMAL:    0.60    2 = FOG REDUCING VISIBILITY
HIGHEST:    82 ON 28    GRTST 24HR  1.31 ON 21-22      TO 1/4 MILE OR LESS
LOWEST:     18 ON  8                               3 = THUNDER
                        SNOW, ICE PELLETS, HAIL    4 = ICE PELLETS
                        TOTAL MONTH:    T          5 = HAIL
                        GRTST 24HR    T  ON  9- 9  6 = FREEZING RAIN OR DRIZZLE
                        GRTST DEPTH:   0           7 = DUSTSTORM OR SANDSTORM:
                                                       VSBY 1/2 MILE OR LESS
                                                   8 = SMOKE OR HAZE
[NO. OF DAYS WITH]      [WEATHER - DAYS WITH]      9 = BLOWING SNOW
                                                   X = TORNADO
MAX 32 OR BELOW:   0    0.01 INCH OR MORE:   7
MAX 90 OR ABOVE:   0    0.10 INCH OR MORE:   6
MIN 32 OR BELOW:   7    0.50 INCH OR MORE:   2
MIN  0 OR BELOW:   0    1.00 INCH OR MORE:   1

[HDD (BASE 65) ]
TOTAL THIS MO.   541    CLEAR  (SCALE 0-3)  16
DPTR FM NORMAL    32    PTCLDY (SCALE 4-7)   4
TOTAL FM JUL 1  1304    CLOUDY (SCALE 8-10)  9
DPTR FM NORMAL   -44

[CDD (BASE 65) ]
TOTAL THIS MO.     0
DPTR FM NORMAL     0    [PRESSURE DATA]
TOTAL FM JAN 1     0    HIGHEST SLP M ON M
DPTR FM NORMAL     0    LOWEST  SLP 29.84 ON  3

[REMARKS]




U.S. Dept. of Commerce
NOAA National Weather Service
1325 East West Highway
Silver Spring, MD 20910
E-mail: w-nws.webmaster@noaa.gov
Page last modified: May 16, 2007
NATIONAL WEATHER SERVICE: for Safety, for Work, for Fun - FOR LIFE