317
CXUS56 KSGX 261445
CF6CRQ
PRELIMINARY LOCAL CLIMATOLOGICAL DATA (WS FORM: F-6)

                                          STATION:   CARLSBAD PALOMAR AIRPORT CA
                                          MONTH:     NOVEMBER
                                          YEAR:      2014
                                          LATITUDE:   33  7 N
                                          LONGITUDE: 117 17 W

  TEMPERATURE IN F:       :PCPN:    SNOW:  WIND      :SUNSHINE: SKY     :PK WND
================================================================================
1   2   3   4   5  6A  6B    7    8   9   10  11  12  13   14  15   16   17  18
                                     12Z  AVG MX 2MIN
DY MAX MIN AVG DEP HDD CDD  WTR  SNW DPTH SPD SPD DIR MIN PSBL S-S WX    SPD DR
================================================================================

 1  67  56  62  -1   3   0 0.30  0.0    0  7.6 20 220   M    M   5 1      29 220
 2  67  53  60  -3   5   0    T  0.0    0  3.7 12 260   M    M   2        16 250
 3  71  51  61  -1   4   0 0.00  0.0    0  3.9 12 260   M    M   0        17 300
 4  76  51  64   2   1   0 0.00  0.0    0  4.1 13 260   M    M   0        16 260
 5  83  53  68   6   0   3 0.00  0.0    0  3.0  9 320   M    M   0        14 270
 6  85  58  72  10   0   7 0.00  0.0    0  3.4 13 250   M    M   0        15 250
 7  86  60  73  11   0   8 0.00  0.0    0  2.6 12 240   M    M   0        14 250
 8  80  59  70   9   0   5 0.00  0.0    0  2.3  9 260   M    M   1 128    13 270
 9  69  53  61   0   4   0 0.00  0.0    0  2.7  9 250   M    M   5 128    16 260
10  67  61  64   3   1   0 0.00  0.0    0  5.2 12 250   M    M   7 8      19 240
11  68  63  66   5   0   1 0.00  0.0    0  4.0 13 260   M    M   9        17 240
12  68  60  64   4   1   0 0.00  0.0    0  3.0 13 250   M    M   6        15 240
13  68  61  65   5   0   0 0.00  0.0    0  2.5 13 250   M    M   6        16 260
14  68  58  63   3   2   0 0.00  0.0    0  4.4 12 240   M    M   5        16 260
15  68  56  62   2   3   0 0.00  0.0    0  5.6 13 240   M    M   4        16 230
16  78  56  67   7   0   2 0.00  0.0    0  4.6 13 240   M    M   1        17 230
17  71  51  61   2   4   0 0.00  0.0    0  3.5 12 250   M    M   0        15 260
18  73  49  61   2   4   0 0.00  0.0    0  2.6 12 240   M    M   0        14 250
19  68  50  59   0   6   0 0.00  0.0    0  3.0 10 250   M    M   1        15 280
20  68  51  60   1   5   0 0.00  0.0    0  3.1 13 260   M    M   2        16 250
21  66  56  61   3   4   0 0.36  0.0    0  2.6 12 240   M    M   3 1      17 260
22  68  52  60   2   5   0 0.00  0.0    0  4.0  9 220   M    M   1        13 240
23  74  53  64   6   1   0 0.00  0.0    0  3.3 13 240   M    M   1        15 240
24  75  50  63   5   2   0 0.00  0.0    0  3.5 10 250   M    M   0        15 260
25  76  52  64   6   1   0 0.00  0.0    0  3.1  9 300   M    M   0        13 280
================================================================================
SM 1808 1373        56  26  0.66     0.0  91.3          M       59
================================================================================
AV 72.3 54.9                               3.7 FASTST   M    M   2    MAX(MPH)
                                 MISC ---->  # 20 220               # 29  220
================================================================================
NOTES:
# LAST OF SEVERAL OCCURRENCES

COLUMN 17 PEAK WIND IN M.P.H.

PRELIMINARY LOCAL CLIMATOLOGICAL DATA (WS FORM: F-6) , PAGE 2

                                          STATION:  CARLSBAD PALOMAR AIRPORT CA
                                          MONTH:    NOVEMBER
                                          YEAR:     2014
                                          LATITUDE:   33  7 N
                                          LONGITUDE: 117 17 W

[TEMPERATURE DATA]      [PRECIPITATION DATA]       SYMBOLS USED IN COLUMN 16

AVERAGE MONTHLY: 63.6   TOTAL FOR MONTH:   0.66    1 = FOG OR MIST
DPTR FM NORMAL:   3.4   DPTR FM NORMAL:   -0.32    2 = FOG REDUCING VISIBILITY
HIGHEST:    86 ON  7    GRTST 24HR  0.36 ON 21-21      TO 1/4 MILE OR LESS
LOWEST:     49 ON 18                               3 = THUNDER
                        SNOW, ICE PELLETS, HAIL    4 = ICE PELLETS
                        TOTAL MONTH:   0.0 INCH    5 = HAIL
                        GRTST 24HR     0.0         6 = FREEZING RAIN OR DRIZZLE
                        GRTST DEPTH:   0           7 = DUSTSTORM OR SANDSTORM:
                                                       VSBY 1/2 MILE OR LESS
                                                   8 = SMOKE OR HAZE
[NO. OF DAYS WITH]      [WEATHER - DAYS WITH]      9 = BLOWING SNOW
                                                   X = TORNADO
MAX 32 OR BELOW:   0    0.01 INCH OR MORE:   2
MAX 90 OR ABOVE:   0    0.10 INCH OR MORE:   2
MIN 32 OR BELOW:   0    0.50 INCH OR MORE:   0
MIN  0 OR BELOW:   0    1.00 INCH OR MORE:   0

[HDD (BASE 65) ]
TOTAL THIS MO.    56    CLEAR  (SCALE 0-3)  16
DPTR FM NORMAL   -77    PTCLDY (SCALE 4-7)   8
TOTAL FM JUL 1    57    CLOUDY (SCALE 8-10)  1
DPTR FM NORMAL  -129

[CDD (BASE 65) ]
TOTAL THIS MO.    26
DPTR FM NORMAL    12    [PRESSURE DATA]
TOTAL FM JAN 1  1094    HIGHEST SLP M ON M
DPTR FM NORMAL   610    LOWEST  SLP 29.76 ON 10

[REMARKS]




U.S. Dept. of Commerce
NOAA National Weather Service
1325 East West Highway
Silver Spring, MD 20910
E-mail: w-nws.webmaster@noaa.gov
Page last modified: May 16, 2007
NATIONAL WEATHER SERVICE: for Safety, for Work, for Fun - FOR LIFE