144
CXUS56 KSGX 261445
CF6CRQ
PRELIMINARY LOCAL CLIMATOLOGICAL DATA (WS FORM: F-6)

                                          STATION:   CARLSBAD PALOMAR AIRPORT CA
                                          MONTH:     JANUARY
                                          YEAR:      2015
                                          LATITUDE:   33  7 N
                                          LONGITUDE: 117 17 W

  TEMPERATURE IN F:       :PCPN:    SNOW:  WIND      :SUNSHINE: SKY     :PK WND
================================================================================
1   2   3   4   5  6A  6B    7    8   9   10  11  12  13   14  15   16   17  18
                                     12Z  AVG MX 2MIN
DY MAX MIN AVG DEP HDD CDD  WTR  SNW DPTH SPD SPD DIR MIN PSBL S-S WX    SPD DR
================================================================================

 1  57  38  48  -7  17   0 0.00  0.0    0  3.7  9 260   M    M   0        14 260
 2  57  38  48  -7  17   0 0.00  0.0    0  3.6 13 260   M    M   0        15 260
 3  60  42  51  -4  14   0 0.00  0.0    0  3.3 10 260   M    M   0 18     14 260
 4  63  42  53  -2  12   0 0.00  0.0    0  2.3  9 250   M    M   0 18     12 260
 5  77  47  62   7   3   0 0.00  0.0    0  2.6  9 250   M    M   0        10  20
 6  83  50  67  12   0   2 0.00  0.0    0  2.6 12 260   M    M   0        15 260
 7  74  50  62   7   3   0 0.00  0.0    0  2.1  9 260   M    M   0        10 260
 8  69  54  62   7   3   0 0.00  0.0    0  2.4  9 230   M    M   1        12 230
 9  66  54  60   5   5   0 0.00  0.0    0  2.5 12 230   M    M   2 12     14 230
10  69  51  60   5   5   0    T  0.0    0  2.0 13 240   M    M   5 128    15 260
11  60  56  58   3   7   0 0.43  0.0    0  1.2  7  70   M    M   8 1      10  60
12  65  52  59   4   6   0 0.00  0.0    0  2.1 10 250   M    M   5 128    13 280
13  64  52  58   3   7   0 0.00  0.0    0  2.3 12 260   M    M   2 18     15 330
14  71  47  59   4   6   0 0.00  0.0    0  3.1  9 260   M    M   0        12 260
15  74  48  61   6   4   0 0.00  0.0    0  3.5 12 270   M    M   0        15 270
16  70  47  59   3   6   0 0.00  0.0    0  2.7  9  50   M    M   0        11  50
17  71  50  61   5   4   0 0.00  0.0    0  3.1  9 250   M    M   0        12 260
18  72  51  62   6   3   0 0.00  0.0    0  2.1 12 250   M    M   0        14 250
19  65  48  57   1   8   0 0.00  0.0    0  2.1  9 240   M    M   2 12     12 250
20  58  51  55  -1  10   0 0.00  0.0    0  2.2  7 250   M    M  10 128     M  M
21  64  53  59   3   6   0 0.00  0.0    0  3.3 10 250   M    M   5 18     13 260
22  75  45  60   4   5   0 0.00  0.0    0  2.7 12 260   M    M   0        14 270
23  74  47  61   5   4   0 0.00  0.0    0  2.9  9 290   M    M   0        14 290
24  82  50  66  10   0   1 0.00  0.0    0  4.0 14 110   M    M   0        18 120
25  82  52  67  11   0   2 0.00  0.0    0  1.8 13 260   M    M   0        16 250
================================================================================
SM 1722 1215       155   5  0.43     0.0  66.2          M       40
================================================================================
AV 68.9 48.6                               2.6 FASTST   M    M   2    MAX(MPH)
                                 MISC ---->  # 14 110               # 18  120
================================================================================
NOTES:
# LAST OF SEVERAL OCCURRENCES

COLUMN 17 PEAK WIND IN M.P.H.

PRELIMINARY LOCAL CLIMATOLOGICAL DATA (WS FORM: F-6) , PAGE 2

                                          STATION:  CARLSBAD PALOMAR AIRPORT CA
                                          MONTH:    JANUARY
                                          YEAR:     2015
                                          LATITUDE:   33  7 N
                                          LONGITUDE: 117 17 W

[TEMPERATURE DATA]      [PRECIPITATION DATA]       SYMBOLS USED IN COLUMN 16

AVERAGE MONTHLY: 58.7   TOTAL FOR MONTH:   0.43    1 = FOG OR MIST
DPTR FM NORMAL:   3.3   DPTR FM NORMAL:   -1.76    2 = FOG REDUCING VISIBILITY
HIGHEST:    83 ON  6    GRTST 24HR  0.43 ON 11-11      TO 1/4 MILE OR LESS
LOWEST:     38 ON  2, 1                            3 = THUNDER
                        SNOW, ICE PELLETS, HAIL    4 = ICE PELLETS
                        TOTAL MONTH:   0.0 INCH    5 = HAIL
                        GRTST 24HR     0.0         6 = FREEZING RAIN OR DRIZZLE
                        GRTST DEPTH:   0           7 = DUSTSTORM OR SANDSTORM:
                                                       VSBY 1/2 MILE OR LESS
                                                   8 = SMOKE OR HAZE
[NO. OF DAYS WITH]      [WEATHER - DAYS WITH]      9 = BLOWING SNOW
                                                   X = TORNADO
MAX 32 OR BELOW:   0    0.01 INCH OR MORE:   1
MAX 90 OR ABOVE:   0    0.10 INCH OR MORE:   1
MIN 32 OR BELOW:   0    0.50 INCH OR MORE:   0
MIN  0 OR BELOW:   0    1.00 INCH OR MORE:   0

[HDD (BASE 65) ]
TOTAL THIS MO.   155    CLEAR  (SCALE 0-3)  20
DPTR FM NORMAL   -95    PTCLDY (SCALE 4-7)   3
TOTAL FM JUL 1   420    CLOUDY (SCALE 8-10)  2
DPTR FM NORMAL  -363

[CDD (BASE 65) ]
TOTAL THIS MO.     5
DPTR FM NORMAL     5    [PRESSURE DATA]
TOTAL FM JAN 1     5    HIGHEST SLP M ON M
DPTR FM NORMAL     5    LOWEST  SLP 29.87 ON 21

[REMARKS]




U.S. Dept. of Commerce
NOAA National Weather Service
1325 East West Highway
Silver Spring, MD 20910
E-mail: w-nws.webmaster@noaa.gov
Page last modified: May 16, 2007
NATIONAL WEATHER SERVICE: for Safety, for Work, for Fun - FOR LIFE