691
CXUS56 KSGX 301445
CF6CRQ
PRELIMINARY LOCAL CLIMATOLOGICAL DATA (WS FORM: F-6)

                                          STATION:   CARLSBAD PALOMAR AIRPORT CA
                                          MONTH:     JULY
                                          YEAR:      2014
                                          LATITUDE:   33  7 N
                                          LONGITUDE: 117 17 W

  TEMPERATURE IN F:       :PCPN:    SNOW:  WIND      :SUNSHINE: SKY     :PK WND
================================================================================
1   2   3   4   5  6A  6B    7    8   9   10  11  12  13   14  15   16   17  18
                                     12Z  AVG MX 2MIN
DY MAX MIN AVG DEP HDD CDD  WTR  SNW DPTH SPD SPD DIR MIN PSBL S-S WX    SPD DR
================================================================================

 1  72  64  68   1   0   3 0.00  0.0    0  3.7 13 250   M    M   8 8      18 240
 2  73  65  69   2   0   4 0.00  0.0    0  3.3 12 260   M    M   6 8      18 270
 3  74  64  69   2   0   4 0.00  0.0    0  3.8 12 240   M    M   4 1      17 260
 4  77  65  71   4   0   6 0.00  0.0    0  3.3 10 250   M    M   0        14 260
 5  79  68  74   7   0   9 0.00  0.0    0  3.4 12 260   M    M   0        16 260
 6  79  69  74   7   0   9 0.00  0.0    0  3.8 12 250   M    M   0 18     16 260
 7  79  67  73   5   0   8 0.00  0.0    0  3.9 13 230   M    M   4 18     15 250
 8  74  67  71   3   0   6 0.00  0.0    0  3.8 12 260   M    M   5        17 260
 9  74  67  71   3   0   6 0.00  0.0    0  3.7 12 240   M    M   5        16 250
10  76  67  72   4   0   7 0.00  0.0    0  4.4 12 250   M    M   6        17 230
11  75  68  72   4   0   7 0.00  0.0    0  4.0 13 260   M    M   6        20 250
12  73  68  71   3   0   6 0.00  0.0    0  3.9 13 250   M    M   4        18 250
13  74  67  71   3   0   6 0.00  0.0    0  5.4 13 220   M    M   4        18 240
14  74  67  71   3   0   6 0.00  0.0    0  4.3 15 220   M    M   8        20 210
15  70  67  69   1   0   4 0.00  0.0    0  3.5 10 250   M    M  10 8      13 250
16  74  67  71   3   0   6 0.00  0.0    0  3.9 14 250   M    M   6        21 260
17  75  67  71   3   0   6 0.00  0.0    0  4.6 16 250   M    M   4 8      21 240
18  75  65  70   2   0   5 0.00  0.0    0  3.5 14 250   M    M   3        21 260
19  72  65  69   0   0   4 0.00  0.0    0  3.2 13 260   M    M   5        18 260
20  75  67  71   2   0   6 0.00  0.0    0  3.6 14 260   M    M   7        21 260
21  75  65  70   1   0   5 0.00  0.0    0  4.1 14 260   M    M   2        20 260
22  75  65  70   1   0   5 0.00  0.0    0  4.7 12 280   M    M   1        16 280
23  78  64  71   2   0   6 0.00  0.0    0  3.1 12 250   M    M   0        17 240
24  80  65  73   4   0   8 0.00  0.0    0  4.1 10 250   M    M   1 12     15 260
25  77  69  73   4   0   8    T  0.0    0  3.4 10 230   M    M   5 1      13 250
26  76  67  72   3   0   7 0.00  0.0    0  3.7 13 250   M    M   4 18     16 250
27  81  69  75   6   0  10    T  0.0    0  3.5 13 260   M    M   4 138    15 290
28  84  70  77   8   0  12 0.00  0.0    0  4.1 13 250   M    M   1        18 250
29  82  68  75   6   0  10 0.00  0.0    0  2.8 12 260   M    M   0        16 240
================================================================================
SM 2202 1933         0 189    T      0.0 110.5          M      113
================================================================================
AV 75.9 66.7                               3.8 FASTST   M    M   4    MAX(MPH)
                                 MISC ---->  # 16 250               # 21  260
================================================================================
NOTES:
# LAST OF SEVERAL OCCURRENCES

COLUMN 17 PEAK WIND IN M.P.H.

PRELIMINARY LOCAL CLIMATOLOGICAL DATA (WS FORM: F-6) , PAGE 2

                                          STATION:  CARLSBAD PALOMAR AIRPORT CA
                                          MONTH:    JULY
                                          YEAR:     2014
                                          LATITUDE:   33  7 N
                                          LONGITUDE: 117 17 W

[TEMPERATURE DATA]      [PRECIPITATION DATA]       SYMBOLS USED IN COLUMN 16

AVERAGE MONTHLY: 71.3   TOTAL FOR MONTH:      T    1 = FOG OR MIST
DPTR FM NORMAL:   3.1   DPTR FM NORMAL:   -0.10    2 = FOG REDUCING VISIBILITY
HIGHEST:    84 ON 28    GRTST 24HR    T  ON 27-27      TO 1/4 MILE OR LESS
LOWEST:     64 ON 23, 3                            3 = THUNDER
                        SNOW, ICE PELLETS, HAIL    4 = ICE PELLETS
                        TOTAL MONTH:   0.0 INCH    5 = HAIL
                        GRTST 24HR     0.0         6 = FREEZING RAIN OR DRIZZLE
                        GRTST DEPTH:   0           7 = DUSTSTORM OR SANDSTORM:
                                                       VSBY 1/2 MILE OR LESS
                                                   8 = SMOKE OR HAZE
[NO. OF DAYS WITH]      [WEATHER - DAYS WITH]      9 = BLOWING SNOW
                                                   X = TORNADO
MAX 32 OR BELOW:   0    0.01 INCH OR MORE:   0
MAX 90 OR ABOVE:   0    0.10 INCH OR MORE:   0
MIN 32 OR BELOW:   0    0.50 INCH OR MORE:   0
MIN  0 OR BELOW:   0    1.00 INCH OR MORE:   0

[HDD (BASE 65) ]
TOTAL THIS MO.     0    CLEAR  (SCALE 0-3)   9
DPTR FM NORMAL     0    PTCLDY (SCALE 4-7)  19
TOTAL FM JUL 1     0    CLOUDY (SCALE 8-10)  1
DPTR FM NORMAL     0

[CDD (BASE 65) ]
TOTAL THIS MO.   189
DPTR FM NORMAL    94    [PRESSURE DATA]
TOTAL FM JAN 1   421    HIGHEST SLP M ON M
DPTR FM NORMAL   275    LOWEST  SLP 29.70 ON 24

[REMARKS]




U.S. Dept. of Commerce
NOAA National Weather Service
1325 East West Highway
Silver Spring, MD 20910
E-mail: w-nws.webmaster@noaa.gov
Page last modified: May 16, 2007
NATIONAL WEATHER SERVICE: for Safety, for Work, for Fun - FOR LIFE