495
CXUS56 KSGX 011445
CF6CRQ
PRELIMINARY LOCAL CLIMATOLOGICAL DATA (WS FORM: F-6)

                                          STATION:   CARLSBAD PALOMAR AIRPORT CA
                                          MONTH:     AUGUST
                                          YEAR:      2014
                                          LATITUDE:   33  7 N
                                          LONGITUDE: 117 17 W

  TEMPERATURE IN F:       :PCPN:    SNOW:  WIND      :SUNSHINE: SKY     :PK WND
================================================================================
1   2   3   4   5  6A  6B    7    8   9   10  11  12  13   14  15   16   17  18
                                     12Z  AVG MX 2MIN
DY MAX MIN AVG DEP HDD CDD  WTR  SNW DPTH SPD SPD DIR MIN PSBL S-S WX    SPD DR
================================================================================

 1  75  69  72   3   0   7 0.00  0.0    0  3.5 13 260   M    M   5        17 260
 2  78  68  73   4   0   8 0.03  0.0    0  2.5 12 160   M    M   6 13     15 320
 3  79  71  75   6   0  10 0.00  0.0    0  4.7 13 220   M    M   9 18     15 220
 4  79  67  73   3   0   8 0.00  0.0    0  3.6 12 260   M    M   2 1      16 250
 5  75  65  70   0   0   5 0.00  0.0    0  3.6 13 250   M    M   4 18     18 280
 6  74  66  70   0   0   5 0.00  0.0    0  4.3 13 250   M    M   5        17 240
 7  74  67  71   1   0   6 0.00  0.0    0  3.1 13 240   M    M   5        21 260
 8  75  67  71   1   0   6 0.00  0.0    0  3.2 13 240   M    M   7        18 250
 9  75  67  71   1   0   6 0.00  0.0    0  3.3 13 240   M    M   6        17 250
10  75  65  70   0   0   5 0.00  0.0    0  3.4 13 250   M    M   2 18     17 260
11  76  69  73   3   0   8 0.00  0.0    0  4.3 13 250   M    M   7        17 280
12  75  69  72   2   0   7 0.00  0.0    0  4.6 13 260   M    M   9        17 260
13  75  68  72   2   0   7 0.00  0.0    0  3.9 13 240   M    M   9        17 250
14  76  67  72   2   0   7 0.00  0.0    0  2.9 12 250   M    M   4 8      17 250
15  79  66  73   3   0   8 0.00  0.0    0  2.9 10 260   M    M   0        15 240
16  80  66  73   3   0   8 0.00  0.0    0  3.2 10 260   M    M   0        17 250
17  79  67  73   3   0   8 0.00  0.0    0  3.3 12 240   M    M   0        16 250
18  75  68  72   2   0   7 0.00  0.0    0  4.9 13 240   M    M   4        16 270
19  75  68  72   2   0   7 0.00  0.0    0  6.4 15 220   M    M   6        18 230
20  74  66  70   0   0   5 0.29  0.0    0  3.5 10 260   M    M   6 18     14 240
21  76  68  72   2   0   7 0.00  0.0    0  3.6 13 260   M    M   5        16 260
22  76  67  72   2   0   7 0.00  0.0    0  2.7 12 250   M    M   3        17 260
23  76  63  70   0   0   5 0.00  0.0    0  3.7 13 260   M    M   2 18     16 260
24  75  65  70   0   0   5 0.00  0.0    0  3.4 12 250   M    M   3        20 250
25  76  67  72   2   0   7 0.00  0.0    0  3.4 12 260   M    M   1        17 270
26  77  65  71   1   0   6 0.00  0.0    0  2.8 12 250   M    M   0        15 260
27  83  66  75   5   0  10 0.00  0.0    0  3.4 12 250   M    M   0        16 250
28  82  68  75   5   0  10 0.00  0.0    0  2.7 12 260   M    M   0        18 270
29  78  66  72   2   0   7 0.00  0.0    0  3.1 13 250   M    M   2        20 250
30  78  66  72   2   0   7 0.00  0.0    0  3.3 10 250   M    M   3 18     17 250
31  77  66  72   2   0   7 0.00  0.0    0  4.8 12 260   M    M   5 18     15 260
================================================================================
SM 2377 2073         0 216  0.32     0.0 112.0          M      120
================================================================================
AV 76.7 66.9                               3.6 FASTST   M    M   4    MAX(MPH)
                                 MISC ---->  # 15 220               # 21  260
================================================================================
NOTES:
# LAST OF SEVERAL OCCURRENCES

COLUMN 17 PEAK WIND IN M.P.H.

PRELIMINARY LOCAL CLIMATOLOGICAL DATA (WS FORM: F-6) , PAGE 2

                                          STATION:  CARLSBAD PALOMAR AIRPORT CA
                                          MONTH:    AUGUST
                                          YEAR:     2014
                                          LATITUDE:   33  7 N
                                          LONGITUDE: 117 17 W

[TEMPERATURE DATA]      [PRECIPITATION DATA]       SYMBOLS USED IN COLUMN 16

AVERAGE MONTHLY: 71.8   TOTAL FOR MONTH:   0.32    1 = FOG OR MIST
DPTR FM NORMAL:   1.9   DPTR FM NORMAL:    0.23    2 = FOG REDUCING VISIBILITY
HIGHEST:    83 ON 27    GRTST 24HR  0.29 ON 20-20      TO 1/4 MILE OR LESS
LOWEST:     63 ON 23                               3 = THUNDER
                        SNOW, ICE PELLETS, HAIL    4 = ICE PELLETS
                        TOTAL MONTH:   0.0 INCH    5 = HAIL
                        GRTST 24HR     0.0         6 = FREEZING RAIN OR DRIZZLE
                        GRTST DEPTH:   0           7 = DUSTSTORM OR SANDSTORM:
                                                       VSBY 1/2 MILE OR LESS
                                                   8 = SMOKE OR HAZE
[NO. OF DAYS WITH]      [WEATHER - DAYS WITH]      9 = BLOWING SNOW
                                                   X = TORNADO
MAX 32 OR BELOW:   0    0.01 INCH OR MORE:   2
MAX 90 OR ABOVE:   0    0.10 INCH OR MORE:   1
MIN 32 OR BELOW:   0    0.50 INCH OR MORE:   0
MIN  0 OR BELOW:   0    1.00 INCH OR MORE:   0

[HDD (BASE 65) ]
TOTAL THIS MO.     0    CLEAR  (SCALE 0-3)  13
DPTR FM NORMAL     0    PTCLDY (SCALE 4-7)  15
TOTAL FM JUL 1     0    CLOUDY (SCALE 8-10)  3
DPTR FM NORMAL    -3

[CDD (BASE 65) ]
TOTAL THIS MO.   216
DPTR FM NORMAL    65    [PRESSURE DATA]
TOTAL FM JAN 1   655    HIGHEST SLP 30.04 ON  6
DPTR FM NORMAL   349    LOWEST  SLP 29.74 ON 30

[REMARKS]
#FINAL-08-14#




U.S. Dept. of Commerce
NOAA National Weather Service
1325 East West Highway
Silver Spring, MD 20910
E-mail: w-nws.webmaster@noaa.gov
Page last modified: May 16, 2007
NATIONAL WEATHER SERVICE: for Safety, for Work, for Fun - FOR LIFE