672
CXUS54 KCRP 261300
CF6CRP
PRELIMINARY LOCAL CLIMATOLOGICAL DATA (WS FORM: F-6)

                                          STATION:   CORPUS CHRISTI
                                          MONTH:     NOVEMBER
                                          YEAR:      2014
                                          LATITUDE:   27 46 N
                                          LONGITUDE:  97 30 W

  TEMPERATURE IN F:       :PCPN:    SNOW:  WIND      :SUNSHINE: SKY     :PK WND
================================================================================
1   2   3   4   5  6A  6B    7    8   9   10  11  12  13   14  15   16   17  18
                                     12Z  AVG MX 2MIN
DY MAX MIN AVG DEP HDD CDD  WTR  SNW DPTH SPD SPD DIR MIN PSBL S-S WX    SPD DR
================================================================================

 1  75  55  65  -6   0   0 0.00  0.0    0 12.8 20  50   M    M   3        25  50
 2  77  62  70   0   0   5 0.00  0.0    0 12.0 22 120   M    M   6        26 120
 3  83  66  75   5   0  10 0.00  0.0    0 13.1 26 150   M    M   7        34 150
 4  84  71  78   8   0  13 0.00  0.0    0 11.7 24 160   M    M   8        32 160
 5  75  63  69   0   0   4 0.29  0.0    0 12.3 29  30   M    M  10 1      32  30
 6  66  60  63  -6   2   0 1.44  0.0    0 16.9 25  30   M    M  10 1      33  30
 7  65  58  62  -7   3   0 0.03  0.0    0  9.0 20  30   M    M  10        24  30
 8  74  54  64  -4   1   0 0.00  0.0    0  6.9 15  20   M    M   4        19  20
 9  73  51  62  -6   3   0 0.00  0.0    0  6.0 12 150   M    M   0        14 140
10  79  52  66  -2   0   1 0.00  0.0    0 12.7 29 180   M    M   6        32 190
11  81  53  67  -1   0   2    T  0.0    0 12.6 26  20   M    M   9        32 360
12  53  43  48 -19  17   0 0.25  0.0    0 16.5 24  10   M    M   9 1      29  10
13  48  36  42 -25  23   0 0.11  0.0    0 17.3 28 360   M    M   9 1      33 360
14  50  39  45 -22  20   0 0.00  0.0    0 11.1 17  30   M    M  10 8      22 360
15  56  45  51 -15  14   0 0.03  0.0    0  8.9 18  20   M    M  10 1      24  20
16  61  48  55 -11  10   0 0.01  0.0    0  9.9 36 360   M    M   9 12     43  10
17  54  37  46 -20  19   0    T  0.0    0 17.2 37 350   M    M   4        43 350
18  58  41  50 -15  15   0 0.00  0.0    0 12.3 18  40   M    M   7        23  30
19  72  44  58  -7   7   0 0.00  0.0    0  4.6 15 200   M    M   6        22 160
20  73  55  64  -1   1   0 0.04  0.0    0  7.1 18 170   M    M   9 1      24 160
21  79  65  72   8   0   7 0.01  0.0    0 11.8 29 160   M    M   8 1      36 160
22  76  63  70   6   0   5 0.63  0.0    0 15.3 31 320   M    M   8 13     39 260
23  81  58  70   6   0   5 0.00  0.0    0  8.7 16 220   M    M   3 12     19 210
24  69  50  60  -3   5   0 0.00  0.0    0 12.9 23  10   M    M   2        30  20
25  68  47  58  -5   7   0 0.00  0.0    0  7.5 14  30   M    M   4        17  30
================================================================================
SM 1730 1316       147  52  2.84     0.0 287.1          M      171
================================================================================
AV 69.2 52.6                              11.5 FASTST   M    M   7    MAX(MPH)
                                 MISC ---->  # 37 350               # 43   10
================================================================================
NOTES:
# LAST OF SEVERAL OCCURRENCES

COLUMN 17 PEAK WIND IN M.P.H.

PRELIMINARY LOCAL CLIMATOLOGICAL DATA (WS FORM: F-6) , PAGE 2

                                          STATION:  CORPUS CHRISTI
                                          MONTH:    NOVEMBER
                                          YEAR:     2014
                                          LATITUDE:   27 46 N
                                          LONGITUDE:  97 30 W

[TEMPERATURE DATA]      [PRECIPITATION DATA]       SYMBOLS USED IN COLUMN 16

AVERAGE MONTHLY: 60.9   TOTAL FOR MONTH:   2.84    1 = FOG OR MIST
DPTR FM NORMAL:  -6.0   DPTR FM NORMAL:    1.11    2 = FOG REDUCING VISIBILITY
HIGHEST:    84 ON  4    GRTST 24HR  2.69 ON 31- 1      TO 1/4 MILE OR LESS
LOWEST:     36 ON 13                               3 = THUNDER
                        SNOW, ICE PELLETS, HAIL    4 = ICE PELLETS
                        TOTAL MONTH:   0.0 INCH    5 = HAIL
                        GRTST 24HR     0.0         6 = FREEZING RAIN OR DRIZZLE
                        GRTST DEPTH:   0           7 = DUSTSTORM OR SANDSTORM:
                                                       VSBY 1/2 MILE OR LESS
                                                   8 = SMOKE OR HAZE
[NO. OF DAYS WITH]      [WEATHER - DAYS WITH]      9 = BLOWING SNOW
                                                   X = TORNADO
MAX 32 OR BELOW:   0    0.01 INCH OR MORE:  10
MAX 90 OR ABOVE:   0    0.10 INCH OR MORE:   5
MIN 32 OR BELOW:   0    0.50 INCH OR MORE:   2
MIN  0 OR BELOW:   0    1.00 INCH OR MORE:   1

[HDD (BASE 65) ]
TOTAL THIS MO.   147    CLEAR  (SCALE 0-3)   4
DPTR FM NORMAL    82    PTCLDY (SCALE 4-7)   9
TOTAL FM JUL 1   147    CLOUDY (SCALE 8-10) 12
DPTR FM NORMAL    72

[CDD (BASE 65) ]
TOTAL THIS MO.    52
DPTR FM NORMAL   -59    [PRESSURE DATA]
TOTAL FM JAN 1  3633    HIGHEST SLP M ON M
DPTR FM NORMAL   171    LOWEST  SLP 29.58 ON 23

[REMARKS]




U.S. Dept. of Commerce
NOAA National Weather Service
1325 East West Highway
Silver Spring, MD 20910
E-mail: w-nws.webmaster@noaa.gov
Page last modified: May 16, 2007
NATIONAL WEATHER SERVICE: for Safety, for Work, for Fun - FOR LIFE