340
CXUS54 KCRP 011300
CF6CRP
PRELIMINARY LOCAL CLIMATOLOGICAL DATA (WS FORM: F-6)

                                          STATION:   CORPUS CHRISTI
                                          MONTH:     SEPTEMBER
                                          YEAR:      2014
                                          LATITUDE:   27 46 N
                                          LONGITUDE:  97 30 W

  TEMPERATURE IN F:       :PCPN:    SNOW:  WIND      :SUNSHINE: SKY     :PK WND
================================================================================
1   2   3   4   5  6A  6B    7    8   9   10  11  12  13   14  15   16   17  18
                                     12Z  AVG MX 2MIN
DY MAX MIN AVG DEP HDD CDD  WTR  SNW DPTH SPD SPD DIR MIN PSBL S-S WX    SPD DR
================================================================================

 1  91  78  85   1   0  20 0.00  0.0    0 11.3 21 150   M    M   4 1      28 120
 2  91  78  85   1   0  20 0.12  0.0    0 13.1 26 150   M    M   5 8      36 140
 3  90  76  83   0   0  18 0.38  0.0    0  9.8 28 170   M    M   8 1      38 170
 4  90  78  84   1   0  19 0.03  0.0    0 10.3 25 150   M    M   9        31 160
 5  90  78  84   1   0  19 0.13  0.0    0  9.2 21 150   M    M   8 3      26 130
 6  90  76  83   0   0  18 0.15  0.0    0  6.9 22 170   M    M   4 3      26 160
 7  90  74  82  -1   0  17 0.00  0.0    0  4.5 14 110   M    M   7 3      17 110
 8  92  75  84   1   0  19 0.00  0.0    0  5.8 15 140   M    M   4        20 150
 9  93  75  84   2   0  19 0.00  0.0    0  9.6 21 140   M    M   3        25 140
10  94  75  85   3   0  20 0.00  0.0    0 11.5 23 140   M    M   2        27 140
11  94  76  85   3   0  20 0.00  0.0    0  9.6 21 130   M    M   3        26 130
12  92  75  84   2   0  19 0.23  0.0    0  8.3 28  40   M    M   5 13     34  40
13  78  68  73  -9   0   8 1.08  0.0    0 15.9 25  20   M    M   8 1      31  50
14  82  69  76  -5   0  11 0.00  0.0    0 12.6 18  20   M    M   9        22  30
15  90  71  81   0   0  16    T  0.0    0  8.5 15  10   M    M   8        20  20
16  90  79  85   4   0  20 0.53  0.0    0  8.9 17 160   M    M   7 13     22 160
17  92  76  84   3   0  19    T  0.0    0  8.9 16 150   M    M   7        20 140
18  92  75  84   3   0  19 0.00  0.0    0 10.2 20 150   M    M   6        25 150
19  92  77  85   5   0  20 0.01  0.0    0  7.8 21  80   M    M   7 3      25  80
20  90  76  83   3   0  18 0.01  0.0    0  9.0 18 100   M    M   7        23  80
21  88  74  81   1   0  16 1.58  0.0    0 12.9 21  70   M    M   5 13     26  90
22  90  74  82   2   0  17 0.00  0.0    0 10.0 20  90   M    M   5        24  90
23  89  75  82   2   0  17 0.01  0.0    0 10.7 17 100   M    M   6        22  80
24  86  71  79   0   0  14 0.00  0.0    0 11.1 18  90   M    M   7        23  90
25  89  72  81   2   0  16 0.04  0.0    0 11.1 23 100   M    M   7 13     29 110
26  80  73  77  -2   0  12 0.51  0.0    0 11.9 25 100   M    M   6 1      30 110
27  83  67  75  -4   0  10 1.12  0.0    0 11.2 23 360   M    M  10 13     28 360
28  83  70  77  -1   0  12 0.05  0.0    0 10.6 18  20   M    M   8 1      23  20
29  87  73  80   2   0  15 0.00  0.0    0  8.4 15  60   M    M   7        20  70
30  87  74  81   3   0  16 0.03  0.0    0  6.0 13 100   M    M   5 1      17 100
================================================================================
SM 2665 2228         0 504  6.01     0.0 295.6          M      187
================================================================================
AV 88.8 74.3                               9.9 FASTST   M    M   6    MAX(MPH)
                                 MISC ---->  # 28 170               # 38  170
================================================================================
NOTES:
# LAST OF SEVERAL OCCURRENCES

COLUMN 17 PEAK WIND IN M.P.H.

PRELIMINARY LOCAL CLIMATOLOGICAL DATA (WS FORM: F-6) , PAGE 2

                                          STATION:  CORPUS CHRISTI
                                          MONTH:    SEPTEMBER
                                          YEAR:     2014
                                          LATITUDE:   27 46 N
                                          LONGITUDE:  97 30 W

[TEMPERATURE DATA]      [PRECIPITATION DATA]       SYMBOLS USED IN COLUMN 16

AVERAGE MONTHLY: 81.6   TOTAL FOR MONTH:   6.01    1 = FOG OR MIST
DPTR FM NORMAL:   0.6   DPTR FM NORMAL:    1.03    2 = FOG REDUCING VISIBILITY
HIGHEST:    94 ON 11,10 GRTST 24HR  1.59 ON 20-21      TO 1/4 MILE OR LESS
LOWEST:     67 ON 27                               3 = THUNDER
                        SNOW, ICE PELLETS, HAIL    4 = ICE PELLETS
                        TOTAL MONTH:   0.0 INCH    5 = HAIL
                        GRTST 24HR     0.0         6 = FREEZING RAIN OR DRIZZLE
                        GRTST DEPTH:   0           7 = DUSTSTORM OR SANDSTORM:
                                                       VSBY 1/2 MILE OR LESS
                                                   8 = SMOKE OR HAZE
[NO. OF DAYS WITH]      [WEATHER - DAYS WITH]      9 = BLOWING SNOW
                                                   X = TORNADO
MAX 32 OR BELOW:   0    0.01 INCH OR MORE:  17
MAX 90 OR ABOVE:  19    0.10 INCH OR MORE:  10
MIN 32 OR BELOW:   0    0.50 INCH OR MORE:   5
MIN  0 OR BELOW:   0    1.00 INCH OR MORE:   3

[HDD (BASE 65) ]
TOTAL THIS MO.     0    CLEAR  (SCALE 0-3)   3
DPTR FM NORMAL     0    PTCLDY (SCALE 4-7)  23
TOTAL FM JUL 1     0    CLOUDY (SCALE 8-10)  4
DPTR FM NORMAL     0

[CDD (BASE 65) ]
TOTAL THIS MO.   504
DPTR FM NORMAL    22    [PRESSURE DATA]
TOTAL FM JAN 1  3207    HIGHEST SLP 30.15 ON 14
DPTR FM NORMAL   164    LOWEST  SLP 29.75 ON 30

[REMARKS]
#FINAL-09-14#




U.S. Dept. of Commerce
NOAA National Weather Service
1325 East West Highway
Silver Spring, MD 20910
E-mail: w-nws.webmaster@noaa.gov
Page last modified: May 16, 2007
NATIONAL WEATHER SERVICE: for Safety, for Work, for Fun - FOR LIFE