377
CXUS52 KJAX 290800
CF6CRG
PRELIMINARY LOCAL CLIMATOLOGICAL DATA (WS FORM: F-6)

                                          STATION:   CRAIG MUNI ARPT FL
                                          MONTH:     AUGUST
                                          YEAR:      2014
                                          LATITUDE:   30 19 N
                                          LONGITUDE:  81 31 W

  TEMPERATURE IN F:       :PCPN:    SNOW:  WIND      :SUNSHINE: SKY     :PK WND
================================================================================
1   2   3   4   5  6A  6B    7    8   9   10  11  12  13   14  15   16   17  18
                                     12Z  AVG MX 2MIN
DY MAX MIN AVG DEP HDD CDD  WTR  SNW DPTH SPD SPD DIR MIN PSBL S-S WX    SPD DR
================================================================================

 1  92  76  84   2   0  19 0.00  0.0    0  5.7 14 140   M    M   2 1      18 150
 2  92  75  84   2   0  19 0.01  0.0    0  4.0 14 100   M    M   3 38     16  80
 3  88  75  82   0   0  17 0.81  0.0    0  8.8 20  40   M    M   4 13     27  30
 4  85  77  81  -1   0  16 0.82  0.0    0  6.2 21 330   M    M   3 13     28  10
 5  90  76  83   1   0  18    T  0.0    0  6.9 13 330   M    M   4 1      17 320
 6  95  76  86   4   0  21    T  0.0    0  6.4 21 230   M    M   1 3      27 220
 7  93  76  85   3   0  20 0.00  0.0    0  4.9 15 220   M    M   1 3      19 230
 8  92  74  83   1   0  18 0.00  0.0    0  3.9 21 230   M    M   1 3      26 200
 9  94  75  85   3   0  20 0.00  0.0    0  6.0 29 220   M    M   1 3      34 220
10  93  76  85   3   0  20 0.75  0.0    0  5.4 26 310   M    M   2 38     30 320
11  90  77  84   2   0  19 0.15  0.0    0  6.0 17 250   M    M   3 38     22 280
12  88  78  83   1   0  18    T  0.0    0 10.8 20 240   M    M   3        27 240
13  87  77  82   0   0  17 0.74  0.0    0  6.1 22 250   M    M   4 138    27 240
14  91  74  83   1   0  18 1.00  0.0    0  4.7 17 100   M    M   3 123    19  90
15  89  74  82   0   0  17 0.23  0.0    0  3.7  9 200   M    M   2 138    12 220
16  93  74  84   2   0  19 0.00  0.0    0  7.1 15 150   M    M   2        19 110
17  93  76  85   3   0  20 0.66  0.0    0  4.9 15 270   M    M   2 13     40 250
18  93  74  84   3   0  19 0.09  0.0    0  7.0 26 250   M    M   2 3      33 260
19  95  77  86   5   0  21 0.00  0.0    0  8.3 20 330   M    M   1        25 260
20  95  79  87   6   0  22 0.00  0.0    0  7.6 16 300   M    M   1        21 300
21  98  77  88   7   0  23 0.00  0.0    0  4.9 10 220   M    M   0        14 220
22  98  77  88   7   0  23 0.00  0.0    0  4.3 12 110   M    M   0        14  90
23  98  79  89   8   0  24 0.00  0.0    0  6.1 12 220   M    M   1 3      14 230
24  90  78  84   3   0  19    T  0.0    0  9.9 23  60   M    M   4        31  60
25  85  75  80  -1   0  15 0.65  0.0    0 13.4 24  50   M    M   9 18     40  60
26  86  75  81   0   0  16 0.09  0.0    0  8.9 20  60   M    M   4 18     26  30
27  86  70  78  -3   0  13 0.00  0.0    0  6.7 16  70   M    M   1        20  30
28  88  69  79  -2   0  14 0.00  0.0    0  4.0 10  80   M    M   0        14 110
================================================================================
SM 2557 2116         0 525  6.00     0.0 182.6          M       64
================================================================================
AV 91.3 75.6                               6.5 FASTST   M    M   2    MAX(MPH)
                                 MISC ---->  # 29 220               # 40  250
================================================================================
NOTES:
# LAST OF SEVERAL OCCURRENCES

COLUMN 17 PEAK WIND IN M.P.H.

PRELIMINARY LOCAL CLIMATOLOGICAL DATA (WS FORM: F-6) , PAGE 2

                                          STATION:  CRAIG MUNI ARPT FL
                                          MONTH:    AUGUST
                                          YEAR:     2014
                                          LATITUDE:   30 19 N
                                          LONGITUDE:  81 31 W

[TEMPERATURE DATA]      [PRECIPITATION DATA]       SYMBOLS USED IN COLUMN 16

AVERAGE MONTHLY: 83.4   TOTAL FOR MONTH:   6.00    1 = FOG OR MIST
DPTR FM NORMAL:   1.8   DPTR FM NORMAL:   -0.20    2 = FOG REDUCING VISIBILITY
HIGHEST:    98 ON 23,22 GRTST 24HR  1.22 ON 14-15      TO 1/4 MILE OR LESS
LOWEST:     69 ON 28                               3 = THUNDER
                        SNOW, ICE PELLETS, HAIL    4 = ICE PELLETS
                        TOTAL MONTH:   0.0 INCH    5 = HAIL
                        GRTST 24HR     0.0         6 = FREEZING RAIN OR DRIZZLE
                        GRTST DEPTH:   0           7 = DUSTSTORM OR SANDSTORM:
                                                       VSBY 1/2 MILE OR LESS
                                                   8 = SMOKE OR HAZE
[NO. OF DAYS WITH]      [WEATHER - DAYS WITH]      9 = BLOWING SNOW
                                                   X = TORNADO
MAX 32 OR BELOW:   0    0.01 INCH OR MORE:  12
MAX 90 OR ABOVE:  19    0.10 INCH OR MORE:   9
MIN 32 OR BELOW:   0    0.50 INCH OR MORE:   7
MIN  0 OR BELOW:   0    1.00 INCH OR MORE:   1

[HDD (BASE 65) ]
TOTAL THIS MO.     0    CLEAR  (SCALE 0-3)  19
DPTR FM NORMAL     0    PTCLDY (SCALE 4-7)   8
TOTAL FM JUL 1     0    CLOUDY (SCALE 8-10)  1
DPTR FM NORMAL     0

[CDD (BASE 65) ]
TOTAL THIS MO.   525
DPTR FM NORMAL    61    [PRESSURE DATA]
TOTAL FM JAN 1  2176    HIGHEST SLP M ON M
DPTR FM NORMAL   301    LOWEST  SLP 29.81 ON 24

[REMARKS]




U.S. Dept. of Commerce
NOAA National Weather Service
1325 East West Highway
Silver Spring, MD 20910
E-mail: w-nws.webmaster@noaa.gov
Page last modified: May 16, 2007
NATIONAL WEATHER SERVICE: for Safety, for Work, for Fun - FOR LIFE