655
CXUS52 KJAX 240800
CF6CRG
PRELIMINARY LOCAL CLIMATOLOGICAL DATA (WS FORM: F-6)

                                          STATION:   CRAIG MUNI ARPT
                                          MONTH:     APRIL
                                          YEAR:      2014
                                          LATITUDE:   30 19 N
                                          LONGITUDE:  81 31 W

  TEMPERATURE IN F:       :PCPN:    SNOW:  WIND      :SUNSHINE: SKY     :PK WND
================================================================================
1   2   3   4   5  6A  6B    7    8   9   10  11  12  13   14  15   16   17  18
                                     12Z  AVG MX 2MIN
DY MAX MIN AVG DEP HDD CDD  WTR  SNW DPTH SPD SPD DIR MIN PSBL S-S WX    SPD DR
================================================================================

 1  81  49  65   0   0   0 0.00  0.0    0  4.9 14 140   M    M   0 1      19 130
 2  82  53  68   3   0   3 0.00  0.0    0  5.9 14 140   M    M   0        17 140
 3  87  57  72   7   0   7 0.00  0.0    0  7.1 17 150   M    M   0        21 140
 4  86  61  74   9   0   9 0.00  0.0    0  6.4 18 240   M    M   1 1      23 230
 5  83  64  74   9   0   9 0.84  0.0    0  4.5 18 300   M    M   5 13     23 290
 6  80  66  73   7   0   8    T  0.0    0  5.7 17  50   M    M   6        22  60
 7  85  68  77  11   0  12 0.05  0.0    0  6.9 21 190   M    M   1        28 210
 8  79  62  71   5   0   6 0.37  0.0    0  9.1 26 320   M    M   5 1      31 330
 9  76  56  66   0   0   1 0.00  0.0    0  8.3 18 310   M    M   1        24 320
10  77  52  65  -1   0   0 0.00  0.0    0  4.3 15 110   M    M   0        19  90
11  80  57  69   3   0   4 0.00  0.0    0  4.6 16 100   M    M   2        21 110
12  82  59  71   5   0   6 0.00  0.0    0  4.0 15 110   M    M   0 18     21 100
13  81  58  70   3   0   5 0.00  0.0    0  5.2 16 140   M    M   1 18     22 110
14  83  66  75   8   0  10 0.02  0.0    0  8.2 18 140   M    M   4        24 150
15  80  52  66  -1   0   1 0.29  0.0    0 10.4 23 320   M    M   7 13     32 300
16  64  48  56 -11   9   0 0.00  0.0    0 13.3 23  50   M    M   8        31  50
17  71  62  67   0   0   2 0.01  0.0    0 15.8 24  50   M    M  10 18     36  60
18  75  66  71   4   0   6 0.85  0.0    0  8.4 16 110   M    M   7 13     23 140
19  77  62  70   2   0   5 0.59  0.0    0  7.3 20 330   M    M  10 13     26 360
20  64  57  61  -7   4   0    T  0.0    0  8.8 15 340   M    M   9 8      20 340
21  74  59  67  -1   0   2 0.00  0.0    0  5.2 15  20   M    M   5        19 360
22  85  56  71   3   0   6 0.00  0.0    0  6.1 17 240   M    M   1        22 240
23  87  64  76   8   0  11 0.00  0.0    0  5.5 14 300   M    M   1        20 310
================================================================================
SM 1819 1354        13 113  3.02     0.0 165.9          M       84
================================================================================
AV 79.1 58.9                               7.2 FASTST   M    M   4    MAX(MPH)
                                 MISC ---->  # 26 320               # 36   60
================================================================================
NOTES:
# LAST OF SEVERAL OCCURRENCES

COLUMN 17 PEAK WIND IN M.P.H.

PRELIMINARY LOCAL CLIMATOLOGICAL DATA (WS FORM: F-6) , PAGE 2

                                          STATION:  CRAIG MUNI ARPT
                                          MONTH:    APRIL
                                          YEAR:     2014
                                          LATITUDE:   30 19 N
                                          LONGITUDE:  81 31 W

[TEMPERATURE DATA]      [PRECIPITATION DATA]       SYMBOLS USED IN COLUMN 16

AVERAGE MONTHLY: 69.0   TOTAL FOR MONTH:   3.02    1 = FOG OR MIST
DPTR FM NORMAL:   2.5   DPTR FM NORMAL:    0.91    2 = FOG REDUCING VISIBILITY
HIGHEST:    87 ON 23, 3 GRTST 24HR  0.85 ON 18-18      TO 1/4 MILE OR LESS
LOWEST:     48 ON 16                               3 = THUNDER
                        SNOW, ICE PELLETS, HAIL    4 = ICE PELLETS
                        TOTAL MONTH:   0.0 INCH    5 = HAIL
                        GRTST 24HR     0.0         6 = FREEZING RAIN OR DRIZZLE
                        GRTST DEPTH:   0           7 = DUSTSTORM OR SANDSTORM:
                                                       VSBY 1/2 MILE OR LESS
                                                   8 = SMOKE OR HAZE
[NO. OF DAYS WITH]      [WEATHER - DAYS WITH]      9 = BLOWING SNOW
                                                   X = TORNADO
MAX 32 OR BELOW:   0    0.01 INCH OR MORE:   8
MAX 90 OR ABOVE:   0    0.10 INCH OR MORE:   5
MIN 32 OR BELOW:   0    0.50 INCH OR MORE:   3
MIN  0 OR BELOW:   0    1.00 INCH OR MORE:   0

[HDD (BASE 65) ]
TOTAL THIS MO.    13    CLEAR  (SCALE 0-3)  12
DPTR FM NORMAL   -26    PTCLDY (SCALE 4-7)   8
TOTAL FM JUL 1  1043    CLOUDY (SCALE 8-10)  3
DPTR FM NORMAL  -157

[CDD (BASE 65) ]
TOTAL THIS MO.   113
DPTR FM NORMAL    37    [PRESSURE DATA]
TOTAL FM JAN 1   207    HIGHEST SLP M ON M
DPTR FM NORMAL    60    LOWEST  SLP 29.66 ON  8

[REMARKS]




U.S. Dept. of Commerce
NOAA National Weather Service
1325 East West Highway
Silver Spring, MD 20910
E-mail: w-nws.webmaster@noaa.gov
Page last modified: May 16, 2007
NATIONAL WEATHER SERVICE: for Safety, for Work, for Fun - FOR LIFE