859
CXUS52 KJAX 260800
CF6CRG
PRELIMINARY LOCAL CLIMATOLOGICAL DATA (WS FORM: F-6)

                                          STATION:   CRAIG MUNI ARPT FL
                                          MONTH:     JANUARY
                                          YEAR:      2015
                                          LATITUDE:   30 19 N
                                          LONGITUDE:  81 31 W

  TEMPERATURE IN F:       :PCPN:    SNOW:  WIND      :SUNSHINE: SKY     :PK WND
================================================================================
1   2   3   4   5  6A  6B    7    8   9   10  11  12  13   14  15   16   17  18
                                     12Z  AVG MX 2MIN
DY MAX MIN AVG DEP HDD CDD  WTR  SNW DPTH SPD SPD DIR MIN PSBL S-S WX    SPD DR
================================================================================

 1  62  51  57   3   8   0    T  0.0    0  7.8 14  40   M    M  10        18  40
 2  71  57  64  10   1   0 0.00  0.0    0  6.4 15  40   M    M  10 1      20  50
 3  82  61  72  18   0   7 0.00  0.0    0  6.7 16 220   M    M   5 18     20 200
 4  80  67  74  20   0   9 0.26  0.0    0 10.0 25 290   M    M   5 1      33 290
 5  67  49  58   4   7   0 0.00  0.0    0  8.2 20 330   M    M   1        24 330
 6  72  45  59   5   6   0 0.00  0.0    0  5.3 16 320   M    M   0        21 340
 7  65  43  54   0  11   0 0.00  0.0    0 10.1 28 340   M    M   0        36 320
 8  43  31  37 -17  28   0    T  0.0    0 12.9 26 350   M    M   7        33 340
 9  55  38  47  -7  18   0 0.00  0.0    0  8.7 16 320   M    M   7        19 310
10  56  41  49  -5  16   0 0.00  0.0    0 10.1 17  20   M    M   3        24  30
11  62  52  57   3   8   0 0.03  0.0    0  7.4 15  20   M    M   8 128    22  20
12  74  57  66  12   0   1 1.04  0.0    0  3.9 15 330   M    M  10 123    18 340
13  63  54  59   5   6   0    T  0.0    0  6.4 16  10   M    M  10 12     23  20
14  54  48  51  -3  14   0    T  0.0    0  9.1 17  20   M    M  10 1      24  20
15  51  44  48  -6  17   0 0.07  0.0    0  5.5 13 320   M    M  10 18     15 310
16  60  41  51  -3  14   0 0.01  0.0    0  6.8 17 340   M    M   4 1      21 330
17  64  38  51  -3  14   0 0.00  0.0    0  4.9 14  40   M    M   3 1      20  50
18  70  45  58   4   7   0 0.00  0.0    0  6.8 22 320   M    M   1 1      29 290
19  68  36  52  -2  13   0 0.00  0.0    0  2.6 10 250   M    M   0        12 210
20  70  39  55   1  10   0 0.00  0.0    0  2.3  8 160   M    M   1        10 160
21  74  50  62   8   3   0    T  0.0    0  3.2 13 340   M    M   3 1      15 350
22  71  47  59   5   6   0 0.00  0.0    0  3.4 12  70   M    M   2 1      14  80
23  69  58  64  10   1   0 1.09  0.0    0 11.1 28 160   M    M   9 1      34 150
24  70  48  59   5   6   0 0.05  0.0    0 14.8 26 300   M    M   6 8      36 300
25  63  39  51  -3  14   0 0.00  0.0    0  7.1 14 230   M    M   0        18 220
================================================================================
SM 1636 1179       228  17  2.55     0.0 181.5          M      125
================================================================================
AV 65.4 47.2                               7.3 FASTST   M    M   5    MAX(MPH)
                                 MISC ---->  # 28 340               # 36  320
================================================================================
NOTES:
# LAST OF SEVERAL OCCURRENCES

COLUMN 17 PEAK WIND IN M.P.H.

PRELIMINARY LOCAL CLIMATOLOGICAL DATA (WS FORM: F-6) , PAGE 2

                                          STATION:  CRAIG MUNI ARPT FL
                                          MONTH:    JANUARY
                                          YEAR:     2015
                                          LATITUDE:   30 19 N
                                          LONGITUDE:  81 31 W

[TEMPERATURE DATA]      [PRECIPITATION DATA]       SYMBOLS USED IN COLUMN 16

AVERAGE MONTHLY: 56.3   TOTAL FOR MONTH:   2.55    1 = FOG OR MIST
DPTR FM NORMAL:   2.3   DPTR FM NORMAL:    0.04    2 = FOG REDUCING VISIBILITY
HIGHEST:    82 ON  3    GRTST 24HR  1.14 ON 23-24      TO 1/4 MILE OR LESS
LOWEST:     31 ON  8                               3 = THUNDER
                        SNOW, ICE PELLETS, HAIL    4 = ICE PELLETS
                        TOTAL MONTH:   0.0 INCH    5 = HAIL
                        GRTST 24HR     0.0         6 = FREEZING RAIN OR DRIZZLE
                        GRTST DEPTH:   0           7 = DUSTSTORM OR SANDSTORM:
                                                       VSBY 1/2 MILE OR LESS
                                                   8 = SMOKE OR HAZE
[NO. OF DAYS WITH]      [WEATHER - DAYS WITH]      9 = BLOWING SNOW
                                                   X = TORNADO
MAX 32 OR BELOW:   0    0.01 INCH OR MORE:   7
MAX 90 OR ABOVE:   0    0.10 INCH OR MORE:   3
MIN 32 OR BELOW:   1    0.50 INCH OR MORE:   2
MIN  0 OR BELOW:   0    1.00 INCH OR MORE:   2

[HDD (BASE 65) ]
TOTAL THIS MO.   228    CLEAR  (SCALE 0-3)  10
DPTR FM NORMAL   -58    PTCLDY (SCALE 4-7)   8
TOTAL FM JUL 1   638    CLOUDY (SCALE 8-10)  7
DPTR FM NORMAL   -76

[CDD (BASE 65) ]
TOTAL THIS MO.    17
DPTR FM NORMAL    15    [PRESSURE DATA]
TOTAL FM JAN 1    17    HIGHEST SLP M ON M
DPTR FM NORMAL    15    LOWEST  SLP 29.68 ON 24

[REMARKS]




U.S. Dept. of Commerce
NOAA National Weather Service
1325 East West Highway
Silver Spring, MD 20910
E-mail: w-nws.webmaster@noaa.gov
Page last modified: May 16, 2007
NATIONAL WEATHER SERVICE: for Safety, for Work, for Fun - FOR LIFE