753
CXUS52 KJAX 010800
CF6CRG
PRELIMINARY LOCAL CLIMATOLOGICAL DATA (WS FORM: F-6)

                                          STATION:   CRAIG MUNI ARPT FL
                                          MONTH:     NOVEMBER
                                          YEAR:      2014
                                          LATITUDE:   30 19 N
                                          LONGITUDE:  81 31 W

  TEMPERATURE IN F:       :PCPN:    SNOW:  WIND      :SUNSHINE: SKY     :PK WND
================================================================================
1   2   3   4   5  6A  6B    7    8   9   10  11  12  13   14  15   16   17  18
                                     12Z  AVG MX 2MIN
DY MAX MIN AVG DEP HDD CDD  WTR  SNW DPTH SPD SPD DIR MIN PSBL S-S WX    SPD DR
================================================================================

 1  61  46  54 -13  11   0 0.00  0.0    0 16.5 23 300   M    M   1        36 300
 2  61  41  51 -15  14   0 0.00  0.0    0 10.6 18 330   M    M   0        21 340
 3  66  48  57  -9   8   0 0.00  0.0    0  8.3 12  70   M    M   0        17  70
 4  72  54  63  -3   2   0 0.00  0.0    0  7.6 15  20   M    M   1         M  M
 5  77  62  70   4   0   5    T  0.0    0  3.4 10  80   M    M   6 1      13  80
 6  83  60  72   6   0   7 0.00  0.0    0  4.4 14 280   M    M   1 12     20 310
 7  70  48  59  -6   6   0 0.00  0.0    0  7.6 20 350   M    M   1 8      24 310
 8  71  47  59  -6   6   0 0.01  0.0    0  5.1 12 330   M    M   1        16  10
 9  69  56  63  -2   2   0 0.04  0.0    0  6.2 17 330   M    M   4 1      20 330
10  66  58  62  -3   3   0 0.03  0.0    0  8.2 18 350   M    M   5        24 350
11  80  55  68   4   0   3 0.00  0.0    0 10.0 18 340   M    M   2        23 350
12  76  55  66   2   0   1 0.00  0.0    0  3.5 10 340   M    M   0        14 340
13  74  56  65   1   0   0 0.00  0.0    0  3.7 15 340   M    M   1        17 350
14  63  47  55  -9  10   0 0.00  0.0    0  9.8 17 320   M    M   4        22 330
15  62  46  54  -9  11   0 0.00  0.0    0  9.9 16  20   M    M   6        23  10
16  72  50  61  -2   4   0 0.00  0.0    0  4.6 12  80   M    M   2 1      14  60
17  81  54  68   5   0   3 0.69  0.0    0 11.4 38 280   M    M   5 138    53 280
18  54  38  46 -17  19   0    T  0.0    0 13.8 24 330   M    M   3        31 320
19  53  32  43 -19  22   0 0.00  0.0    0  6.6 15 350   M    M   0        20 350
20  64  29  47 -15  18   0 0.00  0.0    0  2.3 12 350   M    M   0        14 350
21  67  36  52 -10  13   0 0.00  0.0    0  5.0 15  70   M    M   0 1      20  30
22  73  50  62   0   3   0    T  0.0    0 10.1 22  90   M    M   8        28  90
23  80  67  74  13   0   9 1.10  0.0    0  7.0 17 200   M    M   8 13     26 210
24  84  67  76  15   0  11 0.00  0.0    0  8.8 23 230   M    M   3 1      29 230
25  74  62  68   7   0   3 1.62  0.0    0  6.9 16  40   M    M   9 13     26  40
26  63  45  54  -7  11   0 0.30  0.0    0  9.4 24 320   M    M   5 1      29 320
27  62  42  52  -8  13   0 0.00  0.0    0  9.1 22 310   M    M   0        27 320
28  53  37  45 -15  20   0 0.00  0.0    0  7.8 17 350   M    M   0        25 350
29  65  37  51  -9  14   0 0.00  0.0    0  2.5 10  40   M    M   0 1      20  70
30  73  45  59  -1   6   0 0.00  0.0    0  2.6 10  90   M    M   1 1      13 110
================================================================================
SM 2069 1470       216  42  3.79     0.0 222.7          M       77
================================================================================
AV 69.0 49.0                               7.4 FASTST   M    M   3    MAX(MPH)
                                 MISC ---->  # 38 280               # 53  280
================================================================================
NOTES:
# LAST OF SEVERAL OCCURRENCES

COLUMN 17 PEAK WIND IN M.P.H.

PRELIMINARY LOCAL CLIMATOLOGICAL DATA (WS FORM: F-6) , PAGE 2

                                          STATION:  CRAIG MUNI ARPT FL
                                          MONTH:    NOVEMBER
                                          YEAR:     2014
                                          LATITUDE:   30 19 N
                                          LONGITUDE:  81 31 W

[TEMPERATURE DATA]      [PRECIPITATION DATA]       SYMBOLS USED IN COLUMN 16

AVERAGE MONTHLY: 59.0   TOTAL FOR MONTH:   3.79    1 = FOG OR MIST
DPTR FM NORMAL:  -4.3   DPTR FM NORMAL:    1.26    2 = FOG REDUCING VISIBILITY
HIGHEST:    84 ON 24    GRTST 24HR  1.92 ON 25-26      TO 1/4 MILE OR LESS
LOWEST:     29 ON 20                               3 = THUNDER
                        SNOW, ICE PELLETS, HAIL    4 = ICE PELLETS
                        TOTAL MONTH:   0.0 INCH    5 = HAIL
                        GRTST 24HR     0.0         6 = FREEZING RAIN OR DRIZZLE
                        GRTST DEPTH:   0           7 = DUSTSTORM OR SANDSTORM:
                                                       VSBY 1/2 MILE OR LESS
                                                   8 = SMOKE OR HAZE
[NO. OF DAYS WITH]      [WEATHER - DAYS WITH]      9 = BLOWING SNOW
                                                   X = TORNADO
MAX 32 OR BELOW:   0    0.01 INCH OR MORE:   7
MAX 90 OR ABOVE:   0    0.10 INCH OR MORE:   4
MIN 32 OR BELOW:   2    0.50 INCH OR MORE:   3
MIN  0 OR BELOW:   0    1.00 INCH OR MORE:   2

[HDD (BASE 65) ]
TOTAL THIS MO.   216    CLEAR  (SCALE 0-3)  19
DPTR FM NORMAL   102    PTCLDY (SCALE 4-7)   9
TOTAL FM JUL 1   221    CLOUDY (SCALE 8-10)  2
DPTR FM NORMAL    86

[CDD (BASE 65) ]
TOTAL THIS MO.    42
DPTR FM NORMAL   -20    [PRESSURE DATA]
TOTAL FM JAN 1  2900    HIGHEST SLP 30.45 ON 19
DPTR FM NORMAL   300    LOWEST  SLP 29.82 ON 17

[REMARKS]
#FINAL-11-14#




U.S. Dept. of Commerce
NOAA National Weather Service
1325 East West Highway
Silver Spring, MD 20910
E-mail: w-nws.webmaster@noaa.gov
Page last modified: May 16, 2007
NATIONAL WEATHER SERVICE: for Safety, for Work, for Fun - FOR LIFE