451
CXUS52 KJAX 280800
CF6CRG
PRELIMINARY LOCAL CLIMATOLOGICAL DATA (WS FORM: F-6)

                                          STATION:   CRAIG MUNI ARPT FL
                                          MONTH:     JULY
                                          YEAR:      2014
                                          LATITUDE:   30 19 N
                                          LONGITUDE:  81 31 W

  TEMPERATURE IN F:       :PCPN:    SNOW:  WIND      :SUNSHINE: SKY     :PK WND
================================================================================
1   2   3   4   5  6A  6B    7    8   9   10  11  12  13   14  15   16   17  18
                                     12Z  AVG MX 2MIN
DY MAX MIN AVG DEP HDD CDD  WTR  SNW DPTH SPD SPD DIR MIN PSBL S-S WX    SPD DR
================================================================================

 1  89  73  81   0   0  16 0.00  0.0    0  6.1 14  80   M    M   2        20  60
 2  89  75  82   1   0  17    T  0.0    0  7.6 18  60   M    M   3        24  70
 3  97  75  86   5   0  21 0.04  0.0    0  9.1 29 230   M    M   2 3      36 230
 4  91  75  83   2   0  18 0.36  0.0    0  5.7 22 240   M    M   2 38     32 250
 5  89  74  82   1   0  17 0.03  0.0    0  5.1 14 110   M    M   3 138    18 100
 6  88  70  79  -2   0  14 0.00  0.0    0  5.3 15 160   M    M   1        18 160
 7  93  71  82   1   0  17 0.08  0.0    0  4.2 16 170   M    M   1 38     22 150
 8  90  73  82   1   0  17 0.00  0.0    0  6.6 12 160   M    M   1 8       M  M
 9  93  73  83   2   0  18 0.00  0.0    0  6.9 17 150   M    M   1        21 140
10  92  73  83   2   0  18 0.74  0.0    0  3.1 20 140   M    M   2 138    24 140
11  88  72  80  -1   0  15 1.02  0.0    0  4.0 20  10   M    M   4 13     22  20
12  83  74  79  -2   0  14 1.34  0.0    0  2.6 16  90   M    M   6 13     20  90
13  89  72  81  -1   0  16 0.11  0.0    0  4.7 13 100   M    M   2 13     16  90
14  92  73  83   1   0  18 0.01  0.0    0  5.7 22 190   M    M   2 38     29 200
15  92  73  83   1   0  18 0.23  0.0    0  7.4 22 230   M    M   1 13     27 230
16  87  73  80  -2   0  15 1.04  0.0    0  5.5 20 310   M    M   5 13     27 320
17  89  71  80  -2   0  15 0.00  0.0    0  4.5 12  80   M    M   2 1      15  80
18  86  73  80  -2   0  15 2.88  0.0    0  5.2 23 100   M    M   4 13     27  90
19  88  75  82   0   0  17 0.37  0.0    0  3.5 15 110   M    M   3 13     22 210
20  92  75  84   2   0  19 1.89  0.0    0  4.6 24 230   M    M   2 13     33 250
21  89  74  82   0   0  17 0.03  0.0    0  3.7 17 280   M    M   4 13     21 280
22  87  73  80  -2   0  15 0.00  0.0    0  4.4 15  90   M    M   2        19 120
23  90  75  83   1   0  18 0.01  0.0    0  4.6 21 360   M    M   2 3      30 360
24  94  75  85   3   0  20 0.00  0.0    0  7.0 15 260   M    M   1        22 240
25  94  77  86   4   0  21    T  0.0    0  7.1 18 140   M    M   2 3      23 140
26  93  75  84   2   0  19 0.43  0.0    0  5.9 26 240   M    M   1 13     33 230
27  96  79  88   6   0  23 0.00  0.0    0  8.1 16 250   M    M   1        19 240
================================================================================
SM 2440 1991         0 468 10.61     0.0 148.2          M       62
================================================================================
AV 90.4 73.7                               5.5 FASTST   M    M   2    MAX(MPH)
                                 MISC ---->  # 29 230               # 36  230
================================================================================
NOTES:
# LAST OF SEVERAL OCCURRENCES

COLUMN 17 PEAK WIND IN M.P.H.

PRELIMINARY LOCAL CLIMATOLOGICAL DATA (WS FORM: F-6) , PAGE 2

                                          STATION:  CRAIG MUNI ARPT FL
                                          MONTH:    JULY
                                          YEAR:     2014
                                          LATITUDE:   30 19 N
                                          LONGITUDE:  81 31 W

[TEMPERATURE DATA]      [PRECIPITATION DATA]       SYMBOLS USED IN COLUMN 16

AVERAGE MONTHLY: 82.1   TOTAL FOR MONTH:  10.61    1 = FOG OR MIST
DPTR FM NORMAL:   0.5   DPTR FM NORMAL:    5.17    2 = FOG REDUCING VISIBILITY
HIGHEST:    97 ON  3    GRTST 24HR  2.88 ON 18-18      TO 1/4 MILE OR LESS
LOWEST:     70 ON  6                               3 = THUNDER
                        SNOW, ICE PELLETS, HAIL    4 = ICE PELLETS
                        TOTAL MONTH:   0.0 INCH    5 = HAIL
                        GRTST 24HR     0.0         6 = FREEZING RAIN OR DRIZZLE
                        GRTST DEPTH:   0           7 = DUSTSTORM OR SANDSTORM:
                                                       VSBY 1/2 MILE OR LESS
                                                   8 = SMOKE OR HAZE
[NO. OF DAYS WITH]      [WEATHER - DAYS WITH]      9 = BLOWING SNOW
                                                   X = TORNADO
MAX 32 OR BELOW:   0    0.01 INCH OR MORE:  17
MAX 90 OR ABOVE:  14    0.10 INCH OR MORE:  11
MIN 32 OR BELOW:   0    0.50 INCH OR MORE:   6
MIN  0 OR BELOW:   0    1.00 INCH OR MORE:   5

[HDD (BASE 65) ]
TOTAL THIS MO.     0    CLEAR  (SCALE 0-3)  21
DPTR FM NORMAL     0    PTCLDY (SCALE 4-7)   6
TOTAL FM JUL 1     0    CLOUDY (SCALE 8-10)  0
DPTR FM NORMAL     0

[CDD (BASE 65) ]
TOTAL THIS MO.   468
DPTR FM NORMAL    22    [PRESSURE DATA]
TOTAL FM JAN 1  1571    HIGHEST SLP M ON M
DPTR FM NORMAL   227    LOWEST  SLP 29.85 ON 16

[REMARKS]




U.S. Dept. of Commerce
NOAA National Weather Service
1325 East West Highway
Silver Spring, MD 20910
E-mail: w-nws.webmaster@noaa.gov
Page last modified: May 16, 2007
NATIONAL WEATHER SERVICE: for Safety, for Work, for Fun - FOR LIFE