888
CXUS52 KILM 291000
CF6CRE
PRELIMINARY LOCAL CLIMATOLOGICAL DATA (WS FORM: F-6)

                                          STATION:   NORTH MYRTLE BEACH SC
                                          MONTH:     AUGUST
                                          YEAR:      2014
                                          LATITUDE:   33 49 N
                                          LONGITUDE:  78 43 W

  TEMPERATURE IN F:       :PCPN:    SNOW:  WIND      :SUNSHINE: SKY     :PK WND
================================================================================
1   2   3   4   5  6A  6B    7    8   9   10  11  12  13   14  15   16   17  18
                                     12Z  AVG MX 2MIN
DY MAX MIN AVG DEP HDD CDD  WTR  SNW DPTH SPD SPD DIR MIN PSBL S-S WX    SPD DR
================================================================================

 1  82  75  79  -1   0  14 1.12    M    M  8.2 21 200   M    M   7 1      28 200
 2  79  74  77  -3   0  12 1.62    M    M  4.5 13 160   M    M   9 13     18 160
 3  79  73  76  -4   0  11 0.80    M    M  6.2 12 110   M    M   8 13     14 110
 4  80  72  76  -4   0  11 0.04    M    M  4.4  9  50   M    M   7 18     12 110
 5  85  73  79  -1   0  14 0.06    M    M  5.7 10  10   M    M   7 18     15 350
 6  87  74  81   2   0  16 0.00    M    M  6.6 15 220   M    M   1        20 220
 7  88  71  80   1   0  15 0.00    M    M  4.6 13  40   M    M   1 138    17 350
 8  86  73  80   1   0  15 0.00    M    M  8.1 16 110   M    M   2 18     22 110
 9  83  74  79   0   0  14 0.20    M    M  6.0 15 210   M    M   6 13     19 100
10  84  74  79   0   0  14 0.23    M    M  6.8 15 100   M    M   7 13     20 110
11  86  73  80   1   0  15 0.00    M    M  8.9 17 110   M    M   2        23 110
12  87  73  80   1   0  15 0.01    M    M  6.5 21 210   M    M   2        26 220
13  89  73  81   2   0  16    T    M    M  5.3 12 260   M    M   3        18 240
14  83  67  75  -4   0  10 0.00    M    M  5.5 13 170   M    M   0        17  40
15  85  64  75  -4   0  10 0.00    M    M  4.9 12 200   M    M   0 1      16 170
16  85  69  77  -2   0  12 0.20    M    M  5.2 22 210   M    M   2 138    26 210
17  91  75  83   4   0  18 0.00    M    M  6.2 16 200   M    M   1 18     20 190
18  88  75  82   3   0  17 0.05    M    M 10.7 32 200   M    M   2 138    42 200
19  91  74  83   4   0  18 0.53    M    M  6.3 17 280   M    M   3 13     24 290
20  86  75  81   2   0  16 0.06    M    M  4.5 16  90   M    M   1 13     21  80
21  91  75  83   4   0  18 0.26    M    M  4.0 25 220   M    M   2 138    34 230
22  92  75  84   5   0  19 0.00    M    M  5.7 14 190   M    M   0 1      16 190
23  90  75  83   4   0  18 1.42    M    M  5.1 18 140   M    M   1 138    22  70
24  85  69  77  -1   0  12 0.00    M    M 12.9 21  50   0    0   0        25  40
25  83  64  74  -4   0   9 0.00    M    M 11.6 22  40   0    0   0        26  50
26  86  66  76  -2   0  11 0.00    M    M  8.7 16  40   0    0   0        22  10
27  88  66  77  -1   0  12 0.00    M    M   M  15  10   0    0   0         0  20
28  89  65  77  -1   0  12 0.00    M    M  6.8 16 200   M    M   0 1      20 190
================================================================================
SM 2408 2006         0 394  6.60    M    179.9            0     74
================================================================================
AV 86.0 71.6                               6.7 FASTST    0   0   3    MAX(MPH)
                                 MISC ---->  # 32 200               # 42  200
================================================================================
NOTES:
# LAST OF SEVERAL OCCURRENCES

COLUMN 17 PEAK WIND IN M.P.H.

PRELIMINARY LOCAL CLIMATOLOGICAL DATA (WS FORM: F-6) , PAGE 2

                                          STATION:  NORTH MYRTLE BEACH SC
                                          MONTH:    AUGUST
                                          YEAR:     2014
                                          LATITUDE:   33 49 N
                                          LONGITUDE:  78 43 W

[TEMPERATURE DATA]      [PRECIPITATION DATA]       SYMBOLS USED IN COLUMN 16

AVERAGE MONTHLY: 78.8   TOTAL FOR MONTH:   6.60    1 = FOG OR MIST
DPTR FM NORMAL:  -0.2   DPTR FM NORMAL:   -0.08    2 = FOG REDUCING VISIBILITY
HIGHEST:    92 ON 22    GRTST 24HR  2.48 ON  1- 2      TO 1/4 MILE OR LESS
LOWEST:     64 ON 25,15                            3 = THUNDER
                        SNOW, ICE PELLETS, HAIL    4 = ICE PELLETS
                        TOTAL MONTH:    M          5 = HAIL
                        GRTST 24HR    M  ON   M    6 = FREEZING RAIN OR DRIZZLE
                        GRTST DEPTH:  M  ON   M    7 = DUSTSTORM OR SANDSTORM:
                                                       VSBY 1/2 MILE OR LESS
                                                   8 = SMOKE OR HAZE
[NO. OF DAYS WITH]      [WEATHER - DAYS WITH]      9 = BLOWING SNOW
                                                   X = TORNADO
MAX 32 OR BELOW:   0    0.01 INCH OR MORE:  14
MAX 90 OR ABOVE:   5    0.10 INCH OR MORE:   9
MIN 32 OR BELOW:   0    0.50 INCH OR MORE:   5
MIN  0 OR BELOW:   0    1.00 INCH OR MORE:   3

[HDD (BASE 65) ]
TOTAL THIS MO.     0    CLEAR  (SCALE 0-3)  20
DPTR FM NORMAL     0    PTCLDY (SCALE 4-7)   7
TOTAL FM JUL 1     0    CLOUDY (SCALE 8-10)  1
DPTR FM NORMAL     0

[CDD (BASE 65) ]
TOTAL THIS MO.   394
DPTR FM NORMAL     1    [PRESSURE DATA]
TOTAL FM JAN 1  1542    HIGHEST SLP  0.00 ON M
DPTR FM NORMAL   104    LOWEST  SLP 29.79 ON 19

[REMARKS]




U.S. Dept. of Commerce
NOAA National Weather Service
1325 East West Highway
Silver Spring, MD 20910
E-mail: w-nws.webmaster@noaa.gov
Page last modified: May 16, 2007
NATIONAL WEATHER SERVICE: for Safety, for Work, for Fun - FOR LIFE