403
CXUS52 KILM 281000
CF6CRE
PRELIMINARY LOCAL CLIMATOLOGICAL DATA (WS FORM: F-6)

                                          STATION:   NORTH MYRTLE BEACH SC
                                          MONTH:     JULY
                                          YEAR:      2014
                                          LATITUDE:   33 49 N
                                          LONGITUDE:  78 43 W

  TEMPERATURE IN F:       :PCPN:    SNOW:  WIND      :SUNSHINE: SKY     :PK WND
================================================================================
1   2   3   4   5  6A  6B    7    8   9   10  11  12  13   14  15   16   17  18
                                     12Z  AVG MX 2MIN
DY MAX MIN AVG DEP HDD CDD  WTR  SNW DPTH SPD SPD DIR MIN PSBL S-S WX    SPD DR
================================================================================

 1  86  71  79  -1   0  14 0.00    M    M  7.9 16 190   M    M   1        20 190
 2  87  79  83   3   0  18 0.00    M    M  9.9 17 190   M    M   4        22 190
 3  82  71  77  -3   0  12 2.25    M    M 12.5 28  70   M    M   6 1      42  90
 4  87  74  81   1   0  16 0.00    M    M  5.8 12 220   M    M   1 1      15 150
 5  84  70  77  -3   0  12 0.00    M    M 11.7 21  50   M    M   4 1      28  40
 6  84  68  76  -4   0  11 0.00    M    M  7.9 15 100   M    M   1        20 100
 7  85  72  79  -1   0  14 0.00    M    M 10.0 22 210   M    M   1        26 200
 8  93  80  87   7   0  22 0.00    M    M 17.0 24 220   M    M   2        36 200
 9  89  80  85   5   0  20 0.00    M    M 14.9 24 210   M    M   0        31 210
10  87  72  80  -1   0  15 1.55    M    M 12.8 25 200   M    M   5 13     31 210
11  81  71  76  -5   0  11 0.22    M    M  3.0 15 260   M    M   4 13     22 260
12  84  73  79  -2   0  14 0.23    M    M  4.9 12 200   M    M   6 13     15 130
13  85  73  79  -2   0  14 0.00    M    M  7.7 15 200   M    M   2        19 160
14  89  75  82   1   0  17 0.00    M    M 11.5 23 210   M    M   1        29 200
15  88  72  80  -1   0  15 0.06    M    M 12.1 28 230   M    M   4 13     38 250
16  83  72  78  -3   0  13 1.19    M    M  4.0 15 210   M    M   6 1      18 210
17  87  70  79  -2   0  14 0.00    M    M  7.0 15  50   M    M   1 1      17  40
18  87  68  78  -3   0  13 0.00    M    M  7.9 16 100   M    M   1        24  90
19  84  67  76  -5   0  11 0.00    M    M  3.9 10  30   M    M   3        12  20
20  84  71  78  -2   0  13    T    M    M  5.0 12 170   M    M   4        16 160
21  86  74  80   0   0  15 0.37    M    M  6.1 15 180   M    M   5 13     18 220
22  87  73  80   0   0  15 0.03    M    M  6.5 15 210   M    M   6 123    19 200
23  88  73  81   1   0  16 0.01    M    M  7.4 18 220   M    M   2 3      22 200
24  94  74  84   4   0  19 0.08    M    M 11.4 25 210   M    M   1 13     32 210
25  83  73  78  -2   0  13 0.07    M    M  4.3 10 110   M    M   5 138    15  90
26  87  73  80   0   0  15 0.00    M    M  6.7 16 220   M    M   2 1      19 190
27  94  78  86   6   0  21 0.00    M    M 10.1 21 220   M    M   0 1      25 210
================================================================================
SM 2335 1967         0 403  6.06    M    229.9          M       78
================================================================================
AV 86.5 72.9                               8.5 FASTST   M    M   3    MAX(MPH)
                                 MISC ---->  # 28  70               # 42   90
================================================================================
NOTES:
# LAST OF SEVERAL OCCURRENCES

COLUMN 17 PEAK WIND IN M.P.H.

PRELIMINARY LOCAL CLIMATOLOGICAL DATA (WS FORM: F-6) , PAGE 2

                                          STATION:  NORTH MYRTLE BEACH SC
                                          MONTH:    JULY
                                          YEAR:     2014
                                          LATITUDE:   33 49 N
                                          LONGITUDE:  78 43 W

[TEMPERATURE DATA]      [PRECIPITATION DATA]       SYMBOLS USED IN COLUMN 16

AVERAGE MONTHLY: 79.7   TOTAL FOR MONTH:   6.06    1 = FOG OR MIST
DPTR FM NORMAL:  -0.7   DPTR FM NORMAL:    0.90    2 = FOG REDUCING VISIBILITY
HIGHEST:    94 ON 27,24 GRTST 24HR  2.25 ON  3- 3      TO 1/4 MILE OR LESS
LOWEST:     67 ON 19                               3 = THUNDER
                        SNOW, ICE PELLETS, HAIL    4 = ICE PELLETS
                        TOTAL MONTH:    M          5 = HAIL
                        GRTST 24HR    M  ON   M    6 = FREEZING RAIN OR DRIZZLE
                        GRTST DEPTH:  M  ON   M    7 = DUSTSTORM OR SANDSTORM:
                                                       VSBY 1/2 MILE OR LESS
                                                   8 = SMOKE OR HAZE
[NO. OF DAYS WITH]      [WEATHER - DAYS WITH]      9 = BLOWING SNOW
                                                   X = TORNADO
MAX 32 OR BELOW:   0    0.01 INCH OR MORE:  11
MAX 90 OR ABOVE:   3    0.10 INCH OR MORE:   6
MIN 32 OR BELOW:   0    0.50 INCH OR MORE:   3
MIN  0 OR BELOW:   0    1.00 INCH OR MORE:   3

[HDD (BASE 65) ]
TOTAL THIS MO.     0    CLEAR  (SCALE 0-3)  15
DPTR FM NORMAL     0    PTCLDY (SCALE 4-7)  12
TOTAL FM JUL 1     0    CLOUDY (SCALE 8-10)  0
DPTR FM NORMAL     0

[CDD (BASE 65) ]
TOTAL THIS MO.   403
DPTR FM NORMAL   -14    [PRESSURE DATA]
TOTAL FM JAN 1  1090    HIGHEST SLP M ON M
DPTR FM NORMAL   104    LOWEST  SLP 29.52 ON  3

[REMARKS]




U.S. Dept. of Commerce
NOAA National Weather Service
1325 East West Highway
Silver Spring, MD 20910
E-mail: w-nws.webmaster@noaa.gov
Page last modified: May 16, 2007
NATIONAL WEATHER SERVICE: for Safety, for Work, for Fun - FOR LIFE