638
CXUS52 KILM 011000
CF6CRE
PRELIMINARY LOCAL CLIMATOLOGICAL DATA (WS FORM: F-6)

                                          STATION:   NORTH MYRTLE BEACH SC
                                          MONTH:     NOVEMBER
                                          YEAR:      2014
                                          LATITUDE:   33 49 N
                                          LONGITUDE:  78 43 W

  TEMPERATURE IN F:       :PCPN:    SNOW:  WIND      :SUNSHINE: SKY     :PK WND
================================================================================
1   2   3   4   5  6A  6B    7    8   9   10  11  12  13   14  15   16   17  18
                                     12Z  AVG MX 2MIN
DY MAX MIN AVG DEP HDD CDD  WTR  SNW DPTH SPD SPD DIR MIN PSBL S-S WX    SPD DR
================================================================================

 1  54  42  48 -12  17   0 0.94    M    M  6.9 15 330   M    M   8 1      26 320
 2  55  40  48 -12  17   0 0.00    M    M  7.6 21 340   M    M   0        33 330
 3  62  32  47 -13  18   0 0.00    M    M  3.8 12  30   M    M   0        14  20
 4  68  38  53  -7  12   0 0.00    M    M  2.9 10 250   M    M   0 1      13 240
 5  74  53  64   5   1   0 0.00    M    M  3.0  9 190   M    M   1 12     11 190
 6  75  58  67   8   0   2 0.00    M    M 10.6 23 220   M    M   2 12     29 220
 7  65  40  53  -6  12   0 0.00    M    M  5.6 17 350   M    M   0        29 320
 8  64  40  52  -6  13   0 0.00    M    M  4.6 10  30   M    M   0        13  30
 9  62  45  54  -4  11   0    T    M    M  3.7 10  20   M    M   4        13  20
10  62  44  53  -5  12   0 0.00    M    M  8.1 17  30   M    M   2        22  30
11  75  59  67   9   0   2    T    M    M  8.8 18  20   M    M   6        25  20
12  76  53  65   7   0   0 0.00    M    M  2.4  9 190   M    M   3 12     12 320
13  70  51  61   4   4   0 0.02    M    M  3.8 13  20   M    M   6 1      17  30
14  52  32  42 -15  23   0    T    M    M  8.1 18  20   M    M   6        25  30
15  50  29  40 -17  25   0 0.00    M    M  6.6 14  50   M    M   0        19  40
16  59  36  48  -8  17   0 0.04    M    M  7.0 20  60   M    M   9 1      22  60
17  72  48  60   4   5   0    T    M    M 10.6 26 220   M    M   7 12     35 210
18  56  25  41 -15  24   0 0.00    M    M  7.7 17 280   M    M   1        24 310
19  45  22  34 -22  31   0 0.00    M    M  5.5 14 210   M    M   0        16 220
20  63  30  47  -8  18   0 0.00    M    M  8.4 18 260   M    M   0        26 250
21  61  38  50  -5  15   0 0.00    M    M  8.1 15  50   M    M   0        21  10
22  59  31  45 -10  20   0 0.00    M    M  6.7 12  60   M    M   0        15 110
23  71  47  59   5   6   0 2.22    M    M  9.0 26 240   M    M   8 13     43 210
24  68  62  65  11   0   0 0.10    M    M 12.1 21 210   M    M  10 12     27 210
25  67  62  65  11   0   0 0.37    M    M  5.2 16  70   M    M   9 1      25  70
26  69  41  55   1  10   0 0.17    M    M  7.1 18 230   M    M   8 12     27 360
27  56  38  47  -6  18   0 0.00    M    M  7.6 21 310   M    M   3 12     29 320
28  49  30  40 -13  25   0 0.00    M    M  4.6 16  10   M    M   0        22  20
29  54  28  41 -12  24   0 0.00    M    M  3.1 10 190   M    M   0 1      14 190
30  67  38  53   1  12   0 0.00    M    M  6.0 14 250   M    M   0 12     17 250
================================================================================
SM 1880 1232       390   4  3.86    M    195.2          M       93
================================================================================
AV 62.7 41.1                               6.5 FASTST   M    M   3    MAX(MPH)
                                 MISC ---->  # 26 220               # 43  210
================================================================================
NOTES:
# LAST OF SEVERAL OCCURRENCES

COLUMN 17 PEAK WIND IN M.P.H.

PRELIMINARY LOCAL CLIMATOLOGICAL DATA (WS FORM: F-6) , PAGE 2

                                          STATION:  NORTH MYRTLE BEACH SC
                                          MONTH:    NOVEMBER
                                          YEAR:     2014
                                          LATITUDE:   33 49 N
                                          LONGITUDE:  78 43 W

[TEMPERATURE DATA]      [PRECIPITATION DATA]       SYMBOLS USED IN COLUMN 16

AVERAGE MONTHLY: 51.9   TOTAL FOR MONTH:   3.86    1 = FOG OR MIST
DPTR FM NORMAL:  -4.6   DPTR FM NORMAL:    0.82    2 = FOG REDUCING VISIBILITY
HIGHEST:    76 ON 12    GRTST 24HR  2.22 ON 23-23      TO 1/4 MILE OR LESS
LOWEST:     22 ON 19                               3 = THUNDER
                        SNOW, ICE PELLETS, HAIL    4 = ICE PELLETS
                        TOTAL MONTH:    M          5 = HAIL
                        GRTST 24HR    M  ON   M    6 = FREEZING RAIN OR DRIZZLE
                        GRTST DEPTH:  M  ON   M    7 = DUSTSTORM OR SANDSTORM:
                                                       VSBY 1/2 MILE OR LESS
                                                   8 = SMOKE OR HAZE
[NO. OF DAYS WITH]      [WEATHER - DAYS WITH]      9 = BLOWING SNOW
                                                   X = TORNADO
MAX 32 OR BELOW:   0    0.01 INCH OR MORE:   7
MAX 90 OR ABOVE:   0    0.10 INCH OR MORE:   5
MIN 32 OR BELOW:   9    0.50 INCH OR MORE:   2
MIN  0 OR BELOW:   0    1.00 INCH OR MORE:   1

[HDD (BASE 65) ]
TOTAL THIS MO.   390    CLEAR  (SCALE 0-3)  19
DPTR FM NORMAL   119    PTCLDY (SCALE 4-7)   7
TOTAL FM JUL 1   450    CLOUDY (SCALE 8-10)  4
DPTR FM NORMAL    89

[CDD (BASE 65) ]
TOTAL THIS MO.     4
DPTR FM NORMAL   -12    [PRESSURE DATA]
TOTAL FM JAN 1  2029    HIGHEST SLP 30.55 ON 22
DPTR FM NORMAL   130    LOWEST  SLP 29.62 ON  1

[REMARKS]
#FINAL-11-14#
#FINAL-11-14#




U.S. Dept. of Commerce
NOAA National Weather Service
1325 East West Highway
Silver Spring, MD 20910
E-mail: w-nws.webmaster@noaa.gov
Page last modified: May 16, 2007
NATIONAL WEATHER SERVICE: for Safety, for Work, for Fun - FOR LIFE