332
CXUS55 KLOX 011655
CF6CQT
PRELIMINARY LOCAL CLIMATOLOGICAL DATA (WS FORM: F-6)

                                          STATION:   DOWNTOWN LOS ANGELES (USC) CA
                                          MONTH:     SEPTEMBER
                                          YEAR:      2014
                                          LATITUDE:   34  1 N
                                          LONGITUDE: 118 17 W

  TEMPERATURE IN F:       :PCPN:    SNOW:  WIND      :SUNSHINE: SKY     :PK WND
================================================================================
1   2   3   4   5  6A  6B    7    8   9   10  11  12  13   14  15   16   17  18
                                     12Z  AVG MX 2MIN
DY MAX MIN AVG DEP HDD CDD  WTR  SNW DPTH SPD SPD DIR MIN PSBL S-S WX    SPD DR
================================================================================

 1  85  70  78   4   0  13 0.00  0.0    0  1.8  7 280   M    M   3        11 280
 2  84  68  76   2   0  11 0.00  0.0    0  2.3  9 270   M    M   4 8      16 280
 3  83  67  75   1   0  10 0.00  0.0    0  2.3 10 280   M    M   5        16 270
 4  80  66  73  -1   0   8 0.00  0.0    0  2.1  9 260   M    M   5 8      15 270
 5  83  66  75   1   0  10 0.00  0.0    0  2.0  8 280   M    M   4        14 270
 6  86  65  76   2   0  11 0.00  0.0    0  2.0  9 270   M    M   0 18     15 280
 7  92  68  80   6   0  15 0.00  0.0    0  1.5  8 270   M    M   0        13 270
 8  88  71  80   6   0  15 0.01  0.0    0  1.2  7 280   M    M   5        10 280
 9  91  68  80   6   0  15 0.00  0.0    0  2.1 12 270   M    M   1        20 280
10  87  64  76   2   0  11 0.00  0.0    0  1.8  9 270   M    M   0        14 270
11  89  67  78   4   0  13 0.00  0.0    0  1.7  9 280   M    M   0        17 270
12  91  68  80   6   0  15 0.00  0.0    0  1.9 10 280   M    M   0        16 280
13  94  69  82   8   0  17 0.00  0.0    0  1.4 12 270   M    M   0        17 280
14  98  71  85  11   0  20 0.00  0.0    0  1.2  9 270   M    M   0        14 280
15  94  73  84  11   0  19 0.00  0.0    0  1.4  9 280   M    M   0        15 270
16 103  76  90  17   0  25 0.00  0.0    0  1.5  9 280   M    M   0        14 270
17  96  72  84  11   0  19 0.00  0.0    0  1.5  9 260   M    M   0 8      16 270
18  81  67  74   1   0   9 0.00  0.0    0  2.4 10 270   M    M   0        17 280
19  82  67  75   2   0  10 0.00  0.0    0  2.1  9 270   M    M   4        15 280
20  78  66  72  -1   0   7 0.00  0.0    0  1.6  8 270   M    M   4        13 280
21  79  65  72   0   0   7 0.00  0.0    0  1.4  9 280   M    M   3        14 280
22  80  63  72   0   0   7 0.00  0.0    0  1.9  9 260   M    M   0 1      14 270
23  84  63  74   2   0   9 0.00  0.0    0  1.2  8 270   M    M   0 8      12 270
24  88  62  75   3   0  10 0.00  0.0    M  1.5 10 280   M    M   0        16 270
25  85  67  76   4   0  11 0.00  0.0    0  1.0 10 280   M    M   0        15 270
26  83  65  74   2   0   9 0.00  0.0    0  1.5 10 270   M    M   0        17 280
27  77  63  70  -2   0   5 0.00  0.0    0  2.0 10 280   M    M   2 8      18 270
28  79  64  72   0   0   7 0.00  0.0    0  2.7  9 280   M    M   4 8      16 270
29  78  61  70  -1   0   5 0.00  0.0    0  1.8 10 270   M    M   0        17 270
30  85  64  75   4   0  10 0.00  0.0    0  1.5  9 280   M    M   0        14 270
================================================================================
SM 2583 2006         0 353  0.01     0.0  52.2          M       44
================================================================================
AV 86.1 66.9                               1.7 FASTST   M    M   1    MAX(MPH)
                                 MISC ---->  # 12 270                 20    M
================================================================================
NOTES:
# LAST OF SEVERAL OCCURRENCES

COLUMN 17 PEAK WIND IN M.P.H.

PRELIMINARY LOCAL CLIMATOLOGICAL DATA (WS FORM: F-6) , PAGE 2

                                          STATION:  DOWNTOWN LOS ANGELES (USC) CA
                                          MONTH:    SEPTEMBER
                                          YEAR:     2014
                                          LATITUDE:   34  1 N
                                          LONGITUDE: 118 17 W

[TEMPERATURE DATA]      [PRECIPITATION DATA]       SYMBOLS USED IN COLUMN 16

AVERAGE MONTHLY: 76.5   TOTAL FOR MONTH:   0.01    1 = FOG OR MIST
DPTR FM NORMAL:   3.4   DPTR FM NORMAL:   -0.23    2 = FOG REDUCING VISIBILITY
HIGHEST:   103 ON 16    GRTST 24HR  0.01 ON  8- 8      TO 1/4 MILE OR LESS
LOWEST:     61 ON 29                               3 = THUNDER
                        SNOW, ICE PELLETS, HAIL    4 = ICE PELLETS
                        TOTAL MONTH:   0.0 INCH    5 = HAIL
                        GRTST 24HR     0.0         6 = FREEZING RAIN OR DRIZZLE
                        GRTST DEPTH:   0           7 = DUSTSTORM OR SANDSTORM:
                                                       VSBY 1/2 MILE OR LESS
                                                   8 = SMOKE OR HAZE
[NO. OF DAYS WITH]      [WEATHER - DAYS WITH]      9 = BLOWING SNOW
                                                   X = TORNADO
MAX 32 OR BELOW:   0    0.01 INCH OR MORE:   1
MAX 90 OR ABOVE:   8    0.10 INCH OR MORE:   0
MIN 32 OR BELOW:   0    0.50 INCH OR MORE:   0
MIN  0 OR BELOW:   0    1.00 INCH OR MORE:   0

[HDD (BASE 65) ]
TOTAL THIS MO.     0    CLEAR  (SCALE 0-3)  21
DPTR FM NORMAL    -2    PTCLDY (SCALE 4-7)   9
TOTAL FM JUL 1     0    CLOUDY (SCALE 8-10)  0
DPTR FM NORMAL    -2

[CDD (BASE 65) ]
TOTAL THIS MO.   353
DPTR FM NORMAL   109    [PRESSURE DATA]
TOTAL FM JAN 1  1430    HIGHEST SLP 29.99 ON 21
DPTR FM NORMAL   352    LOWEST  SLP 29.66 ON 16

[REMARKS]
#FINAL-09-14#




U.S. Dept. of Commerce
NOAA National Weather Service
1325 East West Highway
Silver Spring, MD 20910
E-mail: w-nws.webmaster@noaa.gov
Page last modified: May 16, 2007
NATIONAL WEATHER SERVICE: for Safety, for Work, for Fun - FOR LIFE