221
CXUS55 KLOX 291655
CF6CQT
PRELIMINARY LOCAL CLIMATOLOGICAL DATA (WS FORM: F-6)

                                          STATION:   DOWNTOWN LOS ANGELES (USC) CA
                                          MONTH:     JULY
                                          YEAR:      2014
                                          LATITUDE:   34  1 N
                                          LONGITUDE: 118 17 W

  TEMPERATURE IN F:       :PCPN:    SNOW:  WIND      :SUNSHINE: SKY     :PK WND
================================================================================
1   2   3   4   5  6A  6B    7    8   9   10  11  12  13   14  15   16   17  18
                                     12Z  AVG MX 2MIN
DY MAX MIN AVG DEP HDD CDD  WTR  SNW DPTH SPD SPD DIR MIN PSBL S-S WX    SPD DR
================================================================================

 1  77  63  70  -2   0   5 0.00  0.0    0  2.8 10 280   M    M   7 18     16 270
 2  77  62  70  -2   0   5 0.00  0.0    0  1.9  9 270   M    M   5 18     15 260
 3  81  63  72   0   0   7 0.00  0.0    0  2.0 12 270   M    M   3 18     15 270
 4  82  62  72   0   0   7 0.00  0.0    0  2.1  9 270   M    M   1 18     13 260
 5  86  64  75   2   0  10 0.00  0.0    0  1.6 10 270   M    M   0 18     17 280
 6  81  64  73   0   0   8 0.00  0.0    0  2.1  9 270   M    M   0        14 260
 7  89  64  77   4   0  12 0.00  0.0    0  2.0  8 270   M    M   0        14 260
 8  86  68  77   4   0  12 0.00  0.0    0  2.0  8 270   M    M   2 8      13 280
 9  82  67  75   2   0  10 0.00  0.0    0  2.9  9 270   M    M   5 8      15 280
10  85  66  76   3   0  11 0.00  0.0    0  2.4 10 270   M    M   5 8      16 280
11  80  65  73   0   0   8 0.00  0.0    0  2.8 13 270   M    M   3        18 270
12  82  65  74   1   0   9 0.00  0.0    0  2.3  9 260   M    M   0        14 270
13  82  67  75   2   0  10 0.00  0.0    0  2.0  8 270   M    M   0        14 260
14  80  68  74   0   0   9 0.00  0.0    0  1.6  8 250   M    M   1 8      14 280
15  82  69  76   2   0  11 0.00  0.0    0  2.7 12 270   M    M   6 8      16 270
16  81  66  74   0   0   9 0.00  0.0    0  3.4 12 280   M    M   5        17 270
17  80  65  73  -1   0   8 0.00  0.0    0  2.7 10 270   M    M   4        17 270
18  79  64  72  -2   0   7 0.00  0.0    0  2.7  9 270   M    M   2 8      17 270
19  75  66  71  -3   0   6    T  0.0    0  2.1  8 280   M    M   2        12 260
20  80  66  73  -1   0   8 0.00  0.0    0  2.2 10 270   M    M   4        16 260
21  81  66  74   0   0   9 0.00  0.0    0  2.9 10 270   M    M   1        17 280
22  85  65  75   1   0  10 0.00  0.0    0  2.4 10 270   M    M   0        16 270
23  88  65  77   3   0  12 0.00  0.0    0  1.6 12 280   M    M   0        16 270
24  92  65  79   5   0  14 0.00  0.0    0  2.4 10 270   M    M   0        16 280
25  88  69  79   5   0  14 0.00  0.0    0  1.9  9 270   M    M   1 8      14 270
26  86  68  77   3   0  12 0.00  0.0    M  2.2 10 280   M    M   0 8      14 280
27  84  67  76   2   0  11    T  0.0    0  2.6  9 270   M    M   0        14 270
28  88  68  78   4   0  13    T  0.0    0  2.9 10 280   M    M   0        15 270
================================================================================
SM 2319 1837         0 267    T      0.0  65.2          M       57
================================================================================
AV 82.8 65.6                               2.3 FASTST   M    M   2    MAX(MPH)
                                 MISC ---->    13   M                 18    M
================================================================================
NOTES:
# LAST OF SEVERAL OCCURRENCES

COLUMN 17 PEAK WIND IN M.P.H.

PRELIMINARY LOCAL CLIMATOLOGICAL DATA (WS FORM: F-6) , PAGE 2

                                          STATION:  DOWNTOWN LOS ANGELES (USC) CA
                                          MONTH:    JULY
                                          YEAR:     2014
                                          LATITUDE:   34  1 N
                                          LONGITUDE: 118 17 W

[TEMPERATURE DATA]      [PRECIPITATION DATA]       SYMBOLS USED IN COLUMN 16

AVERAGE MONTHLY: 74.2   TOTAL FOR MONTH:      T    1 = FOG OR MIST
DPTR FM NORMAL:   0.8   DPTR FM NORMAL:   -0.01    2 = FOG REDUCING VISIBILITY
HIGHEST:    92 ON 24    GRTST 24HR    T  ON 28-28      TO 1/4 MILE OR LESS
LOWEST:     62 ON  4, 2                            3 = THUNDER
                        SNOW, ICE PELLETS, HAIL    4 = ICE PELLETS
                        TOTAL MONTH:   0.0 INCH    5 = HAIL
                        GRTST 24HR     0.0         6 = FREEZING RAIN OR DRIZZLE
                        GRTST DEPTH:   0           7 = DUSTSTORM OR SANDSTORM:
                                                       VSBY 1/2 MILE OR LESS
                                                   8 = SMOKE OR HAZE
[NO. OF DAYS WITH]      [WEATHER - DAYS WITH]      9 = BLOWING SNOW
                                                   X = TORNADO
MAX 32 OR BELOW:   0    0.01 INCH OR MORE:   0
MAX 90 OR ABOVE:   1    0.10 INCH OR MORE:   0
MIN 32 OR BELOW:   0    0.50 INCH OR MORE:   0
MIN  0 OR BELOW:   0    1.00 INCH OR MORE:   0

[HDD (BASE 65) ]
TOTAL THIS MO.     0    CLEAR  (SCALE 0-3)  18
DPTR FM NORMAL     0    PTCLDY (SCALE 4-7)  10
TOTAL FM JUL 1     0    CLOUDY (SCALE 8-10)  0
DPTR FM NORMAL     0

[CDD (BASE 65) ]
TOTAL THIS MO.   267
DPTR FM NORMAL    33    [PRESSURE DATA]
TOTAL FM JAN 1   689    HIGHEST SLP M ON M
DPTR FM NORMAL   167    LOWEST  SLP 29.69 ON 24

[REMARKS]




U.S. Dept. of Commerce
NOAA National Weather Service
1325 East West Highway
Silver Spring, MD 20910
E-mail: w-nws.webmaster@noaa.gov
Page last modified: May 16, 2007
NATIONAL WEATHER SERVICE: for Safety, for Work, for Fun - FOR LIFE