731
CXUS55 KLOX 011655
CF6CQT
PRELIMINARY LOCAL CLIMATOLOGICAL DATA (WS FORM: F-6)

                                          STATION:   DOWNTOWN LOS ANGELES (USC) CA
                                          MONTH:     NOVEMBER
                                          YEAR:      2014
                                          LATITUDE:   34  1 N
                                          LONGITUDE: 118 17 W

  TEMPERATURE IN F:       :PCPN:    SNOW:  WIND      :SUNSHINE: SKY     :PK WND
================================================================================
1   2   3   4   5  6A  6B    7    8   9   10  11  12  13   14  15   16   17  18
                                     12Z  AVG MX 2MIN
DY MAX MIN AVG DEP HDD CDD  WTR  SNW DPTH SPD SPD DIR MIN PSBL S-S WX    SPD DR
================================================================================

 1  67  55  61  -5   4   0 0.18  0.0    0  2.3 10 270   M    M   2 1      19 280
 2  70  51  61  -5   4   0 0.00  0.0    0  1.2  8 270   M    M   0        13 280
 3  77  52  65   0   0   0 0.00  0.0    0  1.4  9 260   M    M   0        15 270
 4  77  51  64  -1   1   0 0.00  0.0    0  0.4  7 280   M    M   0        10 280
 5  85  53  69   4   0   4 0.00  0.0    0  0.7  8 270   M    M   0 8      12 270
 6  90  61  76  11   0  11 0.00  0.0    0  1.6  7 270   M    M   0        11 270
 7  89  60  75  11   0  10 0.00  0.0    0  2.1  8 270   M    M   0 8      12 280
 8  89  59  74  10   0   9 0.00  0.0    0  0.8  7 270   M    M   0 8       9 270
 9  77  58  68   4   0   3 0.00  0.0    0  0.5  8 270   M    M   4 128    13 270
10  70  62  66   2   0   1 0.00  0.0    0  1.9  7 280   M    M   7 8      12 130
11  69  62  66   2   0   1 0.00  0.0    0  2.8  7 270   M    M  10 8      12 270
12  70  58  64   1   1   0 0.00  0.0    0  1.1  8 270   M    M   7        14 280
13  70  55  63   0   2   0    T  0.0    0  1.0  9 270   M    M   4 8      13 270
14  73  60  67   4   0   2 0.00  0.0    0  0.6  8 270   M    M   5 8      13 280
15  72  58  65   3   0   0 0.00  0.0    0  1.5  9 280   M    M   3 18     15 270
16  74  55  65   3   0   0 0.00  0.0    0  1.4  7 280   M    M   0 18     12 270
17  76  53  65   3   0   0 0.00  0.0    0  0.7  8 280   M    M   0 8      13 270
18  77  52  65   3   0   0 0.00  0.0    0  1.3  8 280   M    M   0 8      13 270
19  74  53  64   2   1   0 0.00  0.0    0  1.2  9 280   M    M   1        14 280
20  70  53  62   1   3   0    T  0.0    0  0.9 10 280   M    M   2 8      14 280
21  73  55  64   3   1   0 0.00  0.0    0  1.5  7 280   M    M   1        11 270
22  73  52  63   2   2   0 0.00  0.0    0  1.0  8 280   M    M   0 8      13 280
23  80  57  69   9   0   4 0.00  0.0    0  1.4  8 140   M    M   0        13 330
24  80  53  67   7   0   2 0.00  0.0    0  1.2  7 280   M    M   0        11 270
25  80  52  66   6   0   1 0.00  0.0    0  1.2  8 270   M    M   0        15 280
26  85  53  69   9   0   4 0.00  0.0    0  1.3  7 280   M    M   0 8       9 280
27  89  58  74  14   0   9 0.00  0.0    0  1.6  7  30   M    M   0        10  40
28  81  53  67   8   0   2 0.00  0.0    0  0.3  7 280   M    M   0        11 270
29  74  51  63   4   2   0 0.00  0.0    0  2.3  8 100   M    M   3 18     14 120
30  66  60  63   4   2   0 0.30  0.0    0  4.6 12 100   M    M   8 1      16  90
================================================================================
SM 2297 1665        23  63  0.48     0.0  41.7          M       57
================================================================================
AV 76.6 55.5                               1.4 FASTST   M    M   2    MAX(MPH)
                                 MISC ---->  # 12 100                 19    M
================================================================================
NOTES:
# LAST OF SEVERAL OCCURRENCES

COLUMN 17 PEAK WIND IN M.P.H.

PRELIMINARY LOCAL CLIMATOLOGICAL DATA (WS FORM: F-6) , PAGE 2

                                          STATION:  DOWNTOWN LOS ANGELES (USC) CA
                                          MONTH:    NOVEMBER
                                          YEAR:     2014
                                          LATITUDE:   34  1 N
                                          LONGITUDE: 118 17 W

[TEMPERATURE DATA]      [PRECIPITATION DATA]       SYMBOLS USED IN COLUMN 16

AVERAGE MONTHLY: 66.0   TOTAL FOR MONTH:   0.48    1 = FOG OR MIST
DPTR FM NORMAL:   3.6   DPTR FM NORMAL:   -0.56    2 = FOG REDUCING VISIBILITY
HIGHEST:    90 ON  6    GRTST 24HR  0.43 ON 31- 1      TO 1/4 MILE OR LESS
LOWEST:     51 ON 29, 4                            3 = THUNDER
                        SNOW, ICE PELLETS, HAIL    4 = ICE PELLETS
                        TOTAL MONTH:   0.0 INCH    5 = HAIL
                        GRTST 24HR     0.0         6 = FREEZING RAIN OR DRIZZLE
                        GRTST DEPTH:   0           7 = DUSTSTORM OR SANDSTORM:
                                                       VSBY 1/2 MILE OR LESS
                                                   8 = SMOKE OR HAZE
[NO. OF DAYS WITH]      [WEATHER - DAYS WITH]      9 = BLOWING SNOW
                                                   X = TORNADO
MAX 32 OR BELOW:   0    0.01 INCH OR MORE:   2
MAX 90 OR ABOVE:   1    0.10 INCH OR MORE:   2
MIN 32 OR BELOW:   0    0.50 INCH OR MORE:   0
MIN  0 OR BELOW:   0    1.00 INCH OR MORE:   0

[HDD (BASE 65) ]
TOTAL THIS MO.    23    CLEAR  (SCALE 0-3)  23
DPTR FM NORMAL   -88    PTCLDY (SCALE 4-7)   5
TOTAL FM JUL 1    23    CLOUDY (SCALE 8-10)  2
DPTR FM NORMAL  -108

[CDD (BASE 65) ]
TOTAL THIS MO.    63
DPTR FM NORMAL    30    [PRESSURE DATA]
TOTAL FM JAN 1  1745    HIGHEST SLP 30.39 ON 25
DPTR FM NORMAL   505    LOWEST  SLP 29.80 ON  9

[REMARKS]
#FINAL-11-14#




U.S. Dept. of Commerce
NOAA National Weather Service
1325 East West Highway
Silver Spring, MD 20910
E-mail: w-nws.webmaster@noaa.gov
Page last modified: May 16, 2007
NATIONAL WEATHER SERVICE: for Safety, for Work, for Fun - FOR LIFE