087
CXUS55 KLOX 191655
CF6CQT
PRELIMINARY LOCAL CLIMATOLOGICAL DATA (WS FORM: F-6)

                                          STATION:   DOWNTOWN LOS ANGELES (USC) CA
                                          MONTH:     APRIL
                                          YEAR:      2014
                                          LATITUDE:   34  1 N
                                          LONGITUDE: 118 17 W

  TEMPERATURE IN F:       :PCPN:    SNOW:  WIND      :SUNSHINE: SKY     :PK WND
================================================================================
1   2   3   4   5  6A  6B    7    8   9   10  11  12  13   14  15   16   17  18
                                     12Z  AVG MX 2MIN
DY MAX MIN AVG DEP HDD CDD  WTR  SNW DPTH SPD SPD DIR MIN PSBL S-S WX    SPD DR
================================================================================

 1  63  50  57  -5   8   0 0.25  0.0    0  3.7 14 270   M    M   3 1      23 270
 2  62  49  56  -6   9   0 0.04    M    0  2.3 15 270   M    M   2 1      25 260
 3  68  49  59  -3   6   0 0.00  0.0    0  2.9 10 280   M    M   0        16 280
 4  65  53  59  -3   6   0 0.00  0.0    0  2.4 12 280   M    M   0 18     15 280
 5  67  54  61  -1   4   0 0.00  0.0    0  3.7 12 280   M    M   1        18 280
 6  78  52  65   3   0   0 0.00  0.0    0  1.4 12 270   M    M   0        16 270
 7  85  55  70   8   0   5 0.00  0.0    0  2.0  9 270   M    M   0        14 280
 8  88  58  73  11   0   8 0.00  0.0    0  1.8  9 280   M    M   0 8      13 270
 9  89  57  73  11   0   8 0.00  0.0    0  0.9  9 270   M    M   0 8      16 280
10  81  50  66   4   0   1 0.00  0.0    0  0.7  7 270   M    M   1 128    10 280
11  79  55  67   5   0   2 0.00  0.0    0  2.0  9 270   M    M   0 18     14 270
12  67  57  62  -1   3   0 0.00  0.0    0  1.8  9 280   M    M   7        16 260
13  67  56  62  -1   3   0 0.00  0.0    0  1.7  8 270   M    M   6        13 280
14  77  53  65   2   0   0 0.00  0.0    0  1.8  8 270   M    M   0        13 280
15  72  55  64   1   1   0 0.00  0.0    M  1.7  9 280   M    M   3 18     12 270
16  73  57  65   2   0   0 0.00  0.0    0  2.5  9 270   M    M   3 8      18 270
17  71  59  65   2   0   0 0.00  0.0    0  2.1  9 280   M    M   7 8      13 270
18  73  61  67   4   0   2 0.00  0.0    0  2.6 10 270   M    M   6        16 280
================================================================================
SM 1325  980        40  26  0.29     0.0  38.0          M       39
================================================================================
AV 73.6 54.4                               2.1 FASTST   M    M   2    MAX(MPH)
                                 MISC ---->    15   M                 25    M
================================================================================
NOTES:
# LAST OF SEVERAL OCCURRENCES

COLUMN 17 PEAK WIND IN M.P.H.

PRELIMINARY LOCAL CLIMATOLOGICAL DATA (WS FORM: F-6) , PAGE 2

                                          STATION:  DOWNTOWN LOS ANGELES (USC) CA
                                          MONTH:    APRIL
                                          YEAR:     2014
                                          LATITUDE:   34  1 N
                                          LONGITUDE: 118 17 W

[TEMPERATURE DATA]      [PRECIPITATION DATA]       SYMBOLS USED IN COLUMN 16

AVERAGE MONTHLY: 64.0   TOTAL FOR MONTH:   0.29    1 = FOG OR MIST
DPTR FM NORMAL:   1.6   DPTR FM NORMAL:   -0.34    2 = FOG REDUCING VISIBILITY
HIGHEST:    89 ON  9    GRTST 24HR  0.25 ON  1- 1      TO 1/4 MILE OR LESS
LOWEST:     49 ON  3, 2                            3 = THUNDER
                        SNOW, ICE PELLETS, HAIL    4 = ICE PELLETS
                        TOTAL MONTH:   0.0 INCH    5 = HAIL
                        GRTST 24HR     0.0         6 = FREEZING RAIN OR DRIZZLE
                        GRTST DEPTH:   0           7 = DUSTSTORM OR SANDSTORM:
                                                       VSBY 1/2 MILE OR LESS
                                                   8 = SMOKE OR HAZE
[NO. OF DAYS WITH]      [WEATHER - DAYS WITH]      9 = BLOWING SNOW
                                                   X = TORNADO
MAX 32 OR BELOW:   0    0.01 INCH OR MORE:   2
MAX 90 OR ABOVE:   0    0.10 INCH OR MORE:   1
MIN 32 OR BELOW:   0    0.50 INCH OR MORE:   0
MIN  0 OR BELOW:   0    1.00 INCH OR MORE:   0

[HDD (BASE 65) ]
TOTAL THIS MO.    40    CLEAR  (SCALE 0-3)  12
DPTR FM NORMAL   -26    PTCLDY (SCALE 4-7)   6
TOTAL FM JUL 1   580    CLOUDY (SCALE 8-10)  0
DPTR FM NORMAL  -418

[CDD (BASE 65) ]
TOTAL THIS MO.    26
DPTR FM NORMAL     7    [PRESSURE DATA]
TOTAL FM JAN 1    78    HIGHEST SLP M ON M
DPTR FM NORMAL    16    LOWEST  SLP 29.74 ON 16

[REMARKS]




U.S. Dept. of Commerce
NOAA National Weather Service
1325 East West Highway
Silver Spring, MD 20910
E-mail: w-nws.webmaster@noaa.gov
Page last modified: May 16, 2007
NATIONAL WEATHER SERVICE: for Safety, for Work, for Fun - FOR LIFE