596
CXUS55 KLOX 301655
CF6CQT
PRELIMINARY LOCAL CLIMATOLOGICAL DATA (WS FORM: F-6)

                                          STATION:   DOWNTOWN LOS ANGELES (USC) CA
                                          MONTH:     JANUARY
                                          YEAR:      2015
                                          LATITUDE:   34  1 N
                                          LONGITUDE: 118 17 W

  TEMPERATURE IN F:       :PCPN:    SNOW:  WIND      :SUNSHINE: SKY     :PK WND
================================================================================
1   2   3   4   5  6A  6B    7    8   9   10  11  12  13   14  15   16   17  18
                                     12Z  AVG MX 2MIN
DY MAX MIN AVG DEP HDD CDD  WTR  SNW DPTH SPD SPD DIR MIN PSBL S-S WX    SPD DR
================================================================================

 1  59  37  48 -10  17   0 0.00  0.0    0  1.4  7 100   M    M   0        11 270
 2  61  39  50  -8  15   0 0.00  0.0    0  0.6  6 270   M    M   0         9 280
 3  63  40  52  -6  13   0 0.00  0.0    0  1.2  7 270   M    M   0        10 260
 4  69  42  56  -2   9   0 0.00  0.0    0  1.2  7 270   M    M   0 1      11 270
 5  81  50  66   8   0   1 0.00  0.0    0  1.3  7  10   M    M   0        10 360
 6  84  57  71  13   0   6 0.00  0.0    0  2.5  7  20   M    M   0        10  50
 7  85  53  69  11   0   4 0.00  0.0    0  0.9  7 280   M    M   0        11 270
 8  75  51  63   5   2   0 0.00  0.0    0  0.7  8 270   M    M   0 8      14 270
 9  72  56  64   6   1   0 0.00  0.0    0  0.7  7 280   M    M   0 18     11 270
10  63  52  58   0   7   0 0.48  0.0    0  0.6  6  90   M    M   7 18      9 100
11  63  56  60   2   5   0 0.50  0.0    0  0.6  8 100   M    M   8 18     10 100
12  66  53  60   2   5   0 0.00  0.0    M  0.8  8 270   M    M   5 18     10 270
13  68  54  61   3   4   0 0.00  0.0    0  0.8  8 270   M    M   3 18     12 280
14  73  47  60   2   5   0 0.00  0.0    0  0.6  9 280   M    M   0        13 270
15  76  51  64   6   1   0 0.00  0.0    0  2.0  9 270   M    M   0        14 270
16  77  50  64   6   1   0 0.00  0.0    0  1.2  6  50   M    M   0        10 100
17  78  50  64   6   1   0 0.00  0.0    0  1.4  8 270   M    M   0        13 270
18  75  53  64   6   1   0 0.00  0.0    0  0.6  7 270   M    M   0 18      9 280
19  72  50  61   3   4   0 0.00  0.0    0  0.3  6 270   M    M   0 18      9 260
20  63  53  58   0   7   0 0.00  0.0    0  0.4  8 270   M    M   8 128    12 280
21  71  54  63   5   2   0 0.00  0.0    0  0.7  6 270   M    M   3 8      10 280
22  75  47  61   3   4   0 0.00  0.0    0  0.3  7 270   M    M   0 8       9 270
23  75  50  63   5   2   0 0.00  0.0    0  1.2  7 270   M    M   0        11 280
24  82  49  66   8   0   1 0.00  0.0    0  0.2  8 280   M    M   0 8      12 270
25  83  48  66   8   0   1 0.00  0.0    0  0.5  6 270   M    M   0         8 270
26  80  57  69  11   0   4 0.08  0.0    0  3.0 10 150   M    M   6        20 160
27  74  57  66   8   0   1 0.00  0.0    0  1.3  7 280   M    M   4        14 270
28  75  56  66   8   0   1 0.00  0.0    0  0.8  6 300   M    M   0        10  10
29  75  60  68  10   0   3    T  0.0    0  0.6  6 110   M    M   2         9 270
================================================================================
SM 2113 1472       106  22  1.06     0.0  28.3          M       46
================================================================================
AV 72.9 50.8                               1.0 FASTST   M    M   2    MAX(MPH)
                                 MISC ---->  # 10 150               # 20  160
================================================================================
NOTES:
# LAST OF SEVERAL OCCURRENCES

COLUMN 17 PEAK WIND IN M.P.H.

PRELIMINARY LOCAL CLIMATOLOGICAL DATA (WS FORM: F-6) , PAGE 2

                                          STATION:  DOWNTOWN LOS ANGELES (USC) CA
                                          MONTH:    JANUARY
                                          YEAR:     2015
                                          LATITUDE:   34  1 N
                                          LONGITUDE: 118 17 W

[TEMPERATURE DATA]      [PRECIPITATION DATA]       SYMBOLS USED IN COLUMN 16

AVERAGE MONTHLY: 61.8   TOTAL FOR MONTH:   1.06    1 = FOG OR MIST
DPTR FM NORMAL:   3.8   DPTR FM NORMAL:   -1.84    2 = FOG REDUCING VISIBILITY
HIGHEST:    85 ON  7    GRTST 24HR  0.97 ON 10-11      TO 1/4 MILE OR LESS
LOWEST:     37 ON  1                               3 = THUNDER
                        SNOW, ICE PELLETS, HAIL    4 = ICE PELLETS
                        TOTAL MONTH:   0.0 INCH    5 = HAIL
                        GRTST 24HR     0.0         6 = FREEZING RAIN OR DRIZZLE
                        GRTST DEPTH:   0           7 = DUSTSTORM OR SANDSTORM:
                                                       VSBY 1/2 MILE OR LESS
                                                   8 = SMOKE OR HAZE
[NO. OF DAYS WITH]      [WEATHER - DAYS WITH]      9 = BLOWING SNOW
                                                   X = TORNADO
MAX 32 OR BELOW:   0    0.01 INCH OR MORE:   3
MAX 90 OR ABOVE:   0    0.10 INCH OR MORE:   2
MIN 32 OR BELOW:   0    0.50 INCH OR MORE:   1
MIN  0 OR BELOW:   0    1.00 INCH OR MORE:   0

[HDD (BASE 65) ]
TOTAL THIS MO.   106    CLEAR  (SCALE 0-3)  22
DPTR FM NORMAL  -103    PTCLDY (SCALE 4-7)   7
TOTAL FM JUL 1   311    CLOUDY (SCALE 8-10)  0
DPTR FM NORMAL  -263

[CDD (BASE 65) ]
TOTAL THIS MO.    22
DPTR FM NORMAL    22    [PRESSURE DATA]
TOTAL FM JAN 1    22    HIGHEST SLP M ON M
DPTR FM NORMAL    22    LOWEST  SLP 29.92 ON M

[REMARKS]




U.S. Dept. of Commerce
NOAA National Weather Service
1325 East West Highway
Silver Spring, MD 20910
E-mail: w-nws.webmaster@noaa.gov
Page last modified: May 16, 2007
NATIONAL WEATHER SERVICE: for Safety, for Work, for Fun - FOR LIFE