461
CXUS54 KFWD 230730
CF6CPT
PRELIMINARY LOCAL CLIMATOLOGICAL DATA (WS FORM: F-6)

                                          STATION:   CLEBURNE
                                          MONTH:     AUGUST
                                          YEAR:      2014
                                          LATITUDE:   32 20 N
                                          LONGITUDE:  97 24 W

  TEMPERATURE IN F:       :PCPN:    SNOW:  WIND      :SUNSHINE: SKY     :PK WND
================================================================================
1   2   3   4   5  6A  6B    7    8   9   10  11  12  13   14  15   16   17  18
                                     12Z  AVG MX 2MIN
DY MAX MIN AVG DEP HDD CDD  WTR  SNW DPTH SPD SPD DIR MIN PSBL S-S WX    SPD DR
================================================================================

 1  82  68  75 -10   0  10 0.00  0.0    0  8.9 14  10   M    M   7        17  30
 2  88  63  76  -9   0  11 0.00  0.0    0  7.8 12  40   M    M   2 1      18 360
 3  91  66  79  -6   0  14 0.00  0.0    0  8.1 16  20   M    M   2        17  40
 4  93  70  82  -3   0  17 0.00  0.0    0  6.1 12  70   M    M   2 1      13  50
 5  99  72  86   1   0  21 0.00  0.0    0  6.3 12 110   M    M   0 1      17 110
 6  99  73  86   1   0  21 0.00  0.0    0  8.7 13 160   M    M   0        16  99
 7  99  75  87   2   0  22 0.00  0.0    0  8.8 12 170   M    M   0        17 150
 8 102  79  91   6   0  26 0.00  0.0    0  8.9 13 190   M    M   0        18 190
 9 100  77  89   4   0  24 0.00  0.0    0  7.7 12 180   M    M   0        17 180
10 102  75  89   4   0  24 0.00  0.0    0  6.5 12 250   M    M   0        17 170
11  97  75  86   1   0  21 0.00  0.0    0  8.0 16  20   M    M   1        23  20
12  95  73  84  -1   0  19 0.00  0.0    0  9.5 18  30   M    M   0        25  30
13  93  68  81  -4   0  16 0.00  0.0    0  6.3 14  30   M    M   0        17  30
14  95  70  83  -2   0  18 0.00  0.0    0  6.3 12 120   M    M   0        15  80
15  99  72  86   2   0  21 0.00  0.0    0  8.2 13 130   M    M   0        16 160
16  97  77  87   3   0  22 0.00  0.0    0  9.9 14  90   M    M   1 3      21 270
17  84  70  77  -7   0  12 0.00  0.0    0  8.8 15 150   M    M   4 3      21 150
18  88  75  82  -2   0  17    M  0.0    0  5.0  9 140   M    M   1 3       M  M
19  93  72  83  -1   0  18 0.00  0.0    0  7.0 14 140   M    M   2        18 180
20  97  77  87   3   0  22 0.00  0.0    0 12.6 17 130   M    M   0        21 180
21  99  75  87   3   0  22 0.00  0.0    0 11.1 15 180   M    M   1        23 200
22  99  77  88   4   0  23 0.00  0.0    0 11.0 18 170   M    M   0        17 190
================================================================================
SM 2091 1599         0 421  0.00     0.0 181.5          M       23
================================================================================
AV 95.0 72.7                               8.3 FASTST   M    M   1    MAX(MPH)
                                 MISC ---->    18   M                 25    M
================================================================================
NOTES:
# LAST OF SEVERAL OCCURRENCES

COLUMN 17 PEAK WIND IN M.P.H.

PRELIMINARY LOCAL CLIMATOLOGICAL DATA (WS FORM: F-6) , PAGE 2

                                          STATION:  CLEBURNE
                                          MONTH:    AUGUST
                                          YEAR:     2014
                                          LATITUDE:   32 20 N
                                          LONGITUDE:  97 24 W

[TEMPERATURE DATA]      [PRECIPITATION DATA]       SYMBOLS USED IN COLUMN 16

AVERAGE MONTHLY: 83.9   TOTAL FOR MONTH:   0.00    1 = FOG OR MIST
DPTR FM NORMAL:  -0.8   DPTR FM NORMAL:   -1.68    2 = FOG REDUCING VISIBILITY
HIGHEST:   102 ON 10, 8 GRTST 24HR  0.00 ON 22-22      TO 1/4 MILE OR LESS
LOWEST:     63 ON  2                               3 = THUNDER
                        SNOW, ICE PELLETS, HAIL    4 = ICE PELLETS
                        TOTAL MONTH:   0.0 INCH    5 = HAIL
                        GRTST 24HR     0.0         6 = FREEZING RAIN OR DRIZZLE
                        GRTST DEPTH:   0           7 = DUSTSTORM OR SANDSTORM:
                                                       VSBY 1/2 MILE OR LESS
                                                   8 = SMOKE OR HAZE
[NO. OF DAYS WITH]      [WEATHER - DAYS WITH]      9 = BLOWING SNOW
                                                   X = TORNADO
MAX 32 OR BELOW:   0    0.01 INCH OR MORE:   0
MAX 90 OR ABOVE:  18    0.10 INCH OR MORE:   0
MIN 32 OR BELOW:   0    0.50 INCH OR MORE:   0
MIN  0 OR BELOW:   0    1.00 INCH OR MORE:   0

[HDD (BASE 65) ]
TOTAL THIS MO.     0    CLEAR  (SCALE 0-3)  20
DPTR FM NORMAL     0    PTCLDY (SCALE 4-7)   2
TOTAL FM JUL 1     0    CLOUDY (SCALE 8-10)  0
DPTR FM NORMAL     0

[CDD (BASE 65) ]
TOTAL THIS MO.   421
DPTR FM NORMAL   -12    [PRESSURE DATA]
TOTAL FM JAN 1  1454    HIGHEST SLP M ON M
DPTR FM NORMAL  -371    LOWEST  SLP M ON M

[REMARKS]




U.S. Dept. of Commerce
NOAA National Weather Service
1325 East West Highway
Silver Spring, MD 20910
E-mail: w-nws.webmaster@noaa.gov
Page last modified: May 16, 2007
NATIONAL WEATHER SERVICE: for Safety, for Work, for Fun - FOR LIFE