150
CXUS53 KLSX 011600
CF6CPS
PRELIMINARY LOCAL CLIMATOLOGICAL DATA (WS FORM: F-6)

                                          STATION:   CAHOKIA/ST. LOUIS
                                          MONTH:     JULY
                                          YEAR:      2014
                                          LATITUDE:   38 34 N
                                          LONGITUDE:  90  9 W

  TEMPERATURE IN F:       :PCPN:    SNOW:  WIND      :SUNSHINE: SKY     :PK WND
================================================================================
1   2   3   4   5  6A  6B    7    8   9   10  11  12  13   14  15   16   17  18
                                     12Z  AVG MX 2MIN
DY MAX MIN AVG DEP HDD CDD  WTR  SNW DPTH SPD SPD DIR MIN PSBL S-S WX    SPD DR
================================================================================

 1  90  70  80   3   0  15 0.03  0.0    0  5.5 15 320   M    M   2        22 320
 2  79  63  71  -6   0   6 0.00  0.0    0 10.0 22 320   M    M   4        31 330
 3  81  59  70  -7   0   5 0.00  0.0    0  7.0 16 320   M    M   5        21 340
 4  83  54  69  -8   0   4 0.00  0.0    0  2.4 10  70   M    M   3 18     14  70
 5  81  56  69  -8   0   4    T  0.0    0  5.7 15 160   M    M   0        21 150
 6  91  67  79   1   0  14 0.00  0.0    0  5.9 14 180   M    M   2        22 180
 7  92  71  82   4   0  17 0.27  0.0    0  6.8 16 230   M    M   3 13     27 240
 8  87  68  78   0   0  13 0.34  0.0    0  7.7 20 290   M    M   3 13     31 250
 9  87  62  75  -3   0  10 0.00  0.0    0  6.0 18 350   M    M   2        24 320
10  85  58  72  -6   0   7 0.00  0.0    0  2.5 12  90   M    M   1 1      15 140
11  89  60  75  -3   0  10 0.00  0.0    0  4.6 13 150   M    M   1        19 150
12  95  75  85   7   0  20 0.02  0.0    0  5.3 10 220   M    M   1 1      17 210
13  92  74  83   5   0  18 0.24  0.0    0  4.2 12 330   M    M   4 13     16 290
14  89  68  79   1   0  14 0.08  0.0    0  7.0 38 320   M    M   2 13     45 320
15  77  56  67 -11   0   2 0.00  0.0    0  9.8 18 320   M    M   3        31 330
16  80  53  67 -11   0   2 0.00  0.0    0  2.4 13 360   M    M   3        15 350
17  82  55  69  -9   0   4 0.00  0.0    0  2.3 10 140   M    M   3 8      13 170
18  83  60  72  -6   0   7 0.00  0.0    0  4.5 13  80   M    M   1        20  90
19  84  56  70  -8   0   5 0.00  0.0    0  2.2 12  70   M    M   3 1      16  80
20  87  57  72  -6   0   7 0.00  0.0    0  3.3 13 120   M    M   1 1      15 160
21  89  63  76  -2   0  11 0.00  0.0    0  3.7 12 160   M    M   0 1      17 190
22  92  63  78   0   0  13    T  0.0    0  4.7 13 170   M    M   0 18     18 170
23  86  66  76  -2   0  11 0.00  0.0    0  9.4 21  10   M    M   4        26  20
24  84  58  71  -7   0   6 0.00  0.0    0  6.1 16  10   M    M   0        23  30
25  79  59  69  -9   0   4 0.01  0.0    0  5.4 16 180   M    M   0 3      26 170
26  99  68  84   6   0  19 0.00  0.0    0  6.3 16 280   M    M   2        24 290
27  94  73  84   6   0  19 0.00  0.0    0 13.8 28 320   M    M   1        36 300
28  81  57  69  -9   0   4 0.00  0.0    0 11.8 21 340   M    M   4        27 360
29  82  51  67 -11   0   2 0.00  0.0    0  4.0 14 320   M    M   2 1      21 320
30  85  56  71  -7   0   6 0.00  0.0    0  2.6  9  60   M    M   5 1      13  50
31  87  59  73  -5   0   8 0.00  0.0    0  2.3  9 140   M    M   3 1      12 140
================================================================================
SM 2672 1915         0 287  0.99     0.0 175.2          M       68
================================================================================
AV 86.2 61.8                               5.7 FASTST   M    M   2    MAX(MPH)
                                 MISC ---->  # 38 320               # 45  320
================================================================================
NOTES:
# LAST OF SEVERAL OCCURRENCES

COLUMN 17 PEAK WIND IN M.P.H.

PRELIMINARY LOCAL CLIMATOLOGICAL DATA (WS FORM: F-6) , PAGE 2

                                          STATION:  CAHOKIA/ST. LOUIS
                                          MONTH:    JULY
                                          YEAR:     2014
                                          LATITUDE:   38 34 N
                                          LONGITUDE:  90  9 W

[TEMPERATURE DATA]      [PRECIPITATION DATA]       SYMBOLS USED IN COLUMN 16

AVERAGE MONTHLY: 74.0   TOTAL FOR MONTH:   0.99    1 = FOG OR MIST
DPTR FM NORMAL:  -3.8   DPTR FM NORMAL:   -2.60    2 = FOG REDUCING VISIBILITY
HIGHEST:    99 ON 26    GRTST 24HR  0.61 ON  7- 8      TO 1/4 MILE OR LESS
LOWEST:     51 ON 29                               3 = THUNDER
                        SNOW, ICE PELLETS, HAIL    4 = ICE PELLETS
                        TOTAL MONTH:   0.0 INCH    5 = HAIL
                        GRTST 24HR     0.0         6 = FREEZING RAIN OR DRIZZLE
                        GRTST DEPTH:   0           7 = DUSTSTORM OR SANDSTORM:
                                                       VSBY 1/2 MILE OR LESS
                                                   8 = SMOKE OR HAZE
[NO. OF DAYS WITH]      [WEATHER - DAYS WITH]      9 = BLOWING SNOW
                                                   X = TORNADO
MAX 32 OR BELOW:   0    0.01 INCH OR MORE:   7
MAX 90 OR ABOVE:   8    0.10 INCH OR MORE:   3
MIN 32 OR BELOW:   0    0.50 INCH OR MORE:   0
MIN  0 OR BELOW:   0    1.00 INCH OR MORE:   0

[HDD (BASE 65) ]
TOTAL THIS MO.     0    CLEAR  (SCALE 0-3)  23
DPTR FM NORMAL     0    PTCLDY (SCALE 4-7)   8
TOTAL FM JUL 1     0    CLOUDY (SCALE 8-10)  0
DPTR FM NORMAL     0

[CDD (BASE 65) ]
TOTAL THIS MO.   287
DPTR FM NORMAL  -110    [PRESSURE DATA]
TOTAL FM JAN 1   833    HIGHEST SLP 30.30 ON  4
DPTR FM NORMAL    24    LOWEST  SLP 29.70 ON  7

[REMARKS]
#FINAL-07-14#




U.S. Dept. of Commerce
NOAA National Weather Service
1325 East West Highway
Silver Spring, MD 20910
E-mail: w-nws.webmaster@noaa.gov
Page last modified: May 16, 2007
NATIONAL WEATHER SERVICE: for Safety, for Work, for Fun - FOR LIFE