821
CXUS55 KRIW 260901
CF6CPR
PRELIMINARY LOCAL CLIMATOLOGICAL DATA (WS FORM: F-6)

                                          STATION:   CASPER WY
                                          MONTH:     NOVEMBER
                                          YEAR:      2014
                                          LATITUDE:   42 55 N
                                          LONGITUDE: 106 28 W

  TEMPERATURE IN F:       :PCPN:    SNOW:  WIND      :SUNSHINE: SKY     :PK WND
================================================================================
1   2   3   4   5  6A  6B    7    8   9   10  11  12  13   14  15   16   17  18
                                     12Z  AVG MX 2MIN
DY MAX MIN AVG DEP HDD CDD  WTR  SNW DPTH SPD SPD DIR MIN PSBL S-S WX    SPD DR
================================================================================

 1  72  46  59  19   6   0 0.00  0.0    0 13.1 29 210   M    M   0        38 220
 2  56  35  46   7  19   0 0.00  0.0    0 13.3 30 230   M    M   1        39 230
 3  45  28  37  -2  28   0 0.03    T    T  8.8 24 210   M    M   6 1      29 220
 4  50  26  38  -1  27   0 0.00  0.0    0 19.2 33 210   M    M   0        41 200
 5  57  28  43   5  22   0 0.00  0.0    0 10.6 20 280   M    M   0        25 210
 6  64  25  45   7  20   0 0.00  0.0    0 18.6 28 230   M    M   0        35 220
 7  54  24  39   2  26   0    T    M    0 11.6 26 210   M    M   5        33 220
 8  65  25  45   8  20   0 0.00  0.0    0 13.7 32 220   M    M   0        40 220
 9  60  42  51  15  14   0 0.00  0.0    0 21.2 35 220   M    M   0        43 220
10  55   6  31  -5  34   0 0.35  4.3    1 11.9 29 360   M    M   9 128    38 360
11   6 -19  -6 -41  71   0 0.06  0.6    1  9.9 18  30   M    M   9 189    22  40
12   3 -27 -12 -47  77   0    T    T    1  3.6  9 340   M    M   2 18     10 340
13   8 -26  -9 -43  74   0 0.00  0.0    1  5.1 12 180   M    M   2        16 180
14  22   0  11 -23  54   0 0.09  0.9    2  6.3 16  10   M    M   9 18     20  30
15   7  -8   0 -33  65   0 0.04  0.9    3  7.4 17  20   M    M   5 8      21  30
16  26  -3  12 -21  53   0 0.00  0.0    3 15.0 26 220   M    M   1        34 230
17  30   8  19 -13  46   0 0.00  0.0    1 13.3 22 250   M    M   0        27 250
18  34  17  26  -6  39   0 0.00  0.0    1 16.6 31 220   M    M   2        41 220
19  42  12  27  -4  38   0 0.00  0.0    T  7.9 17 210   M    M   2        22 220
20  44  20  32   1  33   0 0.00  0.0    0 13.7 24 210   M    M   1        29 210
21  47  29  38   8  27   0 0.00  0.0    0 15.1 25 210   M    M   0        30 210
22  47  31  39   9  26   0    T  0.0    0 22.6 45 220   M    M   4        57 220
23  37  20  29  -1  36   0 0.00  0.0    0 11.5 28 330   M    M   1        35 330
24  37  18  28  -1  37   0 0.00  0.0    0 13.7 29 300   M    M   5        34 300
25  46  23  35   7  30   0 0.13  2.4    0 17.0 33 230   M    M   5 1      43 220
================================================================================
SM 1014  380       922   0  0.70     9.1 320.7          M       69
================================================================================
AV 40.6 15.2                              12.8 FASTST   M    M   3    MAX(MPH)
                                 MISC ---->  # 45 220               # 57  220
================================================================================
NOTES:
# LAST OF SEVERAL OCCURRENCES

COLUMN 17 PEAK WIND IN M.P.H.

PRELIMINARY LOCAL CLIMATOLOGICAL DATA (WS FORM: F-6) , PAGE 2

                                          STATION:  CASPER WY
                                          MONTH:    NOVEMBER
                                          YEAR:     2014
                                          LATITUDE:   42 55 N
                                          LONGITUDE: 106 28 W

[TEMPERATURE DATA]      [PRECIPITATION DATA]       SYMBOLS USED IN COLUMN 16

AVERAGE MONTHLY: 27.9   TOTAL FOR MONTH:   0.70    1 = FOG OR MIST
DPTR FM NORMAL:  -6.4   DPTR FM NORMAL:    0.04    2 = FOG REDUCING VISIBILITY
HIGHEST:    72 ON  1    GRTST 24HR  0.37 ON 10-11      TO 1/4 MILE OR LESS
LOWEST:    -27 ON 12                               3 = THUNDER
                        SNOW, ICE PELLETS, HAIL    4 = ICE PELLETS
                        TOTAL MONTH:   9.1 INCHES  5 = HAIL
                        GRTST 24HR   4.3 ON   M    6 = FREEZING RAIN OR DRIZZLE
                        GRTST DEPTH:   3 ON 16,15  7 = DUSTSTORM OR SANDSTORM:
                                                       VSBY 1/2 MILE OR LESS
                                                   8 = SMOKE OR HAZE
[NO. OF DAYS WITH]      [WEATHER - DAYS WITH]      9 = BLOWING SNOW
                                                   X = TORNADO
MAX 32 OR BELOW:   7    0.01 INCH OR MORE:   6
MAX 90 OR ABOVE:   0    0.10 INCH OR MORE:   2
MIN 32 OR BELOW:  22    0.50 INCH OR MORE:   0
MIN  0 OR BELOW:   6    1.00 INCH OR MORE:   0

[HDD (BASE 65) ]
TOTAL THIS MO.   922    CLEAR  (SCALE 0-3)  16
DPTR FM NORMAL   153    PTCLDY (SCALE 4-7)   6
TOTAL FM JUL 1  1613    CLOUDY (SCALE 8-10)  3
DPTR FM NORMAL   -55

[CDD (BASE 65) ]
TOTAL THIS MO.     0
DPTR FM NORMAL     0    [PRESSURE DATA]
TOTAL FM JAN 1   357    HIGHEST SLP M ON M
DPTR FM NORMAL   -65    LOWEST  SLP 29.36 ON 10

[REMARKS]




U.S. Dept. of Commerce
NOAA National Weather Service
1325 East West Highway
Silver Spring, MD 20910
E-mail: w-nws.webmaster@noaa.gov
Page last modified: May 16, 2007
NATIONAL WEATHER SERVICE: for Safety, for Work, for Fun - FOR LIFE