909
CXUS55 KRIW 260901
CF6CPR
PRELIMINARY LOCAL CLIMATOLOGICAL DATA (WS FORM: F-6)

                                          STATION:   CASPER WY
                                          MONTH:     JULY
                                          YEAR:      2014
                                          LATITUDE:   42 55 N
                                          LONGITUDE: 106 28 W

  TEMPERATURE IN F:       :PCPN:    SNOW:  WIND      :SUNSHINE: SKY     :PK WND
================================================================================
1   2   3   4   5  6A  6B    7    8   9   10  11  12  13   14  15   16   17  18
                                     12Z  AVG MX 2MIN
DY MAX MIN AVG DEP HDD CDD  WTR  SNW DPTH SPD SPD DIR MIN PSBL S-S WX    SPD DR
================================================================================

 1  77  40  59  -9   6   0 0.00  0.0    0  8.3 22  30   M    M   1        27  10
 2  82  38  60  -8   5   0 0.00  0.0    0  5.0 16  90   M    M   0        20  90
 3  94  47  71   3   0   6 0.00  0.0    0  5.5 26 340   M    M   0 3      38 340
 4  93  55  74   5   0   9 0.00  0.0    0 10.5 25 310   M    M   0        31 240
 5  98  57  78   9   0  13 0.00  0.0    0  9.9 22 210   M    M   0        28 330
 6  94  55  75   6   0  10 0.00  0.0    0  6.4 15  30   M    M   0        20  20
 7  88  55  72   3   0   7 0.00  0.0    0 11.5 28  20   M    M   0        33  10
 8  86  47  67  -3   0   2 0.00  0.0    0  4.5 15  70   M    M   1        18  90
 9  94  52  73   3   0   8 0.00  0.0    0  7.0 24  90   M    M   0        31  80
10  89  58  74   4   0   9 0.01  0.0    0  8.3 21 200   M    M   2 3      27 290
11  82  59  71   1   0   6 0.07  0.0    0 11.2 23  40   M    M   7        28  20
12  87  54  71   1   0   6 0.00  0.0    0  8.3 25  10   M    M   3        32  10
13  89  52  71   0   0   6 0.00  0.0    0  7.6 23  40   M    M   2        29  40
14  83  53  68  -3   0   3    T  0.0    0  7.9 20  10   M    M   1        26 360
15  88  48  68  -3   0   3 0.77    T    0  8.0 39  50   M    M   2 13     46  40
16  68  52  60 -11   5   0 0.24  0.0    0  5.0 18  60   M    M   6 13X    22  50
17  85  48  67  -4   0   2 0.00  0.0    0  6.1 16 210   M    M   0        20 210
18  88  54  71   0   0   6 0.00  0.0    0  7.8 17 330   M    M   0        21 320
19  94  53  74   3   0   9 0.00  0.0    0  8.5 22 290   M    M   0        29 290
20  97  56  77   5   0  12 0.00  0.0    0 12.7 26 250   M    M   0        35 240
21  95  59  77   5   0  12 0.00  0.0    0 14.0 30 260   M    M   0        39 270
22  96  54  75   3   0  10 0.02  0.0    0  6.4 22 240   M    M   0 8      27 230
23 100  53  77   5   0  12 0.00  0.0    0  7.7 22 230   M    M   0        33 230
24  96  60  78   6   0  13    T  0.0    0 17.0 32 220   M    M   0        45 230
25  97  53  75   3   0  10    T  0.0    0 11.6 30 270   M    M   1        37 260
================================================================================
SM 2240 1312        16 174  1.11    T    216.7          M       26
================================================================================
AV 89.6 52.5                               8.7 FASTST   M    M   1    MAX(MPH)
                                 MISC ---->  # 39  50               # 46   40
================================================================================
NOTES:
# LAST OF SEVERAL OCCURRENCES

COLUMN 17 PEAK WIND IN M.P.H.

PRELIMINARY LOCAL CLIMATOLOGICAL DATA (WS FORM: F-6) , PAGE 2

                                          STATION:  CASPER WY
                                          MONTH:    JULY
                                          YEAR:     2014
                                          LATITUDE:   42 55 N
                                          LONGITUDE: 106 28 W

[TEMPERATURE DATA]      [PRECIPITATION DATA]       SYMBOLS USED IN COLUMN 16

AVERAGE MONTHLY: 71.0   TOTAL FOR MONTH:   1.11    1 = FOG OR MIST
DPTR FM NORMAL:   0.7   DPTR FM NORMAL:   -0.03    2 = FOG REDUCING VISIBILITY
HIGHEST:   100 ON 23    GRTST 24HR  1.01 ON 15-16      TO 1/4 MILE OR LESS
LOWEST:     38 ON  2                               3 = THUNDER
                        SNOW, ICE PELLETS, HAIL    4 = ICE PELLETS
                        TOTAL MONTH:    T          5 = HAIL
                        GRTST 24HR    T  ON 15-15  6 = FREEZING RAIN OR DRIZZLE
                        GRTST DEPTH:   0           7 = DUSTSTORM OR SANDSTORM:
                                                       VSBY 1/2 MILE OR LESS
                                                   8 = SMOKE OR HAZE
[NO. OF DAYS WITH]      [WEATHER - DAYS WITH]      9 = BLOWING SNOW
                                                   X = TORNADO
MAX 32 OR BELOW:   0    0.01 INCH OR MORE:   5
MAX 90 OR ABOVE:  12    0.10 INCH OR MORE:   2
MIN 32 OR BELOW:   0    0.50 INCH OR MORE:   1
MIN  0 OR BELOW:   0    1.00 INCH OR MORE:   0

[HDD (BASE 65) ]
TOTAL THIS MO.    16    CLEAR  (SCALE 0-3)  22
DPTR FM NORMAL     5    PTCLDY (SCALE 4-7)   3
TOTAL FM JUL 1    16    CLOUDY (SCALE 8-10)  0
DPTR FM NORMAL     5

[CDD (BASE 65) ]
TOTAL THIS MO.   174
DPTR FM NORMAL    26    [PRESSURE DATA]
TOTAL FM JAN 1   197    HIGHEST SLP M ON M
DPTR FM NORMAL    -8    LOWEST  SLP 29.78 ON  9

[REMARKS]




U.S. Dept. of Commerce
NOAA National Weather Service
1325 East West Highway
Silver Spring, MD 20910
E-mail: w-nws.webmaster@noaa.gov
Page last modified: May 16, 2007
NATIONAL WEATHER SERVICE: for Safety, for Work, for Fun - FOR LIFE