377
CXUS53 KLSX 201600
CF6COU
PRELIMINARY LOCAL CLIMATOLOGICAL DATA (WS FORM: F-6)

                                          STATION:   COLUMBIA ASOS
                                          MONTH:     AUGUST
                                          YEAR:      2014
                                          LATITUDE:   38 49 N
                                          LONGITUDE:  92 13 W

  TEMPERATURE IN F:       :PCPN:    SNOW:  WIND      :SUNSHINE: SKY     :PK WND
================================================================================
1   2   3   4   5  6A  6B    7    8   9   10  11  12  13   14  15   16   17  18
                                     12Z  AVG MX 2MIN
DY MAX MIN AVG DEP HDD CDD  WTR  SNW DPTH SPD SPD DIR MIN PSBL S-S WX    SPD DR
================================================================================

 1  84  61  73  -4   0   8 0.01  0.0    0  5.5 13  70   M    M   2        16  70
 2  88  59  74  -3   0   9 0.00  0.0    0  4.7 12  10   M    M   0 1      17  50
 3  90  64  77   0   0  12 0.00  0.0    0  5.8 12 250   M    M   1        16 250
 4  88  65  77   0   0  12    T  0.0    0  5.8  9 170   M    M   3        13 220
 5  90  68  79   2   0  14 0.00  0.0    0  5.9 14 330   M    M   1        18 310
 6  91  69  80   3   0  15    T  0.0    0  8.5 21 330   M    M   3 8      25 330
 7  79  70  75  -2   0  10 1.59  0.0    0  7.4 16  80   M    M   7 13     20  80
 8  75  69  72  -5   0   7 0.05  0.0    0  5.9 12 310   M    M  10 12     12 300
 9  82  69  76  -1   0  11 0.01  0.0    0  4.6 12  40   M    M   7 12     14  20
10  81  66  74  -3   0   9 0.01  0.0    0  3.6 15  60   M    M   7 12     18  70
11  84  65  75  -2   0  10 0.00  0.0    0  9.2 23 320   M    M   3 12     27 320
12  81  60  71  -6   0   6 0.00  0.0    0  8.4 17 340   M    M   1        22 310
13  82  58  70  -7   0   5 0.00  0.0    0  3.8 12 360   M    M   1        14 330
14  85  58  72  -5   0   7 0.00  0.0    0  4.2 12 340   M    M   0        14 350
15  81  64  73  -4   0   8 0.03  0.0    0  6.7 14  90   M    M   3        18  90
16  86  68  77   0   0  12 0.81  0.0    0 10.0 25 160   M    M   7 13     32 170
17  78  70  74  -3   0   9 0.00  0.0    0  6.6 13 330   M    M   9 1      15 330
18  86  64  75  -1   0  10 0.00  0.0    0  3.3 10 100   M    M   5 12     12 100
19  89  67  78   2   0  13 0.01  0.0    0  5.8 15 220   M    M   0 13     18 220
================================================================================
SM 1600 1234         0 187  2.52     0.0 115.7          M       70
================================================================================
AV 84.2 64.9                               6.1 FASTST   M    M   4    MAX(MPH)
                                 MISC ---->  # 25 160               # 32  170
================================================================================
NOTES:
# LAST OF SEVERAL OCCURRENCES

COLUMN 17 PEAK WIND IN M.P.H.

PRELIMINARY LOCAL CLIMATOLOGICAL DATA (WS FORM: F-6) , PAGE 2

                                          STATION:  COLUMBIA ASOS
                                          MONTH:    AUGUST
                                          YEAR:     2014
                                          LATITUDE:   38 49 N
                                          LONGITUDE:  92 13 W

[TEMPERATURE DATA]      [PRECIPITATION DATA]       SYMBOLS USED IN COLUMN 16

AVERAGE MONTHLY: 74.6   TOTAL FOR MONTH:   2.52    1 = FOG OR MIST
DPTR FM NORMAL:  -2.3   DPTR FM NORMAL:   -0.11    2 = FOG REDUCING VISIBILITY
HIGHEST:    91 ON  6    GRTST 24HR  1.59 ON  7- 7      TO 1/4 MILE OR LESS
LOWEST:     58 ON 14,13                            3 = THUNDER
                        SNOW, ICE PELLETS, HAIL    4 = ICE PELLETS
                        TOTAL MONTH:   0.0 INCH    5 = HAIL
                        GRTST 24HR     0.0         6 = FREEZING RAIN OR DRIZZLE
                        GRTST DEPTH:   0           7 = DUSTSTORM OR SANDSTORM:
                                                       VSBY 1/2 MILE OR LESS
                                                   8 = SMOKE OR HAZE
[NO. OF DAYS WITH]      [WEATHER - DAYS WITH]      9 = BLOWING SNOW
                                                   X = TORNADO
MAX 32 OR BELOW:   0    0.01 INCH OR MORE:   8
MAX 90 OR ABOVE:   3    0.10 INCH OR MORE:   2
MIN 32 OR BELOW:   0    0.50 INCH OR MORE:   2
MIN  0 OR BELOW:   0    1.00 INCH OR MORE:   1

[HDD (BASE 65) ]
TOTAL THIS MO.     0    CLEAR  (SCALE 0-3)  11
DPTR FM NORMAL     0    PTCLDY (SCALE 4-7)   6
TOTAL FM JUL 1     0    CLOUDY (SCALE 8-10)  2
DPTR FM NORMAL     0

[CDD (BASE 65) ]
TOTAL THIS MO.   187
DPTR FM NORMAL   -39    [PRESSURE DATA]
TOTAL FM JAN 1   900    HIGHEST SLP M ON M
DPTR FM NORMAL   -59    LOWEST  SLP 29.75 ON 19

[REMARKS]




U.S. Dept. of Commerce
NOAA National Weather Service
1325 East West Highway
Silver Spring, MD 20910
E-mail: w-nws.webmaster@noaa.gov
Page last modified: May 16, 2007
NATIONAL WEATHER SERVICE: for Safety, for Work, for Fun - FOR LIFE