653
CXUS53 KLSX 261600
CF6COU
PRELIMINARY LOCAL CLIMATOLOGICAL DATA (WS FORM: F-6)

                                          STATION:   COLUMBIA ASOS
                                          MONTH:     NOVEMBER
                                          YEAR:      2014
                                          LATITUDE:   38 49 N
                                          LONGITUDE:  92 13 W

  TEMPERATURE IN F:       :PCPN:    SNOW:  WIND      :SUNSHINE: SKY     :PK WND
================================================================================
1   2   3   4   5  6A  6B    7    8   9   10  11  12  13   14  15   16   17  18
                                     12Z  AVG MX 2MIN
DY MAX MIN AVG DEP HDD CDD  WTR  SNW DPTH SPD SPD DIR MIN PSBL S-S WX    SPD DR
================================================================================

 1  50  24  37 -14  28   0 0.00  0.0    0  5.8  9 130   M    M   0        12 130
 2  59  37  48  -3  17   0 0.01  0.0    0 14.3 23 160   M    M   5        29 150
 3  70  47  59   9   6   0    T  0.0    0 15.1 26 200   M    M   4 1      34 180
 4  61  41  51   1  14   0 0.28  0.0    0  8.9 21 280   M    M   4 18     28 280
 5  61  38  50   1  15   0 0.00  0.0    0  8.8 15 210   M    M   0 1      19 200
 6  52  35  44  -5  21   0 0.00  0.0    0 14.7 30 330   M    M   2        37 340
 7  57  28  43  -6  22   0 0.00  0.0    0 10.0 18 160   M    M   0        23 210
 8  53  35  44  -4  21   0 0.00  0.0    0 12.9 29 330   M    M   3        37 340
 9  62  31  47  -1  18   0 0.00  0.0    0  9.2 18 220   M    M   0        21 220
10  73  46  60  13   5   0 0.00  0.0    0 14.3 29 180   M    M   2        39 190
11  51  29  40  -7  25   0 0.01  0.0    0 17.3 25 320   M    M  10 16     32 320
12  31  23  27 -19  38   0 0.00  0.0    0 13.3 22 330   M    M   5        25 320
13  28  17  23 -23  42   0    T    T    0  9.3 21 320   M    M   5        25 330
14  33  15  24 -21  41   0 0.00  0.0    0  4.3 10 290   M    M   1        14 290
15  36  21  29 -16  36   0    T    T    0  7.2 14 150   M    M   5        18 190
16  32  20  26 -18  39   0 0.06  0.5    0  6.5 14 300   M    M   7 18     17 310
17  23  14  19 -25  46   0    T    T    1 13.8 24 300   M    M   3        32 300
18  31   9  20 -23  45   0 0.00  0.0    T 10.8 20 260   M    M   1        28 290
19  41  19  30 -13  35   0 0.00  0.0    0 12.2 25 290   M    M   3        35 290
20  40  17  29 -13  36   0 0.00  0.0    0  6.6 13 280   M    M   1        16 290
21  46  23  35  -7  30   0    T  0.0    0 11.7 18 170   M    M   5        24 170
22  60  46  53  12  12   0    T  0.0    0 14.0 23 170   M    M   9        29 170
23  55  42  49   8  16   0 0.66  0.0    0 11.0 32 320   M    M   9 12     42 320
24  42  31  37  -3  28   0 0.18  0.0    0 15.4 31 290   M    M   9 1      40 290
25  40  24  32  -8  33   0 0.00  0.0    0  7.6 18 310   M    M   0        26 310
================================================================================
SM 1187  712       669   0  1.20     0.5 275.0          M       93
================================================================================
AV 47.5 28.5                              11.0 FASTST   M    M   4    MAX(MPH)
                                 MISC ---->  # 32 320               # 42  320
================================================================================
NOTES:
# LAST OF SEVERAL OCCURRENCES

COLUMN 17 PEAK WIND IN M.P.H.

PRELIMINARY LOCAL CLIMATOLOGICAL DATA (WS FORM: F-6) , PAGE 2

                                          STATION:  COLUMBIA ASOS
                                          MONTH:    NOVEMBER
                                          YEAR:     2014
                                          LATITUDE:   38 49 N
                                          LONGITUDE:  92 13 W

[TEMPERATURE DATA]      [PRECIPITATION DATA]       SYMBOLS USED IN COLUMN 16

AVERAGE MONTHLY: 38.0   TOTAL FOR MONTH:   1.20    1 = FOG OR MIST
DPTR FM NORMAL:  -7.7   DPTR FM NORMAL:   -1.51    2 = FOG REDUCING VISIBILITY
HIGHEST:    73 ON 10    GRTST 24HR  0.84 ON 23-24      TO 1/4 MILE OR LESS
LOWEST:      9 ON 18                               3 = THUNDER
                        SNOW, ICE PELLETS, HAIL    4 = ICE PELLETS
                        TOTAL MONTH:   0.5 INCH    5 = HAIL
                        GRTST 24HR   0.5 ON 16-16  6 = FREEZING RAIN OR DRIZZLE
                        GRTST DEPTH:   1 ON 17     7 = DUSTSTORM OR SANDSTORM:
                                                       VSBY 1/2 MILE OR LESS
                                                   8 = SMOKE OR HAZE
[NO. OF DAYS WITH]      [WEATHER - DAYS WITH]      9 = BLOWING SNOW
                                                   X = TORNADO
MAX 32 OR BELOW:   5    0.01 INCH OR MORE:   6
MAX 90 OR ABOVE:   0    0.10 INCH OR MORE:   3
MIN 32 OR BELOW:  16    0.50 INCH OR MORE:   1
MIN  0 OR BELOW:   0    1.00 INCH OR MORE:   0

[HDD (BASE 65) ]
TOTAL THIS MO.   669    CLEAR  (SCALE 0-3)  12
DPTR FM NORMAL   183    PTCLDY (SCALE 4-7)   9
TOTAL FM JUL 1   963    CLOUDY (SCALE 8-10)  4
DPTR FM NORMAL   112

[CDD (BASE 65) ]
TOTAL THIS MO.     0
DPTR FM NORMAL     0    [PRESSURE DATA]
TOTAL FM JAN 1  1266    HIGHEST SLP M ON M
DPTR FM NORMAL    19    LOWEST  SLP 29.17 ON 24

[REMARKS]




U.S. Dept. of Commerce
NOAA National Weather Service
1325 East West Highway
Silver Spring, MD 20910
E-mail: w-nws.webmaster@noaa.gov
Page last modified: May 16, 2007
NATIONAL WEATHER SERVICE: for Safety, for Work, for Fun - FOR LIFE