919
CXUS53 KLSX 281600
CF6COU
PRELIMINARY LOCAL CLIMATOLOGICAL DATA (WS FORM: F-6)

                                          STATION:   COLUMBIA ASOS
                                          MONTH:     JANUARY
                                          YEAR:      2015
                                          LATITUDE:   38 49 N
                                          LONGITUDE:  92 13 W

  TEMPERATURE IN F:       :PCPN:    SNOW:  WIND      :SUNSHINE: SKY     :PK WND
================================================================================
1   2   3   4   5  6A  6B    7    8   9   10  11  12  13   14  15   16   17  18
                                     12Z  AVG MX 2MIN
DY MAX MIN AVG DEP HDD CDD  WTR  SNW DPTH SPD SPD DIR MIN PSBL S-S WX    SPD DR
================================================================================

 1  37  19  28  -2  37   0 0.00  0.0    0 11.7 22 240   M    M   3        26 240
 2  41  31  36   6  29   0 0.01  0.0    0  4.3 12 130   M    M  10 1      14 140
 3  40  35  38   8  27   0 0.42  0.0    0  5.1 14 290   M    M   9 1      17 280
 4  36  11  24  -6  41   0 0.02    T    0 16.1 28 320   M    M   6 1      33 290
 5  26  10  18 -12  47   0 0.00  0.0    0  7.5 15 130   M    M   2        21 140
 6  29  19  24  -5  41   0    T    T    0 11.9 22 330   M    M   3        29 280
 7  20   2  11 -18  54   0 0.01  0.1    T 15.8 28 330   M    M   3 8      33 350
 8  31   0  16 -13  49   0 0.00  0.0    0 15.3 32 320   M    M   4        40 320
 9  22   9  16 -13  49   0 0.00  0.0    0 14.2 29 320   M    M   1        36 320
10  37   5  21  -8  44   0 0.00  0.0    0 10.0 20 180   M    M   1        23 200
11  37  29  33   4  32   0 0.04    T    0  7.4 15 180   M    M  10 18     18 180
12  33  12  23  -6  42   0 0.03    T    0 14.4 22 360   M    M   3 1      26 360
13  28   6  17 -12  48   0 0.00  0.0    0  7.2 14  40   M    M   1        17  60
14  32  14  23  -6  42   0 0.00  0.0    0  4.5 10 220   M    M   8        12 220
15  47  19  33   4  32   0 0.00  0.0    0  8.0 15 250   M    M   0        19 250
16  57  25  41  12  24   0 0.00  0.0    0  9.1 14 180   M    M   0 8      19 200
17  54  37  46  16  19   0 0.00  0.0    0 14.3 25 290   M    M   0        34 290
18  60  35  48  18  17   0 0.00  0.0    0  9.2 16 260   M    M   0        20 250
19  60  33  47  17  18   0 0.00  0.0    0  5.8 10  10   M    M   0        12  10
20  47  32  40  10  25   0 0.00  0.0    0  7.4 13 280   M    M   0 8      15 280
21  47  31  39   9  26   0 0.00  0.0    0  9.2 21 280   M    M   1        28 310
22  39  26  33   3  32   0 0.00  0.0    0  6.9 15  10   M    M   5        18  30
23  41  22  32   2  33   0 0.00  0.0    0  5.7 12 270   M    M   1 1      15 260
24  55  29  42  12  23   0 0.00  0.0    0 10.0 18 240   M    M   0        24 240
25  52  31  42  12  23   0 0.14    T    0 13.8 26 350   M    M  10 1      33 350
26  52  28  40  10  25   0 0.00  0.0    0  9.8 24 230   M    M   5        32 230
27  51  32  42  12  23   0 0.00  0.0    0  6.1 12 110   M    M   0        16 110
================================================================================
SM 1111  582       902   0  0.67     0.1 260.7          M       86
================================================================================
AV 41.1 21.6                               9.7 FASTST   M    M   3    MAX(MPH)
                                 MISC ---->  # 32 320               # 40  320
================================================================================
NOTES:
# LAST OF SEVERAL OCCURRENCES

COLUMN 17 PEAK WIND IN M.P.H.

PRELIMINARY LOCAL CLIMATOLOGICAL DATA (WS FORM: F-6) , PAGE 2

                                          STATION:  COLUMBIA ASOS
                                          MONTH:    JANUARY
                                          YEAR:     2015
                                          LATITUDE:   38 49 N
                                          LONGITUDE:  92 13 W

[TEMPERATURE DATA]      [PRECIPITATION DATA]       SYMBOLS USED IN COLUMN 16

AVERAGE MONTHLY: 31.4   TOTAL FOR MONTH:   0.67    1 = FOG OR MIST
DPTR FM NORMAL:   1.8   DPTR FM NORMAL:   -0.99    2 = FOG REDUCING VISIBILITY
HIGHEST:    60 ON 19,18 GRTST 24HR  0.43 ON  2- 3      TO 1/4 MILE OR LESS
LOWEST:      0 ON  8                               3 = THUNDER
                        SNOW, ICE PELLETS, HAIL    4 = ICE PELLETS
                        TOTAL MONTH:   0.1 INCH    5 = HAIL
                        GRTST 24HR   0.1 ON   M    6 = FREEZING RAIN OR DRIZZLE
                        GRTST DEPTH:   T           7 = DUSTSTORM OR SANDSTORM:
                                                       VSBY 1/2 MILE OR LESS
                                                   8 = SMOKE OR HAZE
[NO. OF DAYS WITH]      [WEATHER - DAYS WITH]      9 = BLOWING SNOW
                                                   X = TORNADO
MAX 32 OR BELOW:   7    0.01 INCH OR MORE:   7
MAX 90 OR ABOVE:   0    0.10 INCH OR MORE:   2
MIN 32 OR BELOW:  23    0.50 INCH OR MORE:   0
MIN  0 OR BELOW:   1    1.00 INCH OR MORE:   0

[HDD (BASE 65) ]
TOTAL THIS MO.   902    CLEAR  (SCALE 0-3)  16
DPTR FM NORMAL   -56    PTCLDY (SCALE 4-7)   7
TOTAL FM JUL 1  2853    CLOUDY (SCALE 8-10)  4
DPTR FM NORMAL  -100

[CDD (BASE 65) ]
TOTAL THIS MO.     0
DPTR FM NORMAL     0    [PRESSURE DATA]
TOTAL FM JAN 1     0    HIGHEST SLP M ON M
DPTR FM NORMAL     0    LOWEST  SLP 29.58 ON 25

[REMARKS]




U.S. Dept. of Commerce
NOAA National Weather Service
1325 East West Highway
Silver Spring, MD 20910
E-mail: w-nws.webmaster@noaa.gov
Page last modified: May 16, 2007
NATIONAL WEATHER SERVICE: for Safety, for Work, for Fun - FOR LIFE