034
CXUS54 KCRP 011300
CF6COT
PRELIMINARY LOCAL CLIMATOLOGICAL DATA (WS FORM: F-6)

                                          STATION:   COTULLA
                                          MONTH:     AUGUST
                                          YEAR:      2014
                                          LATITUDE:   28 27 N
                                          LONGITUDE:  99 13 W

  TEMPERATURE IN F:       :PCPN:    SNOW:  WIND      :SUNSHINE: SKY     :PK WND
================================================================================
1   2   3   4   5  6A  6B    7    8   9   10  11  12  13   14  15   16   17  18
                                     12Z  AVG MX 2MIN
DY MAX MIN AVG DEP HDD CDD  WTR  SNW DPTH SPD SPD DIR MIN PSBL S-S WX    SPD DR
================================================================================

 1 100  79  90   3   0  25 0.00  0.0    0  8.0 16  30   M    M   3 8      22  70
 2  96  78  87   0   0  22 0.00  0.0    0  8.0 17  80   M    M   5        23  70
 3  98  74  86  -1   0  21 0.00  0.0    0  5.3 16  30   M    M   2        21  40
 4 101  74  88   1   0  23 0.00  0.0    0  7.2 18 140   M    M   2        23 150
 5 101  75  88   1   0  23 0.00  0.0    0  6.0 17 140   M    M   2 8      21 150
 6 104  75  90   3   0  25 0.00  0.0    0  8.8 25 130   M    M   1        29 140
 7 105  78  92   4   0  27 0.00  0.0    0 11.9 26 140   M    M   0 8      31 140
 8 104  77  91   3   0  26 0.00  0.0    0 10.6 28 160   M    M   1 3      35 150
 9 100  75  88   0   0  23 0.00  0.0    0 11.2 22 140   M    M   1        26 140
10 102  78  90   2   0  25 0.00  0.0    0 10.4 22 140   M    M   1        28 140
11 102  77  90   2   0  25 0.00  0.0    0  6.9 17 130   M    M   1        23  50
12  98  78  88   0   0  23 0.16  0.0    0  5.4 18  20   M    M   1 3      23  30
13 102  74  88   0   0  23 0.00  0.0    0  5.8 15 100   M    M   1        23  80
14 102  73  88   0   0  23 0.00  0.0    0  4.8 16 160   M    M   1        20 170
15 103  75  89   1   0  24 0.00  0.0    0  7.1 18 150   M    M   1        23 140
16 106  79  93   5   0  28 0.00  0.0    0 11.2 25 130   M    M   1        32 130
17 105  80  93   6   0  28 0.00  0.0    0 12.3 25 140   M    M   0        34 140
18 103  79  91   4   0  26 0.00  0.0    0 13.0 24 140   M    M   0        33 130
19 102  77  90   3   0  25 0.00  0.0    0 12.7 26 140   M    M   1        38 150
20 102  77  90   3   0  25 0.00  0.0    0 14.5 26 130   M    M   1 18     33 130
21 106  80  93   6   0  28 0.00  0.0    0 14.4 23 140   M    M   0        33 160
22 105  77  91   4   0  26 0.00  0.0    0 13.3 28 140   M    M   0        35 130
23 103  74  89   2   0  24 0.00  0.0    0 11.6 24 140   M    M   1        30 150
24 103  76  90   4   0  25 0.00  0.0    0 10.9 22 140   M    M   0        27 140
25 103  75  89   3   0  24 0.00  0.0    0  8.3 18 150   M    M   0        25 160
26 103  75  89   3   0  24 0.00  0.0    0  7.5 22 140   M    M   1        27 140
27 101  77  89   3   0  24 0.00  0.0    0  8.4 18 120   M    M   1        23 120
28 101  76  89   3   0  24 0.00  0.0    0  9.8 22 130   M    M   2        26 120
29  99  78  89   3   0  24 0.00  0.0    0 10.0 21 120   M    M   3        26 120
30 100  76  88   3   0  23 0.00  0.0    0  9.2 23 130   M    M   2        28 140
31 102  76  89   4   0  24 0.00  0.0    0 11.5 26 140   M    M   3        32 120
================================================================================
SM 3162 2372         0 760  0.16     0.0 296.0          M       39
================================================================================
AV102.0 76.5                               9.5 FASTST   M    M   1    MAX(MPH)
                                 MISC ---->  # 28 160               # 38  150
================================================================================
NOTES:
# LAST OF SEVERAL OCCURRENCES

COLUMN 17 PEAK WIND IN M.P.H.

PRELIMINARY LOCAL CLIMATOLOGICAL DATA (WS FORM: F-6) , PAGE 2

                                          STATION:  COTULLA
                                          MONTH:    AUGUST
                                          YEAR:     2014
                                          LATITUDE:   28 27 N
                                          LONGITUDE:  99 13 W

[TEMPERATURE DATA]      [PRECIPITATION DATA]       SYMBOLS USED IN COLUMN 16

AVERAGE MONTHLY: 89.3   TOTAL FOR MONTH:   0.16    1 = FOG OR MIST
DPTR FM NORMAL:   2.3   DPTR FM NORMAL:   -1.85    2 = FOG REDUCING VISIBILITY
HIGHEST:   106 ON 21,16 GRTST 24HR  0.16 ON 12-12      TO 1/4 MILE OR LESS
LOWEST:     73 ON 14                               3 = THUNDER
                        SNOW, ICE PELLETS, HAIL    4 = ICE PELLETS
                        TOTAL MONTH:   0.0 INCH    5 = HAIL
                        GRTST 24HR     0.0         6 = FREEZING RAIN OR DRIZZLE
                        GRTST DEPTH:   0           7 = DUSTSTORM OR SANDSTORM:
                                                       VSBY 1/2 MILE OR LESS
                                                   8 = SMOKE OR HAZE
[NO. OF DAYS WITH]      [WEATHER - DAYS WITH]      9 = BLOWING SNOW
                                                   X = TORNADO
MAX 32 OR BELOW:   0    0.01 INCH OR MORE:   1
MAX 90 OR ABOVE:  31    0.10 INCH OR MORE:   1
MIN 32 OR BELOW:   0    0.50 INCH OR MORE:   0
MIN  0 OR BELOW:   0    1.00 INCH OR MORE:   0

[HDD (BASE 65) ]
TOTAL THIS MO.     0    CLEAR  (SCALE 0-3)  30
DPTR FM NORMAL     0    PTCLDY (SCALE 4-7)   1
TOTAL FM JUL 1     0    CLOUDY (SCALE 8-10)  0
DPTR FM NORMAL     0

[CDD (BASE 65) ]
TOTAL THIS MO.   760
DPTR FM NORMAL    80    [PRESSURE DATA]
TOTAL FM JAN 1  2983    HIGHEST SLP 30.05 ON 12
DPTR FM NORMAL   147    LOWEST  SLP 29.72 ON 29

[REMARKS]
#FINAL-08-14#




U.S. Dept. of Commerce
NOAA National Weather Service
1325 East West Highway
Silver Spring, MD 20910
E-mail: w-nws.webmaster@noaa.gov
Page last modified: May 16, 2007
NATIONAL WEATHER SERVICE: for Safety, for Work, for Fun - FOR LIFE