626
CXUS54 KCRP 311300
CF6COT
PRELIMINARY LOCAL CLIMATOLOGICAL DATA (WS FORM: F-6)

                                          STATION:   COTULLA
                                          MONTH:     JULY
                                          YEAR:      2014
                                          LATITUDE:   28 27 N
                                          LONGITUDE:  99 13 W

  TEMPERATURE IN F:       :PCPN:    SNOW:  WIND      :SUNSHINE: SKY     :PK WND
================================================================================
1   2   3   4   5  6A  6B    7    8   9   10  11  12  13   14  15   16   17  18
                                     12Z  AVG MX 2MIN
DY MAX MIN AVG DEP HDD CDD  WTR  SNW DPTH SPD SPD DIR MIN PSBL S-S WX    SPD DR
================================================================================

 1 103  74  89   3   0  24 0.00  0.0    0 15.8 28 140   M    M   0        35 150
 2 100  74  87   1   0  22 0.00  0.0    0 11.4 24 130   M    M   1        30 130
 3 101  72  87   1   0  22 0.00  0.0    0  9.9 24 140   M    M   1        31 150
 4  98  72  85  -1   0  20 0.00  0.0    0  9.8 30 130   M    M   1 8      37 140
 5 100  73  87   1   0  22 0.00  0.0    0 10.4 32 140   M    M   2 138    42 130
 6 101  73  87   1   0  22 0.00  0.0    0 11.2 21 130   M    M   1        28 130
 7  99  75  87   1   0  22 0.00  0.0    0 11.3 29 110   M    M   1 3      37 110
 8 100  74  87   1   0  22    T  0.0    0 12.8 23 140   M    M   1        31 140
 9  98  76  87   1   0  22 0.00  0.0    0 12.0 21 140   M    M   2        30 190
10  91  73  82  -4   0  17 0.00  0.0    0 12.3 29 130   M    M   4        35 130
11  97  74  86   0   0  21 0.04  0.0    0 15.3 29 130   M    M   5        33 140
12 100  73  87   1   0  22 0.00  0.0    0 11.4 22 140   M    M   2 1      27 140
13 101  73  87   1   0  22 0.00  0.0    0  9.7 21 140   M    M   1        27 120
14 103  76  90   4   0  25 0.00  0.0    0  8.4 21 150   M    M   0        27 130
15 102  76  89   3   0  24 0.00  0.0    0  9.0 20 110   M    M   0        25 130
16 103  76  90   4   0  25 0.00  0.0    0 11.3 26 140   M    M   1        36 130
17 105  78  92   6   0  27 0.03  0.0    0 10.6 26 130   M    M   2        32 120
18  90  74  82  -4   0  17 2.11  0.0    0  6.9 25  50   M    M   4 138    34  60
19  94  74  84  -2   0  19 0.00  0.0    0  6.5 13  80   M    M   3        16  60
20 100  78  89   3   0  24 0.00  0.0    0  8.8 23 130   M    M   1 18     27 130
21 100  78  89   3   0  24 0.00  0.0    0  9.8 22 130   M    M   3 18     27 130
22 100  76  88   2   0  23 0.00  0.0    0  8.7 21 120   M    M   2        25 130
23 101  77  89   3   0  24 0.00  0.0    0  5.8 14  80   M    M   1 18     21  60
24  98  76  87   1   0  22    T  0.0    0  6.8 16 130   M    M   2        21  80
25 102  75  89   3   0  24 0.03  0.0    0  6.9 25 160   M    M   1 13     36 170
26 102  75  89   2   0  24 0.00  0.0    0 11.9 24 140   M    M   0 8      30 140
27 103  75  89   2   0  24 0.00  0.0    0 11.8 22 140   M    M   0        27 130
28 102  75  89   2   0  24 0.00  0.0    0 10.0 25 140   M    M   2 8      33 130
29 102  74  88   1   0  23 0.00  0.0    0  8.8 22 130   M    M   0        27 130
30 103  74  89   2   0  24 0.00  0.0    0 11.1 26 130   M    M   0        32 140
================================================================================
SM 2999 2243         0 677  2.21     0.0 306.3          M       44
================================================================================
AV100.0 74.8                              10.2 FASTST   M    M   1    MAX(MPH)
                                 MISC ---->  # 32 140               # 42  130
================================================================================
NOTES:
# LAST OF SEVERAL OCCURRENCES

COLUMN 17 PEAK WIND IN M.P.H.

PRELIMINARY LOCAL CLIMATOLOGICAL DATA (WS FORM: F-6) , PAGE 2

                                          STATION:  COTULLA
                                          MONTH:    JULY
                                          YEAR:     2014
                                          LATITUDE:   28 27 N
                                          LONGITUDE:  99 13 W

[TEMPERATURE DATA]      [PRECIPITATION DATA]       SYMBOLS USED IN COLUMN 16

AVERAGE MONTHLY: 87.4   TOTAL FOR MONTH:   2.21    1 = FOG OR MIST
DPTR FM NORMAL:   1.2   DPTR FM NORMAL:   -0.57    2 = FOG REDUCING VISIBILITY
HIGHEST:   105 ON 17    GRTST 24HR  2.12 ON 17-18      TO 1/4 MILE OR LESS
LOWEST:     72 ON  4, 3                            3 = THUNDER
                        SNOW, ICE PELLETS, HAIL    4 = ICE PELLETS
                        TOTAL MONTH:   0.0 INCH    5 = HAIL
                        GRTST 24HR     0.0         6 = FREEZING RAIN OR DRIZZLE
                        GRTST DEPTH:   0           7 = DUSTSTORM OR SANDSTORM:
                                                       VSBY 1/2 MILE OR LESS
                                                   8 = SMOKE OR HAZE
[NO. OF DAYS WITH]      [WEATHER - DAYS WITH]      9 = BLOWING SNOW
                                                   X = TORNADO
MAX 32 OR BELOW:   0    0.01 INCH OR MORE:   4
MAX 90 OR ABOVE:  30    0.10 INCH OR MORE:   1
MIN 32 OR BELOW:   0    0.50 INCH OR MORE:   1
MIN  0 OR BELOW:   0    1.00 INCH OR MORE:   1

[HDD (BASE 65) ]
TOTAL THIS MO.     0    CLEAR  (SCALE 0-3)  26
DPTR FM NORMAL     0    PTCLDY (SCALE 4-7)   4
TOTAL FM JUL 1     0    CLOUDY (SCALE 8-10)  0
DPTR FM NORMAL     0

[CDD (BASE 65) ]
TOTAL THIS MO.   677
DPTR FM NORMAL    41    [PRESSURE DATA]
TOTAL FM JAN 1  2197    HIGHEST SLP M ON M
DPTR FM NORMAL    61    LOWEST  SLP 29.68 ON 17

[REMARKS]




U.S. Dept. of Commerce
NOAA National Weather Service
1325 East West Highway
Silver Spring, MD 20910
E-mail: w-nws.webmaster@noaa.gov
Page last modified: May 16, 2007
NATIONAL WEATHER SERVICE: for Safety, for Work, for Fun - FOR LIFE