314
CXUS55 KPUB 231044
CF6COS
PRELIMINARY LOCAL CLIMATOLOGICAL DATA (WS FORM: F-6)

                                          STATION:   COLORADO SPRINGS CO
                                          MONTH:     APRIL
                                          YEAR:      2014
                                          LATITUDE:   38 49 N
                                          LONGITUDE: 104 43 W

  TEMPERATURE IN F:       :PCPN:    SNOW:  WIND      :SUNSHINE: SKY     :PK WND
================================================================================
1   2   3   4   5  6A  6B    7    8   9   10  11  12  13   14  15   16   17  18
                                     12Z  AVG MX 2MIN
DY MAX MIN AVG DEP HDD CDD  WTR  SNW DPTH SPD SPD DIR MIN PSBL S-S WX    SPD DR
================================================================================

 1  64  27  46   3  19   0 0.00  0.0    0 13.7 33 220   M    M   6 8      42 220
 2  63  24  44   1  21   0 0.02    T    0 13.1 39 250   M    M   4 18     45 240
 3  38  25  32 -11  33   0 0.49  6.0    4 12.1 31 350   M    M   8 12     39 350
 4  49  18  34  -9  31   0 0.00  0.0    2  7.4 21 150   M    M   6 1      30 150
 5  53  30  42  -2  23   0    T  0.0    0  6.8 24  50   M    M   8        29  50
 6  53  31  42  -2  23   0 0.02    T    0  9.8 26 320   M    M   6        37 280
 7  52  33  43  -1  22   0 0.01    T    0 14.7 31 350   M    M   6 18     39 360
 8  66  28  47   3  18   0 0.00  0.0    0  5.8 16 190   M    M   2        21 200
 9  77  38  58  13   7   0 0.00  0.0    0 10.8 29 300   M    M   6        36 300
10  65  44  55  10  10   0 0.00  0.0    0 11.5 28 160   M    M   5        39 160
11  78  36  57  12   8   0 0.00  0.0    0  9.8 25 240   M    M   3        30 250
12  71  48  60  15   5   0 0.02  0.0    0  9.8 35 340   M    M   8        43 340
13  48  20  34 -12  31   0 0.18  1.5    0 19.4 39 360   M    M  10 12     45 360
14  39  18  29 -17  36   0    T    T    2  9.5 23 350   M    M   5 1      28 350
15  64  22  43  -3  22   0 0.00  0.0    0  7.6 22 200   M    M   5        28 320
16  56  34  45  -1  20   0 0.16    T    0 11.6 28  20   M    M   8 1      32  10
17  55  32  44  -3  21   0    T    T    0 11.5 22 170   M    M   9 12     26 180
18  76  32  54   7  11   0 0.00  0.0    0  9.9 28 160   M    M   6        35 160
19  68  48  58  11   7   0    T  0.0    0 11.3 28  40   M    M   8        33  40
20  70  46  58  10   7   0    T  0.0    0 11.2 24 340   M    M   8        31 340
21  65  45  55   7  10   0    T    M    0 12.8 33 340   M    M   6        41 330
22  77  39  58  10   7   0    T  0.0    0 10.2 30 210   M    M   6        43 240
================================================================================
SM 1347  718       392   0  0.90     7.5 240.3          M      139
================================================================================
AV 61.2 32.6                              10.9 FASTST   M    M   6    MAX(MPH)
                                 MISC ---->  # 39 250               # 45  240
================================================================================
NOTES:
# LAST OF SEVERAL OCCURRENCES

COLUMN 17 PEAK WIND IN M.P.H.

PRELIMINARY LOCAL CLIMATOLOGICAL DATA (WS FORM: F-6) , PAGE 2

                                          STATION:  COLORADO SPRINGS CO
                                          MONTH:    APRIL
                                          YEAR:     2014
                                          LATITUDE:   38 49 N
                                          LONGITUDE: 104 43 W

[TEMPERATURE DATA]      [PRECIPITATION DATA]       SYMBOLS USED IN COLUMN 16

AVERAGE MONTHLY: 46.9   TOTAL FOR MONTH:   0.90    1 = FOG OR MIST
DPTR FM NORMAL:   1.6   DPTR FM NORMAL:   -0.05    2 = FOG REDUCING VISIBILITY
HIGHEST:    78 ON 11    GRTST 24HR  0.51 ON  2- 3      TO 1/4 MILE OR LESS
LOWEST:     18 ON 14, 4                            3 = THUNDER
                        SNOW, ICE PELLETS, HAIL    4 = ICE PELLETS
                        TOTAL MONTH:   7.5 INCHES  5 = HAIL
                        GRTST 24HR   6.0 ON  3- 3  6 = FREEZING RAIN OR DRIZZLE
                        GRTST DEPTH:   4 ON  3     7 = DUSTSTORM OR SANDSTORM:
                                                       VSBY 1/2 MILE OR LESS
                                                   8 = SMOKE OR HAZE
[NO. OF DAYS WITH]      [WEATHER - DAYS WITH]      9 = BLOWING SNOW
                                                   X = TORNADO
MAX 32 OR BELOW:   0    0.01 INCH OR MORE:   7
MAX 90 OR ABOVE:   0    0.10 INCH OR MORE:   3
MIN 32 OR BELOW:  12    0.50 INCH OR MORE:   0
MIN  0 OR BELOW:   0    1.00 INCH OR MORE:   0

[HDD (BASE 65) ]
TOTAL THIS MO.   392    CLEAR  (SCALE 0-3)   2
DPTR FM NORMAL   -40    PTCLDY (SCALE 4-7)  18
TOTAL FM JUL 1  5660    CLOUDY (SCALE 8-10)  2
DPTR FM NORMAL  -140

[CDD (BASE 65) ]
TOTAL THIS MO.     0
DPTR FM NORMAL     0    [PRESSURE DATA]
TOTAL FM JAN 1     0    HIGHEST SLP M ON M
DPTR FM NORMAL     0    LOWEST  SLP 29.50 ON 13

[REMARKS]




U.S. Dept. of Commerce
NOAA National Weather Service
1325 East West Highway
Silver Spring, MD 20910
E-mail: w-nws.webmaster@noaa.gov
Page last modified: May 16, 2007
NATIONAL WEATHER SERVICE: for Safety, for Work, for Fun - FOR LIFE