719
CXUS55 KPUB 011629 CCA
CF6COS

PRELIMINARY LOCAL CLIMATOLOGICAL DATA (WS FORM: F-6)

                                          STATION:   COLORADO SPRINGS CO
                                          MONTH:     NOVEMBER
                                          YEAR:      2014
                                          LATITUDE:   38 49 N
                                          LONGITUDE: 104 43 W

  TEMPERATURE IN F:       :PCPN:    SNOW:  WIND      :SUNSHINE: SKY     :PK WND
================================================================================
1   2   3   4   5  6A  6B    7    8   9   10  11  12  13   14  15   16   17  18
                                     12Z  AVG MX 2MIN
DY MAX MIN AVG DEP HDD CDD  WTR  SNW DPTH SPD SPD DIR MIN PSBL S-S WX    SPD DR
================================================================================

 1  71  35  53   9  12   0 0.00  0.0    0 10.2 36 220   M    M   6        41 210
 2  65  43  54  10  11   0 0.00  0.0    0 12.1 28 220   M    M   7        36 210
 3  56  33  45   2  20   0 0.01    T    0 10.8 32 350   M    M   6        38 350
 4  56  28  42  -1  23   0    T  0.0    0  6.2 14 160   M    M   3        19 180
 5  62  30  46   3  19   0 0.00  0.0    0  8.2 17 150   M    M   4        22 160
 6  64  29  47   5  18   0 0.00  0.0    0  6.1 15 150   M    M   1        17 150
 7  67  33  50   8  15   0 0.00  0.0    0 10.6 23 350   M    M   6        30 360
 8  58  30  44   3  21   0    T  0.0    0  9.0 22 350   M    M   4        25 360
 9  64  42  53  12  12   0 0.00  0.0    0  5.3 17 220   M    M   7        23 220
10  70  16  43   3  22   0 0.04  0.2    0 17.3 46  20   M    M   6 18     55  10
11  16   9  13 -27  52   0 0.04  2.5    1  9.2 14 150   M    M  10 18     14 150
12   9   0   5 -35  60   0 0.02  0.6    3  8.5 16  50   M    M  10 18     20  40
13   7  -4   2 -37  63   0    T    T    3  7.1 15 150   M    M   8 18     17 150
14  34   3  19 -20  46   0    T    T    2  5.1 15 230   M    M   6 18     21 230
15  46  10  28 -10  37   0 0.07  2.0    2  7.8 21 350   M    M   6 1      26 340
16  32   3  18 -20  47   0 0.01  0.5    3  5.2 14 190   M    M   4 1      15 190
17  37   9  23 -14  42   0 0.00  0.0    3  4.6 13 160   M    M   0        17 210
18  52  13  33  -4  32   0 0.00  0.0    3  7.4 28 310   M    M   4        33 320
19  47  26  37   1  28   0 0.00  0.0    0  6.1 14  20   M    M   7        18 140
20  53  26  40   4  25   0 0.00  0.0    0  6.8 15 140   M    M   7        18 140
21  55  24  40   4  25   0 0.00  0.0    0  6.9 14  20   M    M   4        16 140
22  61  23  42   7  23   0 0.00  0.0    0 10.9 30 310   M    M   4        44 300
23  48  20  34  -1  31   0 0.07  1.0    0 12.4 29  20   M    M   7 1      33  10
24  40  16  28  -6  37   0    T  0.3    1 15.5 35 360   M    M   5 1      44 360
25  50  15  33  -1  32   0 0.00  0.0    T 12.4 32 310   M    M   5        41 320
26  39  21  30  -4  35   0 0.00  0.0    0  6.0 23  10   M    M   6        26  10
27  66  21  44  11  21   0 0.00  0.0    0  8.8 31 300   M    M   6        43 290
28  69  37  53  20  12   0 0.00  0.0    0  6.4 16 320   M    M   7        21 320
29  69  38  54  22  11   0 0.00  0.0    0  8.9 28 240   M    M   5        32 230
30  61  17  39   7  26   0    T    T    0 11.0 31 210   M    M   6        36 210
================================================================================
SM 1524 646        858   0 0.26  7.1     262.8          M      167
================================================================================
AV 50.8 21.5                               8.8 FASTST   M    M   6      MAX(MPH)
                                 MISC ---->    46  20                     55  10
================================================================================
NOTES:
COLUMN 17 PEAK WIND IN M.P.H.

PRELIMINARY LOCAL CLIMATOLOGICAL DATA (WS FORM: F-6) , PAGE 2

                                          STATION:  COLORADO SPRINGS CO
                                          MONTH:    NOVEMBER
                                          YEAR:     2014
                                          LATITUDE:   38 49 N
                                          LONGITUDE: 104 43 W

[TEMPERATURE DATA]      [PRECIPITATION DATA]       SYMBOLS USED IN COLUMN 16

AVERAGE MONTHLY: 36.2   TOTAL FOR MONTH:   0.26     1 = FOG OR MIST
DPTR  FM NORMAL: -1.9   DPTR  FM NORMAL:  -0.14     2 = FOG REDUCING VISIBILITY
HIGHEST:    71 ON  1    GRTST 24HR 0.08 ON 11,15-16     TO 1/4 MILE OR LESS
LOWEST:     -4 ON 13                                3 = THUNDER
                        SNOW, ICE PELLETS, HAIL     4 = ICE PELLETS
                        TOTAL MONTH: 7.1 INCHES     5 = HAIL
                        GRTST 24HR 2.5 ON 11,15-16  6 = FREEZING RAIN OR DRIZZLE
                        GRTST DEPTH: 3 ON 18,17     7 = DUSTSTORM OR SANDSTORM:
                                                        VSBY 1/2 MILE OR LESS
                                                    8 = SMOKE OR HAZE
[NO. OF DAYS WITH]      [WEATHER - DAYS WITH]       9 = BLOWING SNOW
                                                    X = TORNADO
MAX 32 OR BELOW:   4    0.01 INCH OR MORE:   7
MAX 90 OR ABOVE:   0    0.10 INCH OR MORE:   0
MIN 32 OR BELOW:  23    0.50 INCH OR MORE:   0
MIN  0 OR BELOW:   2    1.00 INCH OR MORE:   0

[HDD (BASE 65) ]
TOTAL THIS MO.   858    CLEAR  (SCALE 0-3)   3
DPTR FM NORMAL    51    PTCLDY (SCALE 4-7)  24
TOTAL FM JUL 1  1325    CLOUDY (SCALE 8-10)  3
DPTR FM NORMAL  -156

[CDD (BASE 65) ]
TOTAL THIS MO.     0
DPTR FM NORMAL     0    [PRESSURE DATA]
TOTAL FM JAN 1   487    HIGHEST SLP 30.71 ON 12
DPTR FM NORMAL    32    LOWEST  SLP 29.29 ON 10

[REMARKS]
#FINAL-11-14#




U.S. Dept. of Commerce
NOAA National Weather Service
1325 East West Highway
Silver Spring, MD 20910
E-mail: w-nws.webmaster@noaa.gov
Page last modified: May 16, 2007
NATIONAL WEATHER SERVICE: for Safety, for Work, for Fun - FOR LIFE