031
CXUS55 KPUB 281059
CF6COS
PRELIMINARY LOCAL CLIMATOLOGICAL DATA (WS FORM: F-6)

                                          STATION:   COLORADO SPRINGS CO
                                          MONTH:     JULY
                                          YEAR:      2014
                                          LATITUDE:   38 49 N
                                          LONGITUDE: 104 43 W

  TEMPERATURE IN F:       :PCPN:    SNOW:  WIND      :SUNSHINE: SKY     :PK WND
================================================================================
1   2   3   4   5  6A  6B    7    8   9   10  11  12  13   14  15   16   17  18
                                     12Z  AVG MX 2MIN
DY MAX MIN AVG DEP HDD CDD  WTR  SNW DPTH SPD SPD DIR MIN PSBL S-S WX    SPD DR
================================================================================

 1  73  55  64  -6   1   0    T  0.0    0  7.9 20 150   M    M   9        25 150
 2  67  56  62  -8   3   0 0.00  0.0    0  9.2 16 120   M    M   9        19 130
 3  89  50  70   0   0   5 0.48    T    0  8.1 33 320   M    M   5 135    43 330
 4  90  59  75   5   0  10 0.08  0.0    0  9.5 32 190   M    M   6 3      45 130
 5  92  56  74   4   0   9 0.00  0.0    0  9.6 24  40   M    M   6        30  40
 6  94  62  78   8   0  13 0.00  0.0    0  8.6 28 340   M    M   5        39 360
 7  95  61  78   7   0  13    T  0.0    0  9.2 30 360   M    M   6        37  10
 8  74  53  64  -7   1   0 0.01  0.0    0 11.1 29 150   M    M   7 13     32 160
 9  89  52  71   0   0   6    T  0.0    0  8.8 29 230   M    M   6 3      35 220
10  92  55  74   3   0   9 0.00  0.0    0  9.0 22  90   M    M   4        28  80
11  92  66  79   8   0  14 0.11  0.0    0 13.0 30 340   M    M   6 3      41 340
12  86  61  74   3   0   9 0.53  0.0    0  6.9 35  30   M    M   7 138    41  30
13  79  58  69  -2   0   4 0.02  0.0    0  7.6 12 170   M    M   8 3      17  90
14  83  55  69  -2   0   4 0.77    T    0  7.8 38 200   M    M   6 1358   51 210
15  64  57  61 -10   4   0 0.11  0.0    0  8.4 22 120   M    M  10 1238   26 120
16  78  53  66  -5   0   1 0.78    T    0  7.5 47  70   M    M   8 12358  57  70
17  72  50  61 -10   4   0 0.00  0.0    0  8.7 18  20   M    M   7 12     22 140
18  85  55  70  -1   0   5    T  0.0    0  5.0 21  30   M    M   5 13     28 360
19  88  56  72   1   0   7    T  0.0    0  8.9 29  60   M    M   4 3      38  70
20  92  60  76   5   0  11    T  0.0    0  8.7 26 310   M    M   5        34 300
21  89  63  76   5   0  11 0.00  0.0    0  7.4 21 210   M    M   6        25 210
22  91  58  75   4   0  10 0.00  0.0    0  7.9 26  40   M    M   3        32  30
23  90  60  75   4   0  10 0.00  0.0    0  9.5 24 150   M    M   4        36 150
24  95  59  77   6   0  12    T  0.0    0  9.7 32 360   M    M   6 3      42 340
25  91  64  78   7   0  13    T  0.0    0  8.9 32 300   M    M   7 3      41 300
26  91  60  76   5   0  11    T  0.0    0 11.6 35 300   M    M   6 3      45 300
27  82  56  69  -2   0   4 0.19  0.0    0  7.9 37 160   M    M   6 13     48 150
================================================================================
SM 2303 1550        13 191  3.08    T    236.4          M      167
================================================================================
AV 85.3 57.4                               8.8 FASTST   M    M   6    MAX(MPH)
                                 MISC ---->  # 47  70               # 57   70
================================================================================
NOTES:
# LAST OF SEVERAL OCCURRENCES

COLUMN 17 PEAK WIND IN M.P.H.

PRELIMINARY LOCAL CLIMATOLOGICAL DATA (WS FORM: F-6) , PAGE 2

                                          STATION:  COLORADO SPRINGS CO
                                          MONTH:    JULY
                                          YEAR:     2014
                                          LATITUDE:   38 49 N
                                          LONGITUDE: 104 43 W

[TEMPERATURE DATA]      [PRECIPITATION DATA]       SYMBOLS USED IN COLUMN 16

AVERAGE MONTHLY: 71.4   TOTAL FOR MONTH:   3.08    1 = FOG OR MIST
DPTR FM NORMAL:   0.6   DPTR FM NORMAL:    0.67    2 = FOG REDUCING VISIBILITY
HIGHEST:    95 ON 24, 7 GRTST 24HR  0.79 ON 13-14      TO 1/4 MILE OR LESS
LOWEST:     50 ON 17, 3                            3 = THUNDER
                        SNOW, ICE PELLETS, HAIL    4 = ICE PELLETS
                        TOTAL MONTH:    T          5 = HAIL
                        GRTST 24HR    T  ON 16-16  6 = FREEZING RAIN OR DRIZZLE
                        GRTST DEPTH:   0           7 = DUSTSTORM OR SANDSTORM:
                                                       VSBY 1/2 MILE OR LESS
                                                   8 = SMOKE OR HAZE
[NO. OF DAYS WITH]      [WEATHER - DAYS WITH]      9 = BLOWING SNOW
                                                   X = TORNADO
MAX 32 OR BELOW:   0    0.01 INCH OR MORE:  10
MAX 90 OR ABOVE:  12    0.10 INCH OR MORE:   7
MIN 32 OR BELOW:   0    0.50 INCH OR MORE:   3
MIN  0 OR BELOW:   0    1.00 INCH OR MORE:   0

[HDD (BASE 65) ]
TOTAL THIS MO.    13    CLEAR  (SCALE 0-3)   0
DPTR FM NORMAL    10    PTCLDY (SCALE 4-7)  23
TOTAL FM JUL 1    13    CLOUDY (SCALE 8-10)  4
DPTR FM NORMAL    10

[CDD (BASE 65) ]
TOTAL THIS MO.   191
DPTR FM NORMAL    26    [PRESSURE DATA]
TOTAL FM JAN 1   308    HIGHEST SLP M ON M
DPTR FM NORMAL    50    LOWEST  SLP 29.79 ON  1

[REMARKS]




U.S. Dept. of Commerce
NOAA National Weather Service
1325 East West Highway
Silver Spring, MD 20910
E-mail: w-nws.webmaster@noaa.gov
Page last modified: May 16, 2007
NATIONAL WEATHER SERVICE: for Safety, for Work, for Fun - FOR LIFE