450
CXUS51 KGYX 261100
CF6CON
PRELIMINARY LOCAL CLIMATOLOGICAL DATA (WS FORM: F-6)

                                          STATION:   CONCORD NH
                                          MONTH:     NOVEMBER
                                          YEAR:      2014
                                          LATITUDE:   43 12 N
                                          LONGITUDE:  71 30 W

  TEMPERATURE IN F:       :PCPN:    SNOW:  WIND      :SUNSHINE: SKY     :PK WND
================================================================================
1   2   3   4   5  6A  6B    7    8   9   10  11  12  13   14  15   16   17  18
                                     12Z  AVG MX 2MIN
DY MAX MIN AVG DEP HDD CDD  WTR  SNW DPTH SPD SPD DIR MIN PSBL S-S WX    SPD DR
================================================================================

 1  43  30  37  -6  28   0 0.21  0.0    0  7.3 16  10   M    M   8 18     22 350
 2  40  36  38  -5  27   0 0.00  0.0    0 17.3 32 320   M    M   4        45 330
 3  51  29  40  -2  25   0 0.00  0.0    0 10.9 25 310   M    M   1        36 300
 4  55  25  40  -2  25   0 0.00  0.0    0  1.9  8 110   M    M   6        11 110
 5  62  29  46   4  19   0 0.00  0.0    0  3.8 20 260   M    M   2        27 280
 6  46  29  38  -4  27   0 0.22  0.0    0  3.0 10 340   M    M   7 1      13  30
 7  45  36  41   0  24   0 0.05  0.0    0 13.4 26 310   M    M   8 1      35 300
 8  46  32  39  -2  26   0 0.00  0.0    0  7.8 23 300   M    M   4        30 300
 9  54  27  41   0  24   0 0.00  0.0    0  4.6 14 310   M    M   7        18 310
10  55  26  41   1  24   0 0.00  0.0    0  0.4  8 280   M    M   1 1      10 280
11  59  27  43   3  22   0 0.00  0.0    0  3.4 14 140   M    M   4 1      19 140
12  62  39  51  11  14   0 0.01  0.0    0  5.7 16 310   M    M   7 12     22 310
13  47  26  37  -2  28   0 0.04    T    0  4.9 15 310   M    M   4 1      18 310
14  43  27  35  -4  30   0 0.02    T    0  7.0 20 310   M    M   5 1      25 300
15  39  17  28 -11  37   0 0.00  0.0    0  5.3 18 320   M    M   0        24 310
16  38  16  27 -11  38   0 0.00  0.0    0  3.3 13 200   M    M   7        16 200
17  36  32  34  -4  31   0 0.87  0.3    T  3.0  8 330   M    M  10 1      10  90
18  36  22  29  -9  36   0 0.00  0.0    0 10.0 24 260   M    M   4 1      37 270
19  35  21  28  -9  37   0 0.00  0.0    0  8.2 16 280   M    M   1        26 280
20  42  23  33  -4  32   0 0.00  0.0    0  6.8 20 240   M    M   6        26 240
21  31  20  26 -10  39   0 0.00  0.0    0 11.7 25 310   M    M   2        34 300
22  39  11  25 -11  40   0 0.00  0.0    0  5.8 15 210   M    M   3        21 190
23  57  32  45   9  20   0    T  0.0    0  3.6 15 240   M    M   7 1      19 230
24  66  33  50  15  15   0 0.39  0.0    0  8.8 20 210   M    M   6 1      30 210
25  63  32  48  13  17   0 0.00  0.0    0  6.7 24 250   M    M   0        34 250
================================================================================
SM 1190  677       685   0  1.81     0.3 164.6          M      114
================================================================================
AV 47.6 27.1                               6.6 FASTST   M    M   5    MAX(MPH)
                                 MISC ---->  # 32 320               # 45  330
================================================================================
NOTES:
# LAST OF SEVERAL OCCURRENCES

COLUMN 17 PEAK WIND IN M.P.H.

PRELIMINARY LOCAL CLIMATOLOGICAL DATA (WS FORM: F-6) , PAGE 2

                                          STATION:  CONCORD NH
                                          MONTH:    NOVEMBER
                                          YEAR:     2014
                                          LATITUDE:   43 12 N
                                          LONGITUDE:  71 30 W

[TEMPERATURE DATA]      [PRECIPITATION DATA]       SYMBOLS USED IN COLUMN 16

AVERAGE MONTHLY: 37.3   TOTAL FOR MONTH:   1.81    1 = FOG OR MIST
DPTR FM NORMAL:  -1.9   DPTR FM NORMAL:   -1.33    2 = FOG REDUCING VISIBILITY
HIGHEST:    66 ON 24    GRTST 24HR  0.87 ON 16-17      TO 1/4 MILE OR LESS
LOWEST:     11 ON 22                               3 = THUNDER
                        SNOW, ICE PELLETS, HAIL    4 = ICE PELLETS
                        TOTAL MONTH:   0.3 INCH    5 = HAIL
                        GRTST 24HR   0.3 ON   M    6 = FREEZING RAIN OR DRIZZLE
                        GRTST DEPTH:   T           7 = DUSTSTORM OR SANDSTORM:
                                                       VSBY 1/2 MILE OR LESS
                                                   8 = SMOKE OR HAZE
[NO. OF DAYS WITH]      [WEATHER - DAYS WITH]      9 = BLOWING SNOW
                                                   X = TORNADO
MAX 32 OR BELOW:   1    0.01 INCH OR MORE:   8
MAX 90 OR ABOVE:   0    0.10 INCH OR MORE:   4
MIN 32 OR BELOW:  21    0.50 INCH OR MORE:   1
MIN  0 OR BELOW:   0    1.00 INCH OR MORE:   0

[HDD (BASE 65) ]
TOTAL THIS MO.   685    CLEAR  (SCALE 0-3)   8
DPTR FM NORMAL    40    PTCLDY (SCALE 4-7)  16
TOTAL FM JUL 1  1315    CLOUDY (SCALE 8-10)  1
DPTR FM NORMAL   -89

[CDD (BASE 65) ]
TOTAL THIS MO.     0
DPTR FM NORMAL     0    [PRESSURE DATA]
TOTAL FM JAN 1   387    HIGHEST SLP M ON M
DPTR FM NORMAL   -65    LOWEST  SLP 29.44 ON M

[REMARKS]




U.S. Dept. of Commerce
NOAA National Weather Service
1325 East West Highway
Silver Spring, MD 20910
E-mail: w-nws.webmaster@noaa.gov
Page last modified: May 16, 2007
NATIONAL WEATHER SERVICE: for Safety, for Work, for Fun - FOR LIFE