893
CXUS51 KGYX 291000
CF6CON
PRELIMINARY LOCAL CLIMATOLOGICAL DATA (WS FORM: F-6)

                                          STATION:   CONCORD NH
                                          MONTH:     AUGUST
                                          YEAR:      2014
                                          LATITUDE:   43 12 N
                                          LONGITUDE:  71 30 W

  TEMPERATURE IN F:       :PCPN:    SNOW:  WIND      :SUNSHINE: SKY     :PK WND
================================================================================
1   2   3   4   5  6A  6B    7    8   9   10  11  12  13   14  15   16   17  18
                                     12Z  AVG MX 2MIN
DY MAX MIN AVG DEP HDD CDD  WTR  SNW DPTH SPD SPD DIR MIN PSBL S-S WX    SPD DR
================================================================================

 1  82  58  70   0   0   5 0.00  0.0    0  2.5 12 140   M    M   5 12     16 130
 2  76  56  66  -4   0   1    T  0.0    0  3.5  9 140   M    M   3 1       M  M
 3  76  54  65  -5   0   0    T  0.0    0  2.6 10 180   M    M   5 12     17 200
 4  85  58  72   2   0   7 0.00  0.0    0  2.4 10 210   M    M   3 123    14 220
 5  84  60  72   2   0   7    T  0.0    0  3.1 23 330   M    M   5 12     29 320
 6  82  57  70   0   0   5 0.02  0.0    0  6.9 17 300   M    M   5 1      23 320
 7  75  51  63  -7   2   0 0.01  0.0    0  4.3 16 320   M    M   3        22 300
 8  81  49  65  -5   0   0 0.00  0.0    0  5.2 16 320   M    M   1        21 290
 9  85  53  69  -1   0   4 0.00  0.0    0  3.7 14 320   M    M   1        19 330
10  85  52  69  -1   0   4    T  0.0    0  2.6 10 350   M    M   2 1      12 320
11  86  59  73   4   0   8 0.00  0.0    0  3.3  9 110   M    M   4 12     13 100
12  81  57  69   0   0   4 0.00  0.0    0  4.8 15 170   M    M   1 1      21 170
13  66  60  63  -6   2   0 2.12  0.0    0  8.9 26 320   M    M   9 12     34 320
14  74  49  62  -7   3   0 0.00  0.0    0  7.0 17 270   M    M   2        24 270
15  70  50  60  -9   5   0    T  0.0    0  4.5 14 270   M    M   9        21 280
16  75  50  63  -6   2   0 0.01  0.0    0  4.1 15 200   M    M   3        19 280
17  76  53  65  -4   0   0    T  0.0    0  6.0 18 320   M    M   5        24 320
18  74  49  62  -6   3   0 0.00  0.0    0  6.5 18 320   M    M   2        26 320
19  78  44  61  -7   4   0 0.00  0.0    0  2.1 12 310   M    M   0        15 310
20  81  48  65  -3   0   0 0.00  0.0    0  2.7 10 130   M    M   0 1      15 140
21  68  51  60  -8   5   0 1.23  0.0    0  3.1 10 320   M    M   6 1      13 320
22  69  56  63  -5   2   0 0.22  0.0    0  3.8 10  80   M    M  10 1      20 100
23  73  54  64  -4   1   0 0.00  0.0    0  3.5 12  40   M    M   7 1      16  30
24  82  53  68   1   0   3 0.00  0.0    0  1.9 13  20   M    M   4 12     22  10
25  88  53  71   4   0   6 0.00  0.0    0  1.7  7 280   M    M   0 1      11 290
26  87  56  72   5   0   7 0.00  0.0    0  2.9 12 230   M    M   2 12     16 280
27  87  63  75   8   0  10 0.00  0.0    0  6.2 16 220   M    M   0        23 230
28  78  56  67   1   0   2 0.00  0.0    0  8.7 21 340   M    M   3        28 330
================================================================================
SM 2204 1509        29  73  3.61     0.0 118.5          M      100
================================================================================
AV 78.7 53.9                               4.2 FASTST   M    M   4    MAX(MPH)
                                 MISC ---->  # 26 320               # 34  320
================================================================================
NOTES:
# LAST OF SEVERAL OCCURRENCES

COLUMN 17 PEAK WIND IN M.P.H.

PRELIMINARY LOCAL CLIMATOLOGICAL DATA (WS FORM: F-6) , PAGE 2

                                          STATION:  CONCORD NH
                                          MONTH:    AUGUST
                                          YEAR:     2014
                                          LATITUDE:   43 12 N
                                          LONGITUDE:  71 30 W

[TEMPERATURE DATA]      [PRECIPITATION DATA]       SYMBOLS USED IN COLUMN 16

AVERAGE MONTHLY: 66.3   TOTAL FOR MONTH:   3.61    1 = FOG OR MIST
DPTR FM NORMAL:  -2.4   DPTR FM NORMAL:    0.71    2 = FOG REDUCING VISIBILITY
HIGHEST:    88 ON 25    GRTST 24HR  2.12 ON 13-13      TO 1/4 MILE OR LESS
LOWEST:     44 ON 19                               3 = THUNDER
                        SNOW, ICE PELLETS, HAIL    4 = ICE PELLETS
                        TOTAL MONTH:   0.0 INCH    5 = HAIL
                        GRTST 24HR     0.0         6 = FREEZING RAIN OR DRIZZLE
                        GRTST DEPTH:   0           7 = DUSTSTORM OR SANDSTORM:
                                                       VSBY 1/2 MILE OR LESS
                                                   8 = SMOKE OR HAZE
[NO. OF DAYS WITH]      [WEATHER - DAYS WITH]      9 = BLOWING SNOW
                                                   X = TORNADO
MAX 32 OR BELOW:   0    0.01 INCH OR MORE:   6
MAX 90 OR ABOVE:   0    0.10 INCH OR MORE:   3
MIN 32 OR BELOW:   0    0.50 INCH OR MORE:   2
MIN  0 OR BELOW:   0    1.00 INCH OR MORE:   2

[HDD (BASE 65) ]
TOTAL THIS MO.    29    CLEAR  (SCALE 0-3)  15
DPTR FM NORMAL     3    PTCLDY (SCALE 4-7)  10
TOTAL FM JUL 1    29    CLOUDY (SCALE 8-10)  3
DPTR FM NORMAL   -14

[CDD (BASE 65) ]
TOTAL THIS MO.    73
DPTR FM NORMAL   -57    [PRESSURE DATA]
TOTAL FM JAN 1   323    HIGHEST SLP M ON M
DPTR FM NORMAL   -81    LOWEST  SLP 29.64 ON 13

[REMARKS]




U.S. Dept. of Commerce
NOAA National Weather Service
1325 East West Highway
Silver Spring, MD 20910
E-mail: w-nws.webmaster@noaa.gov
Page last modified: May 16, 2007
NATIONAL WEATHER SERVICE: for Safety, for Work, for Fun - FOR LIFE