184
CXUS51 KGYX 301000
CF6CON
PRELIMINARY LOCAL CLIMATOLOGICAL DATA (WS FORM: F-6)

                                          STATION:   CONCORD NH
                                          MONTH:     SEPTEMBER
                                          YEAR:      2014
                                          LATITUDE:   43 12 N
                                          LONGITUDE:  71 30 W

  TEMPERATURE IN F:       :PCPN:    SNOW:  WIND      :SUNSHINE: SKY     :PK WND
================================================================================
1   2   3   4   5  6A  6B    7    8   9   10  11  12  13   14  15   16   17  18
                                     12Z  AVG MX 2MIN
DY MAX MIN AVG DEP HDD CDD  WTR  SNW DPTH SPD SPD DIR MIN PSBL S-S WX    SPD DR
================================================================================

 1  88  63  76  11   0  11 0.00  0.0    0  1.7  9 310   M    M   3 12     14 290
 2  87  63  75  10   0  10 0.04  0.0    0  3.8 15 230   M    M   5 12     21 200
 3  82  56  69   4   0   4 0.01  0.0    0  7.8 21 300   M    M   2        29 290
 4  83  51  67   3   0   2 0.00  0.0    0  2.6 12 220   M    M   1 1      15 250
 5  89  57  73   9   0   8 0.00  0.0    0  4.9 17 220   M    M   0 1      22 200
 6  89  62  76  12   0  11 0.04  0.0    0  7.0 29 340   M    M   4 1      36 330
 7  77  50  64   1   1   0    T  0.0    0  5.2 14 320   M    M   1        19 310
 8  75  45  60  -3   5   0 0.00  0.0    0  3.1 10 130   M    M   1 1      14 130
 9  70  42  56  -7   9   0 0.00  0.0    0  3.3 13  80   M    M   1 1      17  60
10  71  53  62   0   3   0 0.00  0.0    0  2.3  8 200   M    M   8 1      14 230
11  71  58  65   3   0   0 0.02  0.0    0  7.8 17 290   M    M   8 1      25 300
12  68  47  58  -4   7   0 0.00  0.0    0 10.2 21 310   M    M   3        26 290
13  58  39  49 -12  16   0 0.18  0.0    0  3.0 10 110   M    M   8 1      17 110
14  63  37  50 -11  15   0 0.00  0.0    0  8.4 22 310   M    M   2        25 310
15  66  35  51  -9  14   0 0.00  0.0    0  2.1 10 350   M    M   2        14 270
16  65  48  57  -3   8   0 0.10  0.0    0  1.2  7 260   M    M   8 12     10 220
17  69  43  56  -4   9   0 0.00  0.0    0  1.3 14 250   M    M   6 12     21 250
18  71  38  55  -4  10   0 0.00  0.0    0  5.1 14 340   M    M   4 12     18 320
19  59  31  45 -14  20   0 0.00  0.0    0  2.7 10 200   M    M   0 1      15  60
20  67  30  49  -9  16   0 0.00  0.0    0  5.0 12 170   M    M   6        16 180
21  77  51  64   6   1   0 0.03  0.0    0  4.6 12 180   M    M   6 12     16 170
22  69  40  55  -2  10   0    T  0.0    0 10.3 25 280   M    M   2 12     35 270
23  71  37  54  -3  11   0 0.00  0.0    0  6.0 17 310   M    M   1        24 320
24  68  39  54  -3  11   0 0.00  0.0    0  2.1 12  80   M    M   4 12     16 110
25  63  42  53  -3  12   0 0.00  0.0    0  0.7  8 180   M    M   4 12      9 180
26  77  44  61   5   4   0 0.00  0.0    0  2.3 10 340   M    M   4 12     14 350
27  85  43  64   9   1   0 0.00  0.0    0  2.8  9 310   M    M   0 1      13 290
28  87  50  69  14   0   4 0.00  0.0    0  1.5 10 280   M    M   2 12     14 280
29  77  53  65  11   0   0 0.00  0.0    0  3.7 15  90   M    M   4 12     20  90
================================================================================
SM 2142 1347       183  50  0.42     0.0 122.5          M      100
================================================================================
AV 73.9 46.4                               4.2 FASTST   M    M   3    MAX(MPH)
                                 MISC ---->  # 29 340               # 36  330
================================================================================
NOTES:
# LAST OF SEVERAL OCCURRENCES

COLUMN 17 PEAK WIND IN M.P.H.

PRELIMINARY LOCAL CLIMATOLOGICAL DATA (WS FORM: F-6) , PAGE 2

                                          STATION:  CONCORD NH
                                          MONTH:    SEPTEMBER
                                          YEAR:     2014
                                          LATITUDE:   43 12 N
                                          LONGITUDE:  71 30 W

[TEMPERATURE DATA]      [PRECIPITATION DATA]       SYMBOLS USED IN COLUMN 16

AVERAGE MONTHLY: 60.2   TOTAL FOR MONTH:   0.42    1 = FOG OR MIST
DPTR FM NORMAL:  -0.0   DPTR FM NORMAL:   -2.83    2 = FOG REDUCING VISIBILITY
HIGHEST:    89 ON  6, 5 GRTST 24HR  0.21 ON 31- 1      TO 1/4 MILE OR LESS
LOWEST:     30 ON 20                               3 = THUNDER
                        SNOW, ICE PELLETS, HAIL    4 = ICE PELLETS
                        TOTAL MONTH:   0.0 INCH    5 = HAIL
                        GRTST 24HR     0.0         6 = FREEZING RAIN OR DRIZZLE
                        GRTST DEPTH:   0           7 = DUSTSTORM OR SANDSTORM:
                                                       VSBY 1/2 MILE OR LESS
                                                   8 = SMOKE OR HAZE
[NO. OF DAYS WITH]      [WEATHER - DAYS WITH]      9 = BLOWING SNOW
                                                   X = TORNADO
MAX 32 OR BELOW:   0    0.01 INCH OR MORE:   7
MAX 90 OR ABOVE:   0    0.10 INCH OR MORE:   2
MIN 32 OR BELOW:   2    0.50 INCH OR MORE:   0
MIN  0 OR BELOW:   0    1.00 INCH OR MORE:   0

[HDD (BASE 65) ]
TOTAL THIS MO.   183    CLEAR  (SCALE 0-3)  14
DPTR FM NORMAL     8    PTCLDY (SCALE 4-7)  12
TOTAL FM JUL 1   215    CLOUDY (SCALE 8-10)  3
DPTR FM NORMAL    -8

[CDD (BASE 65) ]
TOTAL THIS MO.    50
DPTR FM NORMAL    13    [PRESSURE DATA]
TOTAL FM JAN 1   381    HIGHEST SLP M ON M
DPTR FM NORMAL   -69    LOWEST  SLP 29.50 ON 22

[REMARKS]




U.S. Dept. of Commerce
NOAA National Weather Service
1325 East West Highway
Silver Spring, MD 20910
E-mail: w-nws.webmaster@noaa.gov
Page last modified: May 16, 2007
NATIONAL WEATHER SERVICE: for Safety, for Work, for Fun - FOR LIFE