272
CXUS55 KRIW 010901
CF6COD
PRELIMINARY LOCAL CLIMATOLOGICAL DATA (WS FORM: F-6)

                                          STATION:   CODY WY
                                          MONTH:     JANUARY
                                          YEAR:      2015
                                          LATITUDE:   44 31 N
                                          LONGITUDE: 109  1 W

  TEMPERATURE IN F:       :PCPN:    SNOW:  WIND      :SUNSHINE: SKY     :PK WND
================================================================================
1   2   3   4   5  6A  6B    7    8   9   10  11  12  13   14  15   16   17  18
                                     12Z  AVG MX 2MIN
DY MAX MIN AVG DEP HDD CDD  WTR  SNW DPTH SPD SPD DIR MIN PSBL S-S WX    SPD DR
================================================================================

 1  21  -6   8 -18  57   0    M    M    M  2.3 17  40   M    M   6         M  M
 2  45  10  28   2  37   0    M    M    M  4.7 17 250   M    M   2        27 270
 3  34   0  17  -9  48   0    M    M    M  8.4 21 330   M    M   5        35  10
 4   5   0   3 -23  62   0    M    M    M  5.8 12  20   M    M   5         M  M
 5  46   3  25  -1  40   0    M    M    M 10.9 27 260   M    M   5        44 260
 6  52   5  29   2  36   0 0.00  0.0    M 13.7 27  40   M    M   4        35  20
 7  25   5  15 -12  50   0 0.00  0.0    M  7.1 13  40   M    M   3        18 310
 8  36   5  21  -6  44   0 0.00  0.0    M  9.0 25 340   M    M   6        32 340
 9  23   1  12 -15  53   0    M    M    M  1.3  8 160   M    M   0         M  M
10  43   9  26  -1  39   0    M    M    M  2.9  9  40   M    M   1         M  M
11  30  19  25  -2  40   0 0.00  0.0    M  7.1 15  40   M    M  10         M  M
12  28  12  20  -7  45   0 0.00  0.0    M  1.8  7  50   M    M   3         M  M
13  30   9  20  -7  45   0    M    M    M  1.7  6  50   M    M   6         M  M
14  27   7  17 -10  48   0    M    M    M  3.2  9 160   M    M   0         M  M
15  50   7  29   2  36   0    M    M    M  4.6 22 230   M    M   0        28 230
16  52  34  43  16  22   0    M    M    M 15.9 24 250   M    M   3        41 250
17  46  34  40  13  25   0    M    M    M 14.1 27 250   M    M   0        43 260
18  55  39  47  20  18   0    M    M    M 15.4 25 260   M    M   1        43 260
19  45  32  39  12  26   0    M    M    M  8.6 20 310   M    M   2        31 270
20  37  21  29   2  36   0    M    M    M  4.6 13 270   M    M   7        18 270
21  34  14  24  -3  41   0    M    M    M  5.1 14 140   M    M   4         M  M
22  34  12  23  -4  42   0    M    M    M  3.5  8  30   M    M   1         M  M
23  45  19  32   5  33   0 0.00  0.0    M  3.8 10  50   M    M   2         M  M
24  48  23  36   9  29   0 0.00  0.0    M 14.8 24 250   M    M   3        36 250
25  61  43  52  25  13   0 0.00  0.0    M 13.5 21 250   M    M   1        33 250
26  57  28  43  16  22   0 0.00  0.0    M  4.7  9  40   M    M   0         M  M
27  64  34  49  22  16   0 0.00  0.0    M  8.9 21 240   M    M   2        32 240
28  52  36  44  17  21   0 0.01    M    M  6.2 12 320   M    M  10        23 280
29  45  27  36   9  29   0    M    M    M  6.2 13 220   M    M   1         M  M
30  43  23  33   6  32   0    M    M    M  1.9  5 160   M    M   0         M  M
31  43  14  29   2  36   0    M    M    M 11.5 24 360   M    M   4        31 360
================================================================================
SM 1256  519      1121   0  0.01     0.0 223.2          M       97
================================================================================
AV 40.5 16.7                               7.2 FASTST   M    M   3    MAX(MPH)
                                 MISC ---->  # 27 260                 44    M
================================================================================
NOTES:
# LAST OF SEVERAL OCCURRENCES

COLUMN 17 PEAK WIND IN M.P.H.

PRELIMINARY LOCAL CLIMATOLOGICAL DATA (WS FORM: F-6) , PAGE 2

                                          STATION:  CODY WY
                                          MONTH:    JANUARY
                                          YEAR:     2015
                                          LATITUDE:   44 31 N
                                          LONGITUDE: 109  1 W

[TEMPERATURE DATA]      [PRECIPITATION DATA]       SYMBOLS USED IN COLUMN 16

AVERAGE MONTHLY: 28.6   TOTAL FOR MONTH:   0.01    1 = FOG OR MIST
DPTR FM NORMAL:   1.8   DPTR FM NORMAL:       M    2 = FOG REDUCING VISIBILITY
HIGHEST:    64 ON 27    GRTST 24HR  0.01 ON 28-28      TO 1/4 MILE OR LESS
LOWEST:     -6 ON  1                               3 = THUNDER
                        SNOW, ICE PELLETS, HAIL    4 = ICE PELLETS
                        TOTAL MONTH:   0.0 INCH    5 = HAIL
                        GRTST 24HR     0.0         6 = FREEZING RAIN OR DRIZZLE
                        GRTST DEPTH:  M  ON   M    7 = DUSTSTORM OR SANDSTORM:
                                                       VSBY 1/2 MILE OR LESS
                                                   8 = SMOKE OR HAZE
[NO. OF DAYS WITH]      [WEATHER - DAYS WITH]      9 = BLOWING SNOW
                                                   X = TORNADO
MAX 32 OR BELOW:   8    0.01 INCH OR MORE:   1
MAX 90 OR ABOVE:   0    0.10 INCH OR MORE:   0
MIN 32 OR BELOW:  25    0.50 INCH OR MORE:   0
MIN  0 OR BELOW:   3    1.00 INCH OR MORE:   0

[HDD (BASE 65) ]
TOTAL THIS MO.  1121    CLEAR  (SCALE 0-3)  18
DPTR FM NORMAL     M    PTCLDY (SCALE 4-7)  11
TOTAL FM JUL 1  3791    CLOUDY (SCALE 8-10)  2
DPTR FM NORMAL     M

[CDD (BASE 65) ]
TOTAL THIS MO.     0
DPTR FM NORMAL     0    [PRESSURE DATA]
TOTAL FM JAN 1     0    HIGHEST SLP M ON M
DPTR FM NORMAL     0    LOWEST  SLP M ON M

[REMARKS]
#FINAL-01-15#




U.S. Dept. of Commerce
NOAA National Weather Service
1325 East West Highway
Silver Spring, MD 20910
E-mail: w-nws.webmaster@noaa.gov
Page last modified: May 16, 2007
NATIONAL WEATHER SERVICE: for Safety, for Work, for Fun - FOR LIFE