015
CXUS55 KRIW 230901
CF6COD
PRELIMINARY LOCAL CLIMATOLOGICAL DATA (WS FORM: F-6)

                                          STATION:   CODY WY
                                          MONTH:     APRIL
                                          YEAR:      2014
                                          LATITUDE:   44 31 N
                                          LONGITUDE: 109  1 W

  TEMPERATURE IN F:       :PCPN:    SNOW:  WIND      :SUNSHINE: SKY     :PK WND
================================================================================
1   2   3   4   5  6A  6B    7    8   9   10  11  12  13   14  15   16   17  18
                                     12Z  AVG MX 2MIN
DY MAX MIN AVG DEP HDD CDD  WTR  SNW DPTH SPD SPD DIR MIN PSBL S-S WX    SPD DR
================================================================================

 1  46  19  33  -9  32   0 0.00  0.0    M  6.1 13  20   M    M   2        16  10
 2  28  25  27 -15  38   0 0.06    M    M  7.5 14 230   M    M  10         M  M
 3  39  19  29 -13  36   0 0.21    M    M  3.5  8 230   M    M   2         M  M
 4  50  30  40  -2  25   0 0.00  0.0    M 12.3 22 200   M    M   0        29 260
 5  52  34  43   1  22   0 0.00  0.0    M  7.5 15 260   M    M   3        23 260
 6  52  34  43   0  22   0 0.00  0.0    M 10.1 23 260   M    M   4        29 260
 7  57  28  43   0  22   0 0.00  0.0    M  5.9 17 330   M    M   3        25 330
 8  68  37  53  10  12   0 0.00  0.0    M 10.0 21 260   M    M   0        30 260
 9  70  43  57  14   8   0 0.03    M    M 11.8 24 330   M    M   3        38 290
10  63  34  49   5  16   0    M    M    M  7.0 18 250   M    M   3        29 250
11  66  41  54  10  11   0    M    M    M 10.7 20 240   M    M   0        32 250
12  50  25  38  -6  27   0    M    M    M 14.0 25 350   M    M   6        36 350
13  28  19  24 -20  41   0    M    M    M 13.7 21 350   M    M   7        28 350
14  46  21  34 -10  31   0    M    M    M  7.6 15 260   M    M   0        21 280
15  55  34  45   0  20   0    M    M    M 10.5 21 360   M    M   4        31 250
16  46  28  37  -8  28   0 0.00  0.0    M  3.7 10 340   M    M   5        17 310
17  63  27  45   0  20   0 0.00  0.0    M  6.8 15 170   M    M   1        21 270
18  63  37  50   4  15   0    M    M    M 10.9 22 220   M    M   2        29 220
19  64  30  47   1  18   0    M    M    M  7.2 16 250   M    M   0        23 250
20  63  45  54   8  11   0    M    M    M  8.1 18  20   M    M   0        23  10
21  64  36  50   4  15   0 0.00  0.0    0  5.7 15 110   M    M   0        22 110
22  70  45  58  11   7   0    M    M    M 10.7 20 160   M    M   4        32 250
================================================================================
SM 1203  691       477   0  0.30     0.0 191.3          M       59
================================================================================
AV 54.7 31.4                               8.7 FASTST   M    M   3    MAX(MPH)
                                 MISC ---->    25   M               # 38  290
================================================================================
NOTES:
# LAST OF SEVERAL OCCURRENCES

COLUMN 17 PEAK WIND IN M.P.H.

PRELIMINARY LOCAL CLIMATOLOGICAL DATA (WS FORM: F-6) , PAGE 2

                                          STATION:  CODY WY
                                          MONTH:    APRIL
                                          YEAR:     2014
                                          LATITUDE:   44 31 N
                                          LONGITUDE: 109  1 W

[TEMPERATURE DATA]      [PRECIPITATION DATA]       SYMBOLS USED IN COLUMN 16

AVERAGE MONTHLY: 43.0   TOTAL FOR MONTH:   0.30    1 = FOG OR MIST
DPTR FM NORMAL:  -1.0   DPTR FM NORMAL:   -0.39    2 = FOG REDUCING VISIBILITY
HIGHEST:    70 ON 22, 9 GRTST 24HR  0.21 ON  3- 3      TO 1/4 MILE OR LESS
LOWEST:     19 ON 13, 3                            3 = THUNDER
                        SNOW, ICE PELLETS, HAIL    4 = ICE PELLETS
                        TOTAL MONTH:   0.0 INCH    5 = HAIL
                        GRTST 24HR     0.0         6 = FREEZING RAIN OR DRIZZLE
                        GRTST DEPTH:   0           7 = DUSTSTORM OR SANDSTORM:
                                                       VSBY 1/2 MILE OR LESS
                                                   8 = SMOKE OR HAZE
[NO. OF DAYS WITH]      [WEATHER - DAYS WITH]      9 = BLOWING SNOW
                                                   X = TORNADO
MAX 32 OR BELOW:   2    0.01 INCH OR MORE:   3
MAX 90 OR ABOVE:   0    0.10 INCH OR MORE:   1
MIN 32 OR BELOW:  11    0.50 INCH OR MORE:   0
MIN  0 OR BELOW:   0    1.00 INCH OR MORE:   0

[HDD (BASE 65) ]
TOTAL THIS MO.   477    CLEAR  (SCALE 0-3)  12
DPTR FM NORMAL     M    PTCLDY (SCALE 4-7)   9
TOTAL FM JUL 1  6774    CLOUDY (SCALE 8-10)  1
DPTR FM NORMAL     M

[CDD (BASE 65) ]
TOTAL THIS MO.     0
DPTR FM NORMAL     0    [PRESSURE DATA]
TOTAL FM JAN 1     0    HIGHEST SLP M ON M
DPTR FM NORMAL     0    LOWEST  SLP M ON M

[REMARKS]




U.S. Dept. of Commerce
NOAA National Weather Service
1325 East West Highway
Silver Spring, MD 20910
E-mail: w-nws.webmaster@noaa.gov
Page last modified: May 16, 2007
NATIONAL WEATHER SERVICE: for Safety, for Work, for Fun - FOR LIFE