483
CXUS55 KRIW 010901
CF6COD
PRELIMINARY LOCAL CLIMATOLOGICAL DATA (WS FORM: F-6)

                                          STATION:   CODY WY
                                          MONTH:     NOVEMBER
                                          YEAR:      2014
                                          LATITUDE:   44 31 N
                                          LONGITUDE: 109  1 W

  TEMPERATURE IN F:       :PCPN:    SNOW:  WIND      :SUNSHINE: SKY     :PK WND
================================================================================
1   2   3   4   5  6A  6B    7    8   9   10  11  12  13   14  15   16   17  18
                                     12Z  AVG MX 2MIN
DY MAX MIN AVG DEP HDD CDD  WTR  SNW DPTH SPD SPD DIR MIN PSBL S-S WX    SPD DR
================================================================================

 1  63  45  54  12  11   0 0.00  0.0    0  4.2 16 270   M    M   1        23 270
 2  52  30  41   0  24   0 0.00  0.0    0 10.1 22 250   M    M   3        32 260
 3  48  21  35  -6  30   0 0.00  0.0    0  4.3 14 250   M    M   1        29 250
 4  50  39  45   5  20   0 0.00  0.0    0 18.6 25 260   M    M   2        41 250
 5  55  45  50  10  15   0 0.00  0.0    0  9.7 22 260   M    M   1        29 260
 6  63  37  50  10  15   0    M    M    M  9.7 18 250   M    M   0        29 250
 7  59  34  47   8  18   0    M    M    M 10.7 21 230   M    M   5        36 230
 8  63  28  46   7  19   0    M    M    M 10.9 23 260   M    M   0        32 260
 9  63  25  44   6  21   0    M    M    M 12.1 22 240   M    M   1        33 240
10  25  10  18 -20  47   0    M    M    M 12.7 25 340   M    M  10        39 340
11  10  -9   1 -36  64   0    M    M    M 10.5 17 340   M    M   7        22 340
12   3 -11  -4 -41  69   0    M    M    M  4.7 10 120   M    M   2         M  M
13  10 -17  -3 -39  68   0    M    M    M  3.3  7 190   M    M   2         M  M
14   9   3   6 -30  59   0    M    M    M  7.0 16  20   M    M  10         M  M
15   7 -11  -2 -37  67   0    M    M    M  5.3 13 350   M    M   3         M  M
16  21 -15   3 -32  62   0    M    M    M  3.9  9 130   M    M   2         M  M
17  25   1  13 -21  52   0 0.00  0.0    M  2.3  9  40   M    M   0         M  M
18  41   0  21 -13  44   0 0.00  0.0    M  6.8 20 270   M    M   4        36 290
19  34  12  23 -10  42   0 0.00  0.0    M  2.7  9 170   M    M   1         M  M
20  48  10  29  -4  36   0 0.00  0.0    M  4.5 18 230   M    M   2        27 290
21  48  36  42  10  23   0 0.00  0.0    M 11.4 16 250   M    M   0        29 270
22  46  34  40   8  25   0 0.00  0.0    M 14.5 37 240   M    M   1        47 240
23  39  27  33   1  32   0    M    M    M 10.3 18 230   M    M   3        36 230
24  37  28  33   2  32   0    M    M    M 11.6 23 250   M    M   4        39 250
25  43  25  34   3  31   0    M    M    M 13.6 30 240   M    M   7        45 240
26  28  19  24  -6  41   0    M    M    M  3.6  8  20   M    M   8         M  M
27  57  19  38   8  27   0    M    M    M 11.6 21 230   M    M   1        32 240
28  57  43  50  21  15   0    M    M    M 22.2 36 250   M    M   0        56 240
29  52  -6  23  -6  42   0    M    M    M 14.7 24  30   M    M   6        36 230
30   5  -9  -2 -31  67   0    M    M    M  4.4 21  30   M    M   3        27  30
================================================================================
SM 1161  493      1118   0  0.00     0.0 271.9          M       90
================================================================================
AV 38.7 16.4                               9.1 FASTST   M    M   3    MAX(MPH)
                                 MISC ---->    37   M                 56    M
================================================================================
NOTES:
# LAST OF SEVERAL OCCURRENCES

COLUMN 17 PEAK WIND IN M.P.H.

PRELIMINARY LOCAL CLIMATOLOGICAL DATA (WS FORM: F-6) , PAGE 2

                                          STATION:  CODY WY
                                          MONTH:    NOVEMBER
                                          YEAR:     2014
                                          LATITUDE:   44 31 N
                                          LONGITUDE: 109  1 W

[TEMPERATURE DATA]      [PRECIPITATION DATA]       SYMBOLS USED IN COLUMN 16

AVERAGE MONTHLY: 27.6   TOTAL FOR MONTH:   0.00    1 = FOG OR MIST
DPTR FM NORMAL:  -7.5   DPTR FM NORMAL:       M    2 = FOG REDUCING VISIBILITY
HIGHEST:    63 ON  9, 8 GRTST 24HR  0.00 ON 22-22      TO 1/4 MILE OR LESS
LOWEST:    -17 ON 13                               3 = THUNDER
                        SNOW, ICE PELLETS, HAIL    4 = ICE PELLETS
                        TOTAL MONTH:   0.0 INCH    5 = HAIL
                        GRTST 24HR     0.0         6 = FREEZING RAIN OR DRIZZLE
                        GRTST DEPTH:   0           7 = DUSTSTORM OR SANDSTORM:
                                                       VSBY 1/2 MILE OR LESS
                                                   8 = SMOKE OR HAZE
[NO. OF DAYS WITH]      [WEATHER - DAYS WITH]      9 = BLOWING SNOW
                                                   X = TORNADO
MAX 32 OR BELOW:  10    0.01 INCH OR MORE:   0
MAX 90 OR ABOVE:   0    0.10 INCH OR MORE:   0
MIN 32 OR BELOW:  22    0.50 INCH OR MORE:   0
MIN  0 OR BELOW:   8    1.00 INCH OR MORE:   0

[HDD (BASE 65) ]
TOTAL THIS MO.  1118    CLEAR  (SCALE 0-3)  20
DPTR FM NORMAL     M    PTCLDY (SCALE 4-7)   8
TOTAL FM JUL 1  1554    CLOUDY (SCALE 8-10)  2
DPTR FM NORMAL     M

[CDD (BASE 65) ]
TOTAL THIS MO.     0
DPTR FM NORMAL     0    [PRESSURE DATA]
TOTAL FM JAN 1   244    HIGHEST SLP M ON M
DPTR FM NORMAL   244    LOWEST  SLP M ON M

[REMARKS]
#FINAL-11-14#




U.S. Dept. of Commerce
NOAA National Weather Service
1325 East West Highway
Silver Spring, MD 20910
E-mail: w-nws.webmaster@noaa.gov
Page last modified: May 16, 2007
NATIONAL WEATHER SERVICE: for Safety, for Work, for Fun - FOR LIFE