505
CXUS55 KGJT 011000
CF6CNY
PRELIMINARY LOCAL CLIMATOLOGICAL DATA (WS FORM: F-6)

                                          STATION:   CANYONLANDS AIRPORT UT
                                          MONTH:     SEPTEMBER
                                          YEAR:      2014
                                          LATITUDE:   38 46 N
                                          LONGITUDE: 109 45 W

  TEMPERATURE IN F:       :PCPN:    SNOW:  WIND      :SUNSHINE: SKY     :PK WND
================================================================================
1   2   3   4   5  6A  6B    7    8   9   10  11  12  13   14  15   16   17  18
                                     12Z  AVG MX 2MIN
DY MAX MIN AVG DEP HDD CDD  WTR  SNW DPTH SPD SPD DIR MIN PSBL S-S WX    SPD DR
================================================================================

 1  89  53  71  -1   0   6 0.00    M    M  4.4 15 320   M    M   0        19 280
 2  95  59  77   5   0  12 0.00    M    M  5.3 15 210   M    M   0        18 200
 3  95  60  78   6   0  13 0.00    M    M  8.0 24 210   M    M   0        29 210
 4  90  57  74   2   0   9 0.00    M    M  9.5 35 140   M    M   0        39 140
 5  87  59  73   2   0   8    T    M    M  6.2 25 290   M    M   1        30 290
 6  90  56  73   2   0   8 0.00    M    M  4.4 15 260   M    M   0        20 260
 7  88  61  75   5   0  10    T    M    M  5.7 29 270   M    M   2 3      34 270
 8  79  62  71   1   0   6 0.57    M    M  5.1 21 270   M    M   6 13     24 270
 9  77  56  67  -3   0   2 0.03    M    M  6.8 31 300   M    M   4        40 310
10  80  51  66  -3   0   1 0.00    M    M  3.6 10 200   M    M   1        14 210
11  86  54  70   1   0   5 0.00    M    M  4.8 15 290   M    M   0        17 290
12  81  56  69   0   0   4 0.00    M    M  8.4 26  60   M    M   0        35  70
13  86  53  70   2   0   5 0.00    M    M  4.3 10 150   M    M   0        15 140
14  90  57  74   6   0   9 0.00    M    M  4.6 15 230   M    M   0        18 220
15  92  58  75   8   0  10 0.00    M    M  4.4 14 290   M    M   0        20 290
16  92  60  76   9   0  11 0.00    M    M  3.9 10 100   M    M   0        14 100
17  92  61  77  10   0  12 0.00    M    M  4.7 12 140   M    M   0        14 130
18  91  61  76  10   0  11 0.00    M    M  3.9 12 270   M    M   0        15 140
19  92  59  76  10   0  11 0.00    M    M  3.4 15 290   M    M   0        19 280
20  94  56  75  10   0  10 0.00    M    M  9.4 24  60   M    M   0        35  50
21  83  62  73   8   0   8 0.31    M    M  8.2 39 260   M    M   2 13     48 250
22  81  58  70   6   0   5 0.01    M    M  4.6 28 280   M    M   3 3      34 270
23  85  55  70   6   0   5 0.00    M    M  2.7 14 260   M    M   1        18 310
24  88  57  73   9   0   8 0.00    M    M  3.9 13  90   M    M   0        16  90
25  91  55  73  10   0   8 0.00    M    M  3.6 12 100   M    M   0        15  40
26  91  57  74  11   0   9 0.00    M    M  4.2 20 230   M    M   0        24 240
27  85  58  72  10   0   7 0.49    M    M  9.5 38 140   M    M   5 138    48 140
28  71  52  62   0   3   0 0.28    M    M  7.1 31 250   M    M   5 13     38 250
29  61  50  56  -5   9   0    T    M    M  5.7 24 270   M    M   3        28 270
30  69  47  58  -3   7   0 0.00    M    M  4.3 12 320   M    M   3        15 300
================================================================================
SM 2571 1700        19 213  1.69    M    164.6          M       36
================================================================================
AV 85.7 56.7                               5.5 FASTST   M    M   1    MAX(MPH)
                                 MISC ---->  # 39 260               # 48  250
================================================================================
NOTES:
# LAST OF SEVERAL OCCURRENCES

COLUMN 17 PEAK WIND IN M.P.H.

PRELIMINARY LOCAL CLIMATOLOGICAL DATA (WS FORM: F-6) , PAGE 2

                                          STATION:  CANYONLANDS AIRPORT UT
                                          MONTH:    SEPTEMBER
                                          YEAR:     2014
                                          LATITUDE:   38 46 N
                                          LONGITUDE: 109 45 W

[TEMPERATURE DATA]      [PRECIPITATION DATA]       SYMBOLS USED IN COLUMN 16

AVERAGE MONTHLY: 71.2   TOTAL FOR MONTH:   1.69    1 = FOG OR MIST
DPTR FM NORMAL:   4.1   DPTR FM NORMAL:    0.73    2 = FOG REDUCING VISIBILITY
HIGHEST:    95 ON  3, 2 GRTST 24HR  0.76 ON 27-28      TO 1/4 MILE OR LESS
LOWEST:     47 ON 30                               3 = THUNDER
                        SNOW, ICE PELLETS, HAIL    4 = ICE PELLETS
                        TOTAL MONTH:    M          5 = HAIL
                        GRTST 24HR    M  ON   M    6 = FREEZING RAIN OR DRIZZLE
                        GRTST DEPTH:  M  ON   M    7 = DUSTSTORM OR SANDSTORM:
                                                       VSBY 1/2 MILE OR LESS
                                                   8 = SMOKE OR HAZE
[NO. OF DAYS WITH]      [WEATHER - DAYS WITH]      9 = BLOWING SNOW
                                                   X = TORNADO
MAX 32 OR BELOW:   0    0.01 INCH OR MORE:   6
MAX 90 OR ABOVE:  13    0.10 INCH OR MORE:   4
MIN 32 OR BELOW:   0    0.50 INCH OR MORE:   1
MIN  0 OR BELOW:   0    1.00 INCH OR MORE:   0

[HDD (BASE 65) ]
TOTAL THIS MO.    19    CLEAR  (SCALE 0-3)  25
DPTR FM NORMAL   -38    PTCLDY (SCALE 4-7)   5
TOTAL FM JUL 1    19    CLOUDY (SCALE 8-10)  0
DPTR FM NORMAL   -39

[CDD (BASE 65) ]
TOTAL THIS MO.   213
DPTR FM NORMAL    95    [PRESSURE DATA]
TOTAL FM JAN 1  1446    HIGHEST SLP 30.12 ON 12
DPTR FM NORMAL   162    LOWEST  SLP 29.57 ON  3

[REMARKS]
#FINAL-09-14#




U.S. Dept. of Commerce
NOAA National Weather Service
1325 East West Highway
Silver Spring, MD 20910
E-mail: w-nws.webmaster@noaa.gov
Page last modified: May 16, 2007
NATIONAL WEATHER SERVICE: for Safety, for Work, for Fun - FOR LIFE