076
CXUS55 KGJT 311000
CF6CNY
PRELIMINARY LOCAL CLIMATOLOGICAL DATA (WS FORM: F-6)

                                          STATION:   CANYONLANDS AIRPORT UT
                                          MONTH:     JULY
                                          YEAR:      2014
                                          LATITUDE:   38 46 N
                                          LONGITUDE: 109 45 W

  TEMPERATURE IN F:       :PCPN:    SNOW:  WIND      :SUNSHINE: SKY     :PK WND
================================================================================
1   2   3   4   5  6A  6B    7    8   9   10  11  12  13   14  15   16   17  18
                                     12Z  AVG MX 2MIN
DY MAX MIN AVG DEP HDD CDD  WTR  SNW DPTH SPD SPD DIR MIN PSBL S-S WX    SPD DR
================================================================================

 1  95  59  77  -1   0  12 0.00    M    M  7.5 22  30   M    M   0        27  40
 2  99  65  82   4   0  17 0.00    M    M  5.1 17 300   M    M   0        21 300
 3  99  62  81   3   0  16 0.00    M    M 10.4 35 280   M    M   0        42 270
 4  99  68  84   5   0  19    T    M    M  6.9 28 360   M    M   0        44 360
 5  98  75  87   8   0  22 0.00    M    M  5.3 26  90   M    M   1        32  90
 6 102  63  83   4   0  18 0.00    M    M  5.1 17 170   M    M   0        22  50
 7 102  68  85   5   0  20 0.00    M    M  6.0 22  50   M    M   0        27  50
 8 101  70  86   6   0  21 0.00    M    M  8.0 28 330   M    M   0        36 320
 9  97  70  84   4   0  19 0.12    M    M  8.6 26 120   M    M   2        37 120
10  95  69  82   2   0  17 0.10    M    M  5.5 25 270   M    M   4 3      29 270
11  95  64  80   0   0  15 0.00    M    M  5.5 20 300   M    M   0        30 240
12  98  70  84   4   0  19 0.00    M    M  7.2 22 350   M    M   0        24 350
13 101  72  87   6   0  22 0.00    M    M  6.1 17  30   M    M   1        22  40
14 100  76  88   7   0  23 0.00    M    M  9.7 38 300   M    M   0 3      49 310
15  98  70  84   3   0  19 0.06    M    M  8.1 32  70   M    M   0 3      36  70
16  96  67  82   1   0  17 0.00    M    M  7.6 21 310   M    M   1 8      25 250
17  94  63  79  -2   0  14 0.00    M    M  3.8 17 320   M    M   0        21 320
18  98  61  80  -1   0  15 0.00    M    M  5.6 18 280   M    M   0        24 280
19 100  63  82   1   0  17 0.00    M    M  4.7 20 250   M    M   0        24 250
20 100  65  83   2   0  18    T    M    M  6.9 28 270   M    M   0        33 280
21  98  60  79  -2   0  14 0.00    M    M  7.5 21 220   M    M   0        28 180
22 102  61  82   1   0  17 0.00    M    M  3.8 14 300   M    M   0        19 320
23 105  69  87   6   0  22    T    M    M  9.6 35 160   M    M   0 3      44 150
24  97  79  88   7   0  23 0.00    M    M  8.9 24 150   M    M   1        30 160
25  97  76  87   6   0  22    T    M    M 10.3 31 280   M    M   2        39 280
26  98  70  84   3   0  19 0.00    M    M  8.0 26 270   M    M   1        35 260
27  99  70  85   4   0  20 0.02    M    M  7.1 30  30   M    M   2 3      35  30
28  89  63  76  -5   0  11 0.49    M    M  9.7 35 260   M    M   4 13     40 260
29  86  64  75  -6   0  10 0.58    M    M  5.5 33 180   M    M   1 138    39 180
30  87  60  74  -7   0   9 0.00    M    M  4.4 23  60   M    M   0        27  60
================================================================================
SM 2925 2012         0 527  1.37    M    208.4          M       20
================================================================================
AV 97.5 67.1                               6.9 FASTST   M    M   1    MAX(MPH)
                                 MISC ---->  # 38 300               # 49  310
================================================================================
NOTES:
# LAST OF SEVERAL OCCURRENCES

COLUMN 17 PEAK WIND IN M.P.H.

PRELIMINARY LOCAL CLIMATOLOGICAL DATA (WS FORM: F-6) , PAGE 2

                                          STATION:  CANYONLANDS AIRPORT UT
                                          MONTH:    JULY
                                          YEAR:     2014
                                          LATITUDE:   38 46 N
                                          LONGITUDE: 109 45 W

[TEMPERATURE DATA]      [PRECIPITATION DATA]       SYMBOLS USED IN COLUMN 16

AVERAGE MONTHLY: 82.3   TOTAL FOR MONTH:   1.37    1 = FOG OR MIST
DPTR FM NORMAL:   2.0   DPTR FM NORMAL:    0.56    2 = FOG REDUCING VISIBILITY
HIGHEST:   105 ON 23    GRTST 24HR  1.05 ON 28-29      TO 1/4 MILE OR LESS
LOWEST:     59 ON  1                               3 = THUNDER
                        SNOW, ICE PELLETS, HAIL    4 = ICE PELLETS
                        TOTAL MONTH:    M          5 = HAIL
                        GRTST 24HR    M  ON   M    6 = FREEZING RAIN OR DRIZZLE
                        GRTST DEPTH:  M  ON   M    7 = DUSTSTORM OR SANDSTORM:
                                                       VSBY 1/2 MILE OR LESS
                                                   8 = SMOKE OR HAZE
[NO. OF DAYS WITH]      [WEATHER - DAYS WITH]      9 = BLOWING SNOW
                                                   X = TORNADO
MAX 32 OR BELOW:   0    0.01 INCH OR MORE:   6
MAX 90 OR ABOVE:  27    0.10 INCH OR MORE:   4
MIN 32 OR BELOW:   0    0.50 INCH OR MORE:   1
MIN  0 OR BELOW:   0    1.00 INCH OR MORE:   0

[HDD (BASE 65) ]
TOTAL THIS MO.     0    CLEAR  (SCALE 0-3)  28
DPTR FM NORMAL     0    PTCLDY (SCALE 4-7)   2
TOTAL FM JUL 1     0    CLOUDY (SCALE 8-10)  0
DPTR FM NORMAL     0

[CDD (BASE 65) ]
TOTAL THIS MO.   527
DPTR FM NORMAL    68    [PRESSURE DATA]
TOTAL FM JAN 1   912    HIGHEST SLP M ON M
DPTR FM NORMAL   134    LOWEST  SLP 29.71 ON 16

[REMARKS]




U.S. Dept. of Commerce
NOAA National Weather Service
1325 East West Highway
Silver Spring, MD 20910
E-mail: w-nws.webmaster@noaa.gov
Page last modified: May 16, 2007
NATIONAL WEATHER SERVICE: for Safety, for Work, for Fun - FOR LIFE