222
CXUS55 KGJT 011000
CF6CNY
PRELIMINARY LOCAL CLIMATOLOGICAL DATA (WS FORM: F-6)

                                          STATION:   CANYONLANDS AIRPORT UT
                                          MONTH:     AUGUST
                                          YEAR:      2014
                                          LATITUDE:   38 46 N
                                          LONGITUDE: 109 45 W

  TEMPERATURE IN F:       :PCPN:    SNOW:  WIND      :SUNSHINE: SKY     :PK WND
================================================================================
1   2   3   4   5  6A  6B    7    8   9   10  11  12  13   14  15   16   17  18
                                     12Z  AVG MX 2MIN
DY MAX MIN AVG DEP HDD CDD  WTR  SNW DPTH SPD SPD DIR MIN PSBL S-S WX    SPD DR
================================================================================

 1  90  64  77  -3   0  12 0.00    M    M  4.5 16 340   M    M   1        24 310
 2  95  67  81   1   0  16 0.00    M    M  6.1 14  80   M    M   0        17 100
 3  90  66  78  -2   0  13 0.20    M    M  9.4 25 100   M    M   2 13     31 110
 4  79  64  72  -8   0   7 0.20    M    M  8.4 35 210   M    M   3 13     40 210
 5  88  62  75  -5   0  10 0.08    M    M  7.1 23 130   M    M   4 3      26 130
 6  92  61  77  -3   0  12 0.00    M    M  4.1 20 140   M    M   2        24 140
 7  92  63  78  -1   0  13 0.00    M    M  7.1 26  60   M    M   0        33  60
 8  92  60  76  -3   0  11 0.00    M    M  6.2 18 320   M    M   0        23 310
 9  93  61  77  -2   0  12    T    M    M  4.8 24 360   M    M   0        29 360
10  94  58  76  -3   0  11 0.00    M    M  4.7 16 300   M    M   0        19 300
11  96  62  79   1   0  14 0.00    M    M  4.6 20 170   M    M   0        24 180
12  93  69  81   3   0  16    T    M    M  6.9 24 170   M    M   2        29 240
13  78  63  71  -7   0   6 0.55    M    M  6.4 21 140   M    M   7 13     23 140
14  83  63  73  -5   0   8 0.10    M    M  2.5 12 120   M    M   5 1      13 140
15  91  65  78   0   0  13 0.00    M    M  3.1 16  50   M    M   1 38     19  50
16  96  68  82   5   0  17 0.00    M    M  4.5 15  70   M    M   1 3      19  70
17  97  66  82   5   0  17 0.00    M    M  4.5 16  70   M    M   0        20 100
18  98  65  82   5   0  17 0.00    M    M  6.9 38 260   M    M   0        46 260
19  81  60  71  -5   0   6 0.25    M    M  6.9 39 270   M    M   7 13     48 260
20  84  59  72  -4   0   7    T    M    M  5.0 38 280   M    M   3        45 290
21  83  55  69  -7   0   4 0.00    M    M  2.8 12 280   M    M   0        16 290
22  81  60  71  -5   0   6    T    M    M  7.3 24 130   M    M   5        28 120
23  72  58  65 -10   0   0 0.12    M    M  7.5 14 310   M    M   7 3      21 260
24  84  56  70  -5   0   5    T    M    M  6.6 26 310   M    M   1        32 320
25  88  59  74  -1   0   9 0.00    M    M  7.9 21 130   M    M   2        26 130
26  85  63  74   0   0   9    T    M    M  6.7 43 270   M    M   2 38     49 270
27  76  58  67  -7   0   2 0.06    M    M  6.9 16 290   M    M   6 13     24 320
28  84  57  71  -3   0   6 0.00    M    M  2.9 10 110   M    M   1        14 130
29  88  60  74   1   0   9 0.00    M    M  3.7 13 300   M    M   0        15 300
30  91  59  75   2   0  10 0.00    M    M  7.0 21 200   M    M   0        25 200
31  92  64  78   5   0  13 0.00    M    M 11.8 26 300   M    M   0        42 290
================================================================================
SM 2726 1915         0 311  1.56    M    184.8          M       62
================================================================================
AV 87.9 61.8                               6.0 FASTST   M    M   2    MAX(MPH)
                                 MISC ---->  # 43 270               # 49  270
================================================================================
NOTES:
# LAST OF SEVERAL OCCURRENCES

COLUMN 17 PEAK WIND IN M.P.H.

PRELIMINARY LOCAL CLIMATOLOGICAL DATA (WS FORM: F-6) , PAGE 2

                                          STATION:  CANYONLANDS AIRPORT UT
                                          MONTH:    AUGUST
                                          YEAR:     2014
                                          LATITUDE:   38 46 N
                                          LONGITUDE: 109 45 W

[TEMPERATURE DATA]      [PRECIPITATION DATA]       SYMBOLS USED IN COLUMN 16

AVERAGE MONTHLY: 74.9   TOTAL FOR MONTH:   1.56    1 = FOG OR MIST
DPTR FM NORMAL:  -2.1   DPTR FM NORMAL:    0.72    2 = FOG REDUCING VISIBILITY
HIGHEST:    98 ON 18    GRTST 24HR  0.65 ON 13-14      TO 1/4 MILE OR LESS
LOWEST:     55 ON 21                               3 = THUNDER
                        SNOW, ICE PELLETS, HAIL    4 = ICE PELLETS
                        TOTAL MONTH:    M          5 = HAIL
                        GRTST 24HR    M  ON   M    6 = FREEZING RAIN OR DRIZZLE
                        GRTST DEPTH:  M  ON   M    7 = DUSTSTORM OR SANDSTORM:
                                                       VSBY 1/2 MILE OR LESS
                                                   8 = SMOKE OR HAZE
[NO. OF DAYS WITH]      [WEATHER - DAYS WITH]      9 = BLOWING SNOW
                                                   X = TORNADO
MAX 32 OR BELOW:   0    0.01 INCH OR MORE:   8
MAX 90 OR ABOVE:  16    0.10 INCH OR MORE:   6
MIN 32 OR BELOW:   0    0.50 INCH OR MORE:   1
MIN  0 OR BELOW:   0    1.00 INCH OR MORE:   0

[HDD (BASE 65) ]
TOTAL THIS MO.     0    CLEAR  (SCALE 0-3)  24
DPTR FM NORMAL    -1    PTCLDY (SCALE 4-7)   7
TOTAL FM JUL 1     0    CLOUDY (SCALE 8-10)  0
DPTR FM NORMAL    -1

[CDD (BASE 65) ]
TOTAL THIS MO.   311
DPTR FM NORMAL   -62    [PRESSURE DATA]
TOTAL FM JAN 1  1233    HIGHEST SLP 30.11 ON 27
DPTR FM NORMAL    67    LOWEST  SLP 29.60 ON 31

[REMARKS]
#FINAL-08-14#




U.S. Dept. of Commerce
NOAA National Weather Service
1325 East West Highway
Silver Spring, MD 20910
E-mail: w-nws.webmaster@noaa.gov
Page last modified: May 16, 2007
NATIONAL WEATHER SERVICE: for Safety, for Work, for Fun - FOR LIFE