492
CXUS55 KGJT 011000
CF6CNY
PRELIMINARY LOCAL CLIMATOLOGICAL DATA (WS FORM: F-6)

                                          STATION:   CANYONLANDS AIRPORT UT
                                          MONTH:     NOVEMBER
                                          YEAR:      2014
                                          LATITUDE:   38 46 N
                                          LONGITUDE: 109 45 W

  TEMPERATURE IN F:       :PCPN:    SNOW:  WIND      :SUNSHINE: SKY     :PK WND
================================================================================
1   2   3   4   5  6A  6B    7    8   9   10  11  12  13   14  15   16   17  18
                                     12Z  AVG MX 2MIN
DY MAX MIN AVG DEP HDD CDD  WTR  SNW DPTH SPD SPD DIR MIN PSBL S-S WX    SPD DR
================================================================================

 1  74  54  64  18   1   0    T    M    M 15.7 29 150   M    M   3        36 150
 2  57  42  50   5  15   0 0.02    M    M  8.4 33 280   M    M   7        40 270
 3  52  32  42  -3  23   0 0.01    M    M  7.1 29 280   M    M   6        36 290
 4  54  23  39  -5  26   0 0.00    M    M  3.9 14 320   M    M   0        14 320
 5  61  27  44   0  21   0 0.00    M    M  5.1 13 310   M    M   0        14 310
 6  63  29  46   3  19   0 0.00    M    M  1.5  9 310   M    M   0        10 310
 7  63  29  46   3  19   0 0.00    M    M  2.1  7 240   M    M   0 8      10 350
 8  65  28  47   5  18   0 0.00    M    M  3.1 13 310   M    M   0        14 320
 9  63  31  47   5  18   0 0.00    M    M  3.7 10 140   M    M   0        12 150
10  62  28  45   4  20   0 0.00    M    M  9.8 40 310   M    M   0        49 310
11  56  18  37  -4  28   0 0.00    M    M  2.6 10 230   M    M   0        12 230
12  43  25  34  -6  31   0 0.00    M    M 10.9 29  70   M    M   0        34  80
13  41  22  32  -8  33   0    T    M    M  4.6 10 220   M    M   5        13 150
14  46  27  37  -2  28   0 0.00    M    M  3.8 10 330   M    M   7        12 330
15  54  21  38  -1  27   0    T    M    M  6.0 20 250   M    M   4 18     24 250
16  36  17  27 -11  38   0 0.00    M    M  7.0 21  50   M    M   2        27  50
17  41  13  27 -11  38   0 0.00    M    M  2.0  9 130   M    M   0        12 130
18  46  12  29  -8  36   0 0.00    M    M  2.6  9 130   M    M   0        11 140
19  47  19  33  -4  32   0 0.00    M    M  3.2  9 310   M    M   0        12 150
20  45  21  33  -3  32   0 0.00    M    M  1.4  8 110   M    M   6         9 120
21  50  16  33  -3  32   0 0.00    M    M  2.2  9 310   M    M   0 8      11 300
22  50  18  34  -1  31   0    T    M    M  3.9 15 310   M    M   4        19  30
23  47  26  37   2  28   0 0.00    M    M 16.8 33 300   M    M   1        40 300
24  47  20  34   0  31   0 0.00    M    M  9.6 29 300   M    M   1        34 310
25  46  18  32  -2  33   0 0.00    M    M  2.9 12 310   M    M   3        13 300
26  56  19  38   5  27   0 0.00    M    M  2.8 12 320   M    M   0        13 320
27  56  24  40   7  25   0 0.00    M    M  2.1 12 320   M    M   0        13 320
28  53  20  37   5  28   0 0.00    M    M  2.4  8 320   M    M   0        10 350
29  63  17  40   8  25   0 0.00    M    M  4.0 15 200   M    M   0        19 200
30  60  38  49  17  16   0 0.00    M    M  5.1 20 210   M    M   2        23 210
================================================================================
SM 1597  734       779   0  0.03    M    156.3          M       51
================================================================================
AV 53.2 24.5                               5.2 FASTST   M    M   2    MAX(MPH)
                                 MISC ---->  # 40 310               # 49  310
================================================================================
NOTES:
# LAST OF SEVERAL OCCURRENCES

COLUMN 17 PEAK WIND IN M.P.H.

PRELIMINARY LOCAL CLIMATOLOGICAL DATA (WS FORM: F-6) , PAGE 2

                                          STATION:  CANYONLANDS AIRPORT UT
                                          MONTH:    NOVEMBER
                                          YEAR:     2014
                                          LATITUDE:   38 46 N
                                          LONGITUDE: 109 45 W

[TEMPERATURE DATA]      [PRECIPITATION DATA]       SYMBOLS USED IN COLUMN 16

AVERAGE MONTHLY: 38.8   TOTAL FOR MONTH:   0.03    1 = FOG OR MIST
DPTR FM NORMAL:   0.1   DPTR FM NORMAL:   -0.66    2 = FOG REDUCING VISIBILITY
HIGHEST:    74 ON  1    GRTST 24HR  0.03 ON  2- 3      TO 1/4 MILE OR LESS
LOWEST:     12 ON 18                               3 = THUNDER
                        SNOW, ICE PELLETS, HAIL    4 = ICE PELLETS
                        TOTAL MONTH:    M          5 = HAIL
                        GRTST 24HR    M  ON   M    6 = FREEZING RAIN OR DRIZZLE
                        GRTST DEPTH:  M  ON   M    7 = DUSTSTORM OR SANDSTORM:
                                                       VSBY 1/2 MILE OR LESS
                                                   8 = SMOKE OR HAZE
[NO. OF DAYS WITH]      [WEATHER - DAYS WITH]      9 = BLOWING SNOW
                                                   X = TORNADO
MAX 32 OR BELOW:   0    0.01 INCH OR MORE:   2
MAX 90 OR ABOVE:   0    0.10 INCH OR MORE:   0
MIN 32 OR BELOW:  27    0.50 INCH OR MORE:   0
MIN  0 OR BELOW:   0    1.00 INCH OR MORE:   0

[HDD (BASE 65) ]
TOTAL THIS MO.   779    CLEAR  (SCALE 0-3)  23
DPTR FM NORMAL   -11    PTCLDY (SCALE 4-7)   7
TOTAL FM JUL 1  1025    CLOUDY (SCALE 8-10)  0
DPTR FM NORMAL  -184

[CDD (BASE 65) ]
TOTAL THIS MO.     0
DPTR FM NORMAL     0    [PRESSURE DATA]
TOTAL FM JAN 1  1447    HIGHEST SLP 30.53 ON 27
DPTR FM NORMAL   158    LOWEST  SLP 29.52 ON  1

[REMARKS]
#FINAL-11-14#




U.S. Dept. of Commerce
NOAA National Weather Service
1325 East West Highway
Silver Spring, MD 20910
E-mail: w-nws.webmaster@noaa.gov
Page last modified: May 16, 2007
NATIONAL WEATHER SERVICE: for Safety, for Work, for Fun - FOR LIFE