526
CXUS53 KICT 010800
CF6CNU
PRELIMINARY LOCAL CLIMATOLOGICAL DATA (WS FORM: F-6)

                                          STATION:   CHANUTE KS
                                          MONTH:     SEPTEMBER
                                          YEAR:      2014
                                          LATITUDE:   37 40 N
                                          LONGITUDE:  95 29 W

  TEMPERATURE IN F:       :PCPN:    SNOW:  WIND      :SUNSHINE: SKY     :PK WND
================================================================================
1   2   3   4   5  6A  6B    7    8   9   10  11  12  13   14  15   16   17  18
                                     12Z  AVG MX 2MIN
DY MAX MIN AVG DEP HDD CDD  WTR  SNW DPTH SPD SPD DIR MIN PSBL S-S WX    SPD DR
================================================================================

 1  84  63  74  -2   0   9    M    M    M 11.7 33 330   M    M   8 13     43 330
 2  86  69  78   2   0  13 0.12    M    M  6.5 18 180   M    M   2 13     23 180
 3  92  72  82   7   0  17 0.01    M    M 14.2 24 180   M    M   3 3      31 180
 4  94  76  85  10   0  20 0.00    M    M 15.3 25 180   M    M   0        34 210
 5  92  62  77   3   0  12 0.09    M    M 11.3 21  10   M    M   2 13     27  20
 6  76  57  67  -7   0   2 0.26    M    M  8.0 15  40   M    M   4 1      21  20
 7  79  53  66  -8   0   1 0.00    M    M  4.5 13 140   M    M   0        17 110
 8  86  60  73   0   0   8 0.00    M    M 10.5 22 170   M    M   3        28 170
 9  92  72  82   9   0  17 0.00    M    M 17.5 26 180   M    M   1 1      35 180
10  85  63  74   2   0   9 0.02    M    M 13.2 30 190   M    M   6 8      40 180
11  66  57  62 -10   3   0 0.01    M    M 11.2 16  40   M    M  10 1      23  50
12  58  50  54 -18  11   0 0.03    M    M  9.8 20  10   M    M   9 1      26 360
13  66  39  53 -18  12   0 0.00    M    M  6.9 15 120   M    M   1        19 130
14  76  52  64  -7   1   0 0.00    M    M  7.8 18 160   M    M   6        21 180
15  85  63  74   4   0   9    T    M    M 13.3 22 250   M    M   6 3      27 230
16  77  58  68  -2   0   3 0.00    M    M  6.4 14  30   M    M   5        19  40
17  91  63  77   8   0  12 0.00    M    M  8.4 17 220   M    M   4 1      22 220
18  78  63  71   2   0   6 2.56    M    M  8.1 26 170   M    M   4 13     33 170
19  76  62  69   1   0   4 0.00    M    M  7.8 13 180   M    M   6 18     23 110
20  85  65  75   7   0  10    T    M    M  8.4 20 210   M    M   4 18     26 210
21  80  55  68   1   0   3    T    M    M  8.0 16 360   M    M   2        22 360
22  75  49  62  -5   3   0 0.00    M    M  3.4 10 130   M    M   0        14 110
23  76  54  65  -1   0   0    T    M    M  9.2 20 170   M    M   0 3      23 180
24  78  59  69   3   0   4    T    M    M  7.7 15 180   M    M   5 8      20 160
25  81  59  70   4   0   5 0.00  0.0    M  6.9 14 180   M    M   4        19 180
26  80  58  69   4   0   4 0.00    M    M  6.6 15 180   M    M   2 8      22 130
27  81  57  69   4   0   4 0.00  0.0    M  6.9 15 160   M    M   1 1      17 140
28  82  53  68   4   0   3 0.00    M    M  1.5  9 180   M    M   1 1      11 190
29  84  56  70   6   0   5 0.00    M    M  2.7  9 180   M    M   1 1      13 180
30  83  58  71   7   0   6 0.00    M    M 11.0 21 170   M    M   1        29 170
================================================================================
SM 2424 1777        30 186  3.10     0.0 264.7          M      101
================================================================================
AV 80.8 59.2                               8.8 FASTST   M    M   3    MAX(MPH)
                                 MISC ---->  # 33 330               # 43  330
================================================================================
NOTES:
# LAST OF SEVERAL OCCURRENCES

COLUMN 17 PEAK WIND IN M.P.H.

PRELIMINARY LOCAL CLIMATOLOGICAL DATA (WS FORM: F-6) , PAGE 2

                                          STATION:  CHANUTE KS
                                          MONTH:    SEPTEMBER
                                          YEAR:     2014
                                          LATITUDE:   37 40 N
                                          LONGITUDE:  95 29 W

[TEMPERATURE DATA]      [PRECIPITATION DATA]       SYMBOLS USED IN COLUMN 16

AVERAGE MONTHLY: 70.0   TOTAL FOR MONTH:   3.10    1 = FOG OR MIST
DPTR FM NORMAL:   0.1   DPTR FM NORMAL:   -0.57    2 = FOG REDUCING VISIBILITY
HIGHEST:    94 ON  4    GRTST 24HR  2.56 ON 18-18      TO 1/4 MILE OR LESS
LOWEST:     39 ON 13                               3 = THUNDER
                        SNOW, ICE PELLETS, HAIL    4 = ICE PELLETS
                        TOTAL MONTH:   0.0 INCH    5 = HAIL
                        GRTST 24HR     0.0         6 = FREEZING RAIN OR DRIZZLE
                        GRTST DEPTH:  M  ON   M    7 = DUSTSTORM OR SANDSTORM:
                                                       VSBY 1/2 MILE OR LESS
                                                   8 = SMOKE OR HAZE
[NO. OF DAYS WITH]      [WEATHER - DAYS WITH]      9 = BLOWING SNOW
                                                   X = TORNADO
MAX 32 OR BELOW:   0    0.01 INCH OR MORE:   8
MAX 90 OR ABOVE:   5    0.10 INCH OR MORE:   3
MIN 32 OR BELOW:   0    0.50 INCH OR MORE:   1
MIN  0 OR BELOW:   0    1.00 INCH OR MORE:   1

[HDD (BASE 65) ]
TOTAL THIS MO.    30    CLEAR  (SCALE 0-3)  16
DPTR FM NORMAL   -16    PTCLDY (SCALE 4-7)  12
TOTAL FM JUL 1    31    CLOUDY (SCALE 8-10)  2
DPTR FM NORMAL   -16

[CDD (BASE 65) ]
TOTAL THIS MO.   186
DPTR FM NORMAL    -7    [PRESSURE DATA]
TOTAL FM JAN 1  1474    HIGHEST SLP M ON M
DPTR FM NORMAL   -23    LOWEST  SLP 29.52 ON M

[REMARKS]
#FINAL-09-14#




U.S. Dept. of Commerce
NOAA National Weather Service
1325 East West Highway
Silver Spring, MD 20910
E-mail: w-nws.webmaster@noaa.gov
Page last modified: May 16, 2007
NATIONAL WEATHER SERVICE: for Safety, for Work, for Fun - FOR LIFE