664
CXUS53 KICT 280800
CF6CNU
PRELIMINARY LOCAL CLIMATOLOGICAL DATA (WS FORM: F-6)

                                          STATION:   CHANUTE KS
                                          MONTH:     NOVEMBER
                                          YEAR:      2014
                                          LATITUDE:   37 40 N
                                          LONGITUDE:  95 29 W

  TEMPERATURE IN F:       :PCPN:    SNOW:  WIND      :SUNSHINE: SKY     :PK WND
================================================================================
1   2   3   4   5  6A  6B    7    8   9   10  11  12  13   14  15   16   17  18
                                     12Z  AVG MX 2MIN
DY MAX MIN AVG DEP HDD CDD  WTR  SNW DPTH SPD SPD DIR MIN PSBL S-S WX    SPD DR
================================================================================

 1   M   M   M   M   M   M 0.00    M    M  1.7  4 360   0    0   0         M  M
 2  62   M   M   M   M   M 0.00  0.0    M 20.3 29 180   0    0   0        39 180
 3  64  50  57   5   8   0 0.90  0.0    M 16.6 31 200   M    M   6 1      39 190
 4  59  43  51  -1  14   0 0.25  0.0    M  5.8 16 310   M    M   4 1      22 310
 5  64  36  50  -1  15   0 0.00  0.0    M  7.1 15 220   M    M   0        21 210
 6  58  32  45  -6  20   0 0.00    M    M  9.2 21 340   M    M   0        26 340
 7  63  32  48  -2  17   0 0.00    M    M 10.8 26 180   M    M   0        35 180
 8  55  33  44  -6  21   0 0.00    M    M  9.9 25 350   M    M   0        33 350
 9  66  34  50   0  15   0 0.00    M    M 12.2 21 190   M    M   0        27 190
10  74  36  55   6  10   0 0.00    M    M 17.5 32 190   M    M   2        44 190
11  38  28  33 -16  32   0    T    M    M 16.7 29 350   M    M   4 1      38 360
12  30  23  27 -21  38   0 0.00    M    M 12.9 15 330   M    M   1        22 320
13  33  16  25 -23  40   0 0.00    M    M  7.6 17 340   M    M   1        23 320
14  35  14  25 -22  40   0 0.00    M    M  4.0  9 140   M    M   0        14  90
15  37  24  31 -16  34   0    T    M    M  7.4 18 150   M    M   7        23 140
16  33  15  24 -22  41   0 0.06  0.0    M  8.7 18 330   M    M   7 12     24 320
17  27  12  20 -26  45   0 0.00  0.0    M 10.0 23 320   M    M   1        29 330
18  39   6  23 -22  42   0 0.00  0.0    M  8.0 20 200   M    M   0        26 210
19  52  22  37  -8  28   0 0.00  0.0    M  8.7 16 210   M    M   0        24 310
20  48  19  34 -10  31   0 0.00    M    M  7.4 14  70   M    M   0        19 360
21  54  30  42  -2  23   0 0.06    M    M  8.2 15 180   M    M   8 18     21 170
22  59  52  56  13   9   0 0.00    M    M 15.2 25 190   M    M  10 1      37 200
23  61  42  52   9  13   0 0.08    M    M 13.2 30 340   M    M  10 18     41 330
24  50  30  40  -2  25   0 0.00    M    M 12.9 25 300   M    M   0        36 280
25  47  22  35  -7  30   0 0.00    M    M  6.3 15 170   M    M   0        18 160
26  50  27  39  -2  26   0    T    M    M 13.2 30 310   M    M   6        37 320
27  43  20  32  -9  33   0 0.00  0.0    M  6.1 15 340   M    M   0        20 340
================================================================================
SM 1301  698       650   0  1.35     0.0 277.6            0     67
================================================================================
AV 50.0 27.9                              10.3 FASTST    0   0   2    MAX(MPH)
                                 MISC ---->  # 32 190               # 44  190
================================================================================
NOTES:
# LAST OF SEVERAL OCCURRENCES

COLUMN 17 PEAK WIND IN M.P.H.

PRELIMINARY LOCAL CLIMATOLOGICAL DATA (WS FORM: F-6) , PAGE 2

                                          STATION:  CHANUTE KS
                                          MONTH:    NOVEMBER
                                          YEAR:     2014
                                          LATITUDE:   37 40 N
                                          LONGITUDE:  95 29 W

[TEMPERATURE DATA]      [PRECIPITATION DATA]       SYMBOLS USED IN COLUMN 16

AVERAGE MONTHLY: 39.0   TOTAL FOR MONTH:   1.35    1 = FOG OR MIST
DPTR FM NORMAL:  -8.1   DPTR FM NORMAL:   -0.93    2 = FOG REDUCING VISIBILITY
HIGHEST:    74 ON 10    GRTST 24HR  1.15 ON  3- 4      TO 1/4 MILE OR LESS
LOWEST:      6 ON 18                               3 = THUNDER
                        SNOW, ICE PELLETS, HAIL    4 = ICE PELLETS
                        TOTAL MONTH:   0.0 INCH    5 = HAIL
                        GRTST 24HR     0.0         6 = FREEZING RAIN OR DRIZZLE
                        GRTST DEPTH:  M  ON   M    7 = DUSTSTORM OR SANDSTORM:
                                                       VSBY 1/2 MILE OR LESS
                                                   8 = SMOKE OR HAZE
[NO. OF DAYS WITH]      [WEATHER - DAYS WITH]      9 = BLOWING SNOW
                                                   X = TORNADO
MAX 32 OR BELOW:   2    0.01 INCH OR MORE:   5
MAX 90 OR ABOVE:   0    0.10 INCH OR MORE:   2
MIN 32 OR BELOW:  17    0.50 INCH OR MORE:   1
MIN  0 OR BELOW:   0    1.00 INCH OR MORE:   0

[HDD (BASE 65) ]
TOTAL THIS MO.   650    CLEAR  (SCALE 0-3)  18
DPTR FM NORMAL   165    PTCLDY (SCALE 4-7)   7
TOTAL FM JUL 1   860    CLOUDY (SCALE 8-10)  2
DPTR FM NORMAL    87

[CDD (BASE 65) ]
TOTAL THIS MO.     0
DPTR FM NORMAL     0    [PRESSURE DATA]
TOTAL FM JAN 1  1512    HIGHEST SLP  0.00 ON M
DPTR FM NORMAL   -17    LOWEST  SLP 29.32 ON 10

[REMARKS]




U.S. Dept. of Commerce
NOAA National Weather Service
1325 East West Highway
Silver Spring, MD 20910
E-mail: w-nws.webmaster@noaa.gov
Page last modified: May 16, 2007
NATIONAL WEATHER SERVICE: for Safety, for Work, for Fun - FOR LIFE