540
CXUS53 KICT 010800
CF6CNU
PRELIMINARY LOCAL CLIMATOLOGICAL DATA (WS FORM: F-6)

                                          STATION:   CHANUTE KS
                                          MONTH:     AUGUST
                                          YEAR:      2014
                                          LATITUDE:   37 40 N
                                          LONGITUDE:  95 29 W

  TEMPERATURE IN F:       :PCPN:    SNOW:  WIND      :SUNSHINE: SKY     :PK WND
================================================================================
1   2   3   4   5  6A  6B    7    8   9   10  11  12  13   14  15   16   17  18
                                     12Z  AVG MX 2MIN
DY MAX MIN AVG DEP HDD CDD  WTR  SNW DPTH SPD SPD DIR MIN PSBL S-S WX    SPD DR
================================================================================

 1  85  60  73  -7   0   8 0.00    M    M  5.2 13 160   M    M   3 12     23 150
 2  90  60  75  -5   0  10 0.00    M    M  3.2  9 130   M    M   1 1      13 150
 3  89  61  75  -5   0  10 0.00    M    M  5.1 14  70   M    M   0        20  50
 4  91  68  80   0   0  15 0.04    M    M  8.7 15 230   M    M   2        24 180
 5  94  69  82   2   0  17 0.00    M    M  7.7 16 210   M    M   0        19 210
 6  94  67  81   1   0  16 0.94    M    M 12.1 23 200   M    M   1 138    34 200
 7  91  69  80   0   0  15 0.02    M    M  7.3 16 190   M    M   4 13     22 180
 8  89  71  80   0   0  15    T    M    M  4.6 12  20   M    M   1 1      28  60
 9  88  69  79  -1   0  14 0.05    M    M  4.9 12 110   M    M   2 13     14 100
10  86  69  78  -2   0  13 0.01    M    M  6.9 25 330   M    M   2 3      36 340
11  87  62  75  -5   0  10 0.00    M    M  7.6 18 330   M    M   1 1      24 320
12  83  57  70 -10   0   5 0.00    M    M  6.9 15 340   M    M   0        22  10
13  85  53  69 -11   0   4 0.00    M    M  3.6  9  20   M    M   0        13 100
14  90  61  76  -4   0  11 0.00    M    M  6.5 12 190   M    M   0        20 170
15  93  72  83   4   0  18 0.09    M    M 13.4 22 180   M    M   4        37 180
16  95  74  85   6   0  20 0.00    M    M 10.1 22 190   M    M   3 3      28 190
17  92  65  79   0   0  14 0.00    M    M  5.4 12 350   M    M   0 1      16  80
18  93  68  81   2   0  16 0.01    M    M  6.7 24 330   M    M   1 3      33 310
19  98  71  85   6   0  20 0.20    M    M  9.1 23 260   M    M   1 38     30 260
20  95  71  83   4   0  18 0.00    M    M 13.5 24 190   M    M   0 18     31 160
21  98  76  87   8   0  22 0.00    M    M 16.2 23 180   M    M   0        30 180
22 100  76  88  10   0  23 0.00    M    M 11.6 24 280   M    M   0 3      30 280
23 100  74  87   9   0  22 0.00    M    M 13.9 23 170   M    M   0        30 210
24 100  75  88  10   0  23 0.00  0.0    M 12.8 22 200   M    M   0        30 180
25 100  72  86   8   0  21 0.00  0.0    M  7.7 14 200   M    M   0        17 180
26  99  70  85   7   0  20 0.00  0.0    M  5.8 13 140   M    M   1        17 180
27  97  70  84   7   0  19 0.00  0.0    M  6.7 14 110   M    M   1        18 110
28  94  71  83   6   0  18 0.00    M    M  9.5 18 150   M    M   1        23 150
29  90  69  80   3   0  15    M    M    M  7.9 20 230   M    M   3 1      25 230
30  95  69  82   5   0  17 0.00    M    M  5.0 12  30   M    M   0 1      17 120
31  96  71  84   8   0  19 0.00    M    M 17.2 32 170   M    M   0        40 170
================================================================================
SM 2877 2110         0 488  1.36     0.0 262.8          M       32
================================================================================
AV 92.8 68.1                               8.5 FASTST   M    M   1    MAX(MPH)
                                 MISC ---->  # 32 170               # 40  170
================================================================================
NOTES:
# LAST OF SEVERAL OCCURRENCES

COLUMN 17 PEAK WIND IN M.P.H.

PRELIMINARY LOCAL CLIMATOLOGICAL DATA (WS FORM: F-6) , PAGE 2

                                          STATION:  CHANUTE KS
                                          MONTH:    AUGUST
                                          YEAR:     2014
                                          LATITUDE:   37 40 N
                                          LONGITUDE:  95 29 W

[TEMPERATURE DATA]      [PRECIPITATION DATA]       SYMBOLS USED IN COLUMN 16

AVERAGE MONTHLY: 80.4   TOTAL FOR MONTH:   1.36    1 = FOG OR MIST
DPTR FM NORMAL:   1.5   DPTR FM NORMAL:   -2.33    2 = FOG REDUCING VISIBILITY
HIGHEST:   100 ON 25,24 GRTST 24HR  0.96 ON  6- 7      TO 1/4 MILE OR LESS
LOWEST:     53 ON 13                               3 = THUNDER
                        SNOW, ICE PELLETS, HAIL    4 = ICE PELLETS
                        TOTAL MONTH:   0.0 INCH    5 = HAIL
                        GRTST 24HR     0.0         6 = FREEZING RAIN OR DRIZZLE
                        GRTST DEPTH:  M  ON   M    7 = DUSTSTORM OR SANDSTORM:
                                                       VSBY 1/2 MILE OR LESS
                                                   8 = SMOKE OR HAZE
[NO. OF DAYS WITH]      [WEATHER - DAYS WITH]      9 = BLOWING SNOW
                                                   X = TORNADO
MAX 32 OR BELOW:   0    0.01 INCH OR MORE:   8
MAX 90 OR ABOVE:  23    0.10 INCH OR MORE:   2
MIN 32 OR BELOW:   0    0.50 INCH OR MORE:   1
MIN  0 OR BELOW:   0    1.00 INCH OR MORE:   0

[HDD (BASE 65) ]
TOTAL THIS MO.     0    CLEAR  (SCALE 0-3)  28
DPTR FM NORMAL    -1    PTCLDY (SCALE 4-7)   3
TOTAL FM JUL 1     1    CLOUDY (SCALE 8-10)  0
DPTR FM NORMAL     0

[CDD (BASE 65) ]
TOTAL THIS MO.   488
DPTR FM NORMAL    58    [PRESSURE DATA]
TOTAL FM JAN 1  1288    HIGHEST SLP  0.00 ON M
DPTR FM NORMAL   -16    LOWEST  SLP  0.00 ON 31

[REMARKS]
#FINAL-08-14#




U.S. Dept. of Commerce
NOAA National Weather Service
1325 East West Highway
Silver Spring, MD 20910
E-mail: w-nws.webmaster@noaa.gov
Page last modified: May 16, 2007
NATIONAL WEATHER SERVICE: for Safety, for Work, for Fun - FOR LIFE