851
CXUS56 KSGX 271445
CF6CNO
PRELIMINARY LOCAL CLIMATOLOGICAL DATA (WS FORM: F-6)

                                          STATION:   CHINO AIRPORT CA
                                          MONTH:     NOVEMBER
                                          YEAR:      2014
                                          LATITUDE:   33 58 N
                                          LONGITUDE: 117 38 W

  TEMPERATURE IN F:       :PCPN:    SNOW:  WIND      :SUNSHINE: SKY     :PK WND
================================================================================
1   2   3   4   5  6A  6B    7    8   9   10  11  12  13   14  15   16   17  18
                                     12Z  AVG MX 2MIN
DY MAX MIN AVG DEP HDD CDD  WTR  SNW DPTH SPD SPD DIR MIN PSBL S-S WX    SPD DR
================================================================================

 1  67  48  58  -4   7   0 0.31    M    M  7.2 17 310   M    M   5 1      22 310
 2  70  45  58  -4   7   0 0.00  0.0    0  3.4 13 240   M    M   2 1      16 240
 3  75  43  59  -3   6   0 0.00  0.0    0  3.3 16  80   M    M   1 18     25  80
 4  81  44  63   1   2   0 0.00  0.0    0  5.3 14 350   M    M   1        20 330
 5  88  48  68   7   0   3 0.00  0.0    0  4.9 17  90   M    M   0        29 100
 6  91  48  70   9   0   5 0.00  0.0    0  2.5  8 360   M    M   0 8       9 360
 7  91  48  70   9   0   5 0.00  0.0    0  2.7 13 230   M    M   0 8      16 230
 8  92  48  70  10   0   5 0.00  0.0    0  2.5 12 230   M    M   0 8      14 220
 9  87  49  68   8   0   3 0.00  0.0    0  4.6 13 300   M    M   1 18     15 250
10  74  52  63   3   2   0 0.00  0.0    0  4.2 14 240   M    M   5 18     16 240
11  68  58  63   4   2   0 0.00  0.0    0  2.7 10 270   M    M  10 18     13 270
12  72  54  63   4   2   0 0.00  0.0    0  5.4 13 260   M    M   9 8      15 260
13  70  52  61   3   4   0 0.00  0.0    0  3.5 12 230   M    M   8 18     15 250
14  73  57  65   7   0   0 0.00  0.0    0  4.7 13 260   M    M   7 18     15 260
15  73  54  64   6   1   0 0.00  0.0    0  5.3 15 240   M    M   8 18     18 240
16  73  50  62   4   3   0    T  0.0    0 10.6 30  80   M    M   4 178    52  60
17  77  47  62   5   3   0 0.00  0.0    0  8.8 23 120   M    M   3 8      32  80
18  80  43  62   5   3   0 0.00  0.0    0  5.2 17 130   M    M   4 8      22 130
19  77  41  59   3   6   0 0.00  0.0    0  4.0 14 240   M    M   2 8      17 240
20  71  43  57   1   8   0    T    M    0  3.8 14 240   M    M   4 18     18 230
21  72  48  60   4   5   0    T  0.0    0  3.1 14 230   M    M   4 138    16 230
22  73  43  58   2   7   0 0.00  0.0    0  3.4 13 250   M    M   1 18     16 330
23  80  45  63   8   2   0 0.00  0.0    0  7.7 29  50   M    M   2 178    40  50
24  77  37  57   2   8   0 0.00  0.0    0  7.1 22  50   M    M   2 8      35  70
25  80  39  60   5   5   0 0.00  0.0    0  2.2 15 140   M    M   0 8      17 140
26  89  39  64  10   1   0 0.00  0.0    0  1.4  7 360   M    M   0 8      10 350
================================================================================
SM 2021 1223        84  21  0.31     0.0 119.5          M       83
================================================================================
AV 77.7 47.0                               4.6 FASTST   M    M   3    MAX(MPH)
                                 MISC ---->  # 30  80               # 52   60
================================================================================
NOTES:
# LAST OF SEVERAL OCCURRENCES

COLUMN 17 PEAK WIND IN M.P.H.

PRELIMINARY LOCAL CLIMATOLOGICAL DATA (WS FORM: F-6) , PAGE 2

                                          STATION:  CHINO AIRPORT CA
                                          MONTH:    NOVEMBER
                                          YEAR:     2014
                                          LATITUDE:   33 58 N
                                          LONGITUDE: 117 38 W

[TEMPERATURE DATA]      [PRECIPITATION DATA]       SYMBOLS USED IN COLUMN 16

AVERAGE MONTHLY: 62.4   TOTAL FOR MONTH:   0.31    1 = FOG OR MIST
DPTR FM NORMAL:   4.0   DPTR FM NORMAL:   -0.53    2 = FOG REDUCING VISIBILITY
HIGHEST:    92 ON  8    GRTST 24HR  0.39 ON 31- 1      TO 1/4 MILE OR LESS
LOWEST:     37 ON 24                               3 = THUNDER
                        SNOW, ICE PELLETS, HAIL    4 = ICE PELLETS
                        TOTAL MONTH:   0.0 INCH    5 = HAIL
                        GRTST 24HR     0.0         6 = FREEZING RAIN OR DRIZZLE
                        GRTST DEPTH:   0           7 = DUSTSTORM OR SANDSTORM:
                                                       VSBY 1/2 MILE OR LESS
                                                   8 = SMOKE OR HAZE
[NO. OF DAYS WITH]      [WEATHER - DAYS WITH]      9 = BLOWING SNOW
                                                   X = TORNADO
MAX 32 OR BELOW:   0    0.01 INCH OR MORE:   1
MAX 90 OR ABOVE:   3    0.10 INCH OR MORE:   1
MIN 32 OR BELOW:   0    0.50 INCH OR MORE:   0
MIN  0 OR BELOW:   0    1.00 INCH OR MORE:   0

[HDD (BASE 65) ]
TOTAL THIS MO.    84    CLEAR  (SCALE 0-3)  15
DPTR FM NORMAL   -99    PTCLDY (SCALE 4-7)   9
TOTAL FM JUL 1    87    CLOUDY (SCALE 8-10)  2
DPTR FM NORMAL  -149

[CDD (BASE 65) ]
TOTAL THIS MO.    21
DPTR FM NORMAL    13    [PRESSURE DATA]
TOTAL FM JAN 1  1858    HIGHEST SLP M ON M
DPTR FM NORMAL   524    LOWEST  SLP 29.76 ON 10

[REMARKS]




U.S. Dept. of Commerce
NOAA National Weather Service
1325 East West Highway
Silver Spring, MD 20910
E-mail: w-nws.webmaster@noaa.gov
Page last modified: May 16, 2007
NATIONAL WEATHER SERVICE: for Safety, for Work, for Fun - FOR LIFE