395
CXUS56 KSGX 241445
CF6CNO
PRELIMINARY LOCAL CLIMATOLOGICAL DATA (WS FORM: F-6)

                                          STATION:   CHINO AIRPORT CA
                                          MONTH:     APRIL
                                          YEAR:      2014
                                          LATITUDE:   33 58 N
                                          LONGITUDE: 117 38 W

  TEMPERATURE IN F:       :PCPN:    SNOW:  WIND      :SUNSHINE: SKY     :PK WND
================================================================================
1   2   3   4   5  6A  6B    7    8   9   10  11  12  13   14  15   16   17  18
                                     12Z  AVG MX 2MIN
DY MAX MIN AVG DEP HDD CDD  WTR  SNW DPTH SPD SPD DIR MIN PSBL S-S WX    SPD DR
================================================================================

 1  65  49  57  -1   8   0 0.04  0.0    0 10.4 22 230   M    M   7 1      29 250
 2  64  43  54  -4  11   0 0.04  0.0    0  8.1 23 260   M    M   5 1      29 250
 3  71  38  55  -3  10   0 0.00  0.0    0  3.5 17 230   M    M   3 18     21 240
 4  67  46  57  -1   8   0 0.00  0.0    0  5.6 18 250   M    M   4 18     26 260
 5  70  43  57  -1   8   0 0.00  0.0    0  4.8 20 240   M    M   4 18     25 270
 6  84  42  63   4   2   0 0.00  0.0    0  4.8 17 280   M    M   0 18     23  90
 7  92  45  69  10   0   4 0.00  0.0    0  4.4 17 240   M    M   0 8      22 230
 8  95  47  71  12   0   6 0.00  0.0    0  3.2 14 250   M    M   3 8      17 260
 9  94  50  72  13   0   7 0.00  0.0    0  3.2 17 240   M    M   4 8      22 230
10  90  44  67   8   0   2 0.00  0.0    0  4.1 15 270   M    M   4 8      17 250
11  86  52  69  10   0   4 0.00  0.0    0  7.2 18 250   M    M   2 18     23 250
12  71  50  61   2   4   0 0.00  0.0    0  7.8 21 250   M    M   5 18     25 260
13  72  51  62   2   3   0 0.00  0.0    0  6.8 16 250   M    M   5 8      20 230
14  90  45  68   8   0   3 0.00  0.0    0  5.3 18 100   M    M   0 18     24  90
15  85  50  68   8   0   3 0.00  0.0    0  5.6 16 240   M    M   1 18     21 270
16  80  49  65   5   0   0 0.00  0.0    0  5.5 17 250   M    M   2 18     22 240
17  77  50  64   4   1   0 0.00  0.0    0  7.5 18 260   M    M   6 18     22 240
18  75  55  65   5   0   0 0.00  0.0    0  5.9 18 240   M    M   7 18     23 250
19  79  49  64   3   1   0 0.00  0.0    0  5.7 17 240   M    M   2 18     21 240
20  84  49  67   6   0   2 0.00  0.0    0  4.7 18 240   M    M   1 18     22 240
21  88  50  69   8   0   4 0.00  0.0    0  6.3 17 260   M    M   2 18     22 240
22  74  48  61   0   4   0 0.00  0.0    0  7.2 18 240   M    M   5 18     24 230
23  77  48  63   1   2   0 0.00  0.0    0  5.0 16 260   M    M   4 18     21 260
================================================================================
SM 1830 1093        62  35  0.08     0.0 132.6          M       76
================================================================================
AV 79.6 47.5                               5.8 FASTST   M    M   3    MAX(MPH)
                                 MISC ---->  # 23 260               # 29  250
================================================================================
NOTES:
# LAST OF SEVERAL OCCURRENCES

COLUMN 17 PEAK WIND IN M.P.H.

PRELIMINARY LOCAL CLIMATOLOGICAL DATA (WS FORM: F-6) , PAGE 2

                                          STATION:  CHINO AIRPORT CA
                                          MONTH:    APRIL
                                          YEAR:     2014
                                          LATITUDE:   33 58 N
                                          LONGITUDE: 117 38 W

[TEMPERATURE DATA]      [PRECIPITATION DATA]       SYMBOLS USED IN COLUMN 16

AVERAGE MONTHLY: 63.5   TOTAL FOR MONTH:   0.08    1 = FOG OR MIST
DPTR FM NORMAL:   4.0   DPTR FM NORMAL:   -0.72    2 = FOG REDUCING VISIBILITY
HIGHEST:    95 ON  8    GRTST 24HR  0.08 ON  1- 2      TO 1/4 MILE OR LESS
LOWEST:     38 ON  3                               3 = THUNDER
                        SNOW, ICE PELLETS, HAIL    4 = ICE PELLETS
                        TOTAL MONTH:   0.0 INCH    5 = HAIL
                        GRTST 24HR     0.0         6 = FREEZING RAIN OR DRIZZLE
                        GRTST DEPTH:   0           7 = DUSTSTORM OR SANDSTORM:
                                                       VSBY 1/2 MILE OR LESS
                                                   8 = SMOKE OR HAZE
[NO. OF DAYS WITH]      [WEATHER - DAYS WITH]      9 = BLOWING SNOW
                                                   X = TORNADO
MAX 32 OR BELOW:   0    0.01 INCH OR MORE:   2
MAX 90 OR ABOVE:   5    0.10 INCH OR MORE:   0
MIN 32 OR BELOW:   0    0.50 INCH OR MORE:   0
MIN  0 OR BELOW:   0    1.00 INCH OR MORE:   0

[HDD (BASE 65) ]
TOTAL THIS MO.    62    CLEAR  (SCALE 0-3)  10
DPTR FM NORMAL   -75    PTCLDY (SCALE 4-7)  13
TOTAL FM JUL 1  1062    CLOUDY (SCALE 8-10)  0
DPTR FM NORMAL  -684

[CDD (BASE 65) ]
TOTAL THIS MO.    35
DPTR FM NORMAL    25    [PRESSURE DATA]
TOTAL FM JAN 1    51    HIGHEST SLP M ON M
DPTR FM NORMAL    34    LOWEST  SLP 29.75 ON 17

[REMARKS]




U.S. Dept. of Commerce
NOAA National Weather Service
1325 East West Highway
Silver Spring, MD 20910
E-mail: w-nws.webmaster@noaa.gov
Page last modified: May 16, 2007
NATIONAL WEATHER SERVICE: for Safety, for Work, for Fun - FOR LIFE