775
CXUS56 KSGX 011445
CF6CNO
PRELIMINARY LOCAL CLIMATOLOGICAL DATA (WS FORM: F-6)

                                          STATION:   CHINO AIRPORT CA
                                          MONTH:     JULY
                                          YEAR:      2014
                                          LATITUDE:   33 58 N
                                          LONGITUDE: 117 38 W

  TEMPERATURE IN F:       :PCPN:    SNOW:  WIND      :SUNSHINE: SKY     :PK WND
================================================================================
1   2   3   4   5  6A  6B    7    8   9   10  11  12  13   14  15   16   17  18
                                     12Z  AVG MX 2MIN
DY MAX MIN AVG DEP HDD CDD  WTR  SNW DPTH SPD SPD DIR MIN PSBL S-S WX    SPD DR
================================================================================

 1  90  60  75   1   0  10 0.00  0.0    0  6.5 18 250   M    M   1 18     22 250
 2  90  61  76   2   0  11 0.00  0.0    0  6.9 17 260   M    M   2 18     24 310
 3  98  60  79   5   0  14 0.00  0.0    0  6.2 18 270   M    M   0 18     22 260
 4  96  64  80   6   0  15 0.00  0.0    0  7.2 21 280   M    M   2 18     25 280
 5  96  66  81   6   0  16 0.00  0.0    0  6.1 20 240   M    M   2 18     25 250
 6  95  63  79   4   0  14 0.00  0.0    0  6.0  M   M   M    M   2 8       M  M
 7  96  64  80   5   0  15 0.00  0.0    0  4.8 18 240   M    M   1 8      23 250
 8  94  62  78   3   0  13 0.00  0.0    0  6.1 20 260   M    M   1 18     24 260
 9  91  62  77   2   0  12 0.00  0.0    0  7.4 21 280   M    M   1 18     24 270
10  91  61  76   0   0  11 0.00  0.0    0  6.9 18 240   M    M   3 18     29 330
11  89  61  75  -1   0  10 0.00  0.0    0  7.4 18 240   M    M   1 18     23 240
12  89  60  75  -1   0  10 0.00  0.0    0  6.1 18 250   M    M   4 18     23 250
13  92  63  78   2   0  13 0.00  0.0    0  7.3 20 240   M    M   2 18     23 240
14  89  67  78   2   0  13 0.00  0.0    0  6.7 23 260   M    M   6 8      29 260
15  86  66  76   0   0  11 0.00  0.0    0  9.4 22 240   M    M   4 18     28 250
16  87  63  75  -1   0  10 0.00  0.0    0  7.3 20 240   M    M   5 8      23 240
17  84  60  72  -4   0   7 0.00  0.0    0  7.0 18 240   M    M   4 8      26 250
18  86  57  72  -4   0   7 0.00  0.0    0  5.8 18 240   M    M   4 18     22 230
19  84  61  73  -3   0   8 0.00  0.0    0  5.8 17 250   M    M   4 18     22 260
20  86  62  74  -2   0   9 0.00  0.0    0  6.5 17 250   M    M   3 18     22 230
21  88  59  74  -3   0   9 0.00  0.0    0  6.0 18 270   M    M   2 18     23 240
22  92  58  75  -2   0  10 0.00  0.0    0  5.4 21  90   M    M   1 18     21 260
23  97  57  77   0   0  12 0.00  0.0    0  4.9 17 260   M    M   1 18     23 250
24 103  58  81   4   0  16 0.00  0.0    0  6.2 18 260   M    M   1 18     23 250
25  96  65  81   4   0  16 0.00  0.0    0  6.1 16 250   M    M   3 18     21 240
26  93  65  79   2   0  14 0.00  0.0    0  6.4 18 260   M    M   3 18     23 250
27  95  67  81   4   0  16 0.00  0.0    0  5.8 18 260   M    M   5 18     25 290
28  97  66  82   5   0  17    T  0.0    0  6.0 16 220   M    M   4 8      21 230
29  93  62  78   1   0  13 0.00  0.0    0  4.8 16 240   M    M   3 8      20 240
30  96  63  80   3   0  15 0.00  0.0    0  4.3 15 230   M    M   3 18     24 260
31  97  65  81   4   0  16 0.00  0.0    0  6.0 16 250   M    M   2 18     20 270
================================================================================
SM 2856 1928         0 383    T      0.0 195.3          M       80
================================================================================
AV 92.1 62.2                               6.3 FASTST   M    M   3    MAX(MPH)
                                 MISC ---->  # 23 260               # 29  330
================================================================================
NOTES:
# LAST OF SEVERAL OCCURRENCES

COLUMN 17 PEAK WIND IN M.P.H.

PRELIMINARY LOCAL CLIMATOLOGICAL DATA (WS FORM: F-6) , PAGE 2

                                          STATION:  CHINO AIRPORT CA
                                          MONTH:    JULY
                                          YEAR:     2014
                                          LATITUDE:   33 58 N
                                          LONGITUDE: 117 38 W

[TEMPERATURE DATA]      [PRECIPITATION DATA]       SYMBOLS USED IN COLUMN 16

AVERAGE MONTHLY: 77.2   TOTAL FOR MONTH:      T    1 = FOG OR MIST
DPTR FM NORMAL:   1.3   DPTR FM NORMAL:   -0.07    2 = FOG REDUCING VISIBILITY
HIGHEST:   103 ON 24    GRTST 24HR    T  ON 28-28      TO 1/4 MILE OR LESS
LOWEST:     57 ON 23,18                            3 = THUNDER
                        SNOW, ICE PELLETS, HAIL    4 = ICE PELLETS
                        TOTAL MONTH:   0.0 INCH    5 = HAIL
                        GRTST 24HR     0.0         6 = FREEZING RAIN OR DRIZZLE
                        GRTST DEPTH:   0           7 = DUSTSTORM OR SANDSTORM:
                                                       VSBY 1/2 MILE OR LESS
                                                   8 = SMOKE OR HAZE
[NO. OF DAYS WITH]      [WEATHER - DAYS WITH]      9 = BLOWING SNOW
                                                   X = TORNADO
MAX 32 OR BELOW:   0    0.01 INCH OR MORE:   0
MAX 90 OR ABOVE:  21    0.10 INCH OR MORE:   0
MIN 32 OR BELOW:   0    0.50 INCH OR MORE:   0
MIN  0 OR BELOW:   0    1.00 INCH OR MORE:   0

[HDD (BASE 65) ]
TOTAL THIS MO.     0    CLEAR  (SCALE 0-3)  19
DPTR FM NORMAL     0    PTCLDY (SCALE 4-7)  12
TOTAL FM JUL 1     0    CLOUDY (SCALE 8-10)  0
DPTR FM NORMAL     0

[CDD (BASE 65) ]
TOTAL THIS MO.   383
DPTR FM NORMAL    44    [PRESSURE DATA]
TOTAL FM JAN 1   844    HIGHEST SLP 30.01 ON 28
DPTR FM NORMAL   233    LOWEST  SLP 29.70 ON 24

[REMARKS]
#FINAL-07-14#




U.S. Dept. of Commerce
NOAA National Weather Service
1325 East West Highway
Silver Spring, MD 20910
E-mail: w-nws.webmaster@noaa.gov
Page last modified: May 16, 2007
NATIONAL WEATHER SERVICE: for Safety, for Work, for Fun - FOR LIFE