665
CXUS56 KSGX 271445
CF6CNO
PRELIMINARY LOCAL CLIMATOLOGICAL DATA (WS FORM: F-6)

                                          STATION:   CHINO AIRPORT CA
                                          MONTH:     AUGUST
                                          YEAR:      2014
                                          LATITUDE:   33 58 N
                                          LONGITUDE: 117 38 W

  TEMPERATURE IN F:       :PCPN:    SNOW:  WIND      :SUNSHINE: SKY     :PK WND
================================================================================
1   2   3   4   5  6A  6B    7    8   9   10  11  12  13   14  15   16   17  18
                                     12Z  AVG MX 2MIN
DY MAX MIN AVG DEP HDD CDD  WTR  SNW DPTH SPD SPD DIR MIN PSBL S-S WX    SPD DR
================================================================================

 1  96  63  80   3   0  15 0.00  0.0    0  5.6 18 270   M    M   1 18     23 270
 2  89  64  77   0   0  12    T  0.0    0  3.6 13 110   M    M   6 18      M  M
 3  91  71  81   4   0  16    T  0.0    M  4.5 20 240   M    M   8 138    24 240
 4  92  61  77   0   0  12 0.00  0.0    0  5.1 17 240   M    M   3 18     23 240
 5  92  55  74  -3   0   9 0.00  0.0    0  5.9 20 240   M    M   1 18     23 230
 6  87  57  72  -5   0   7 0.00  0.0    0  6.7 16 250   M    M   2 18     21 270
 7  87  56  72  -5   0   7 0.00  0.0    0  4.7 17 240   M    M   2 18     22 240
 8  89  59  74  -3   0   9 0.00  0.0    0  5.4 17 250   M    M   3 18     22 240
 9  91  60  76  -1   0  11 0.00  0.0    0  6.6 20 250   M    M   2 18     24 250
10  95  59  77   0   0  12 0.00  0.0    0  5.4 18 250   M    M   2 18     23 250
11  97  64  81   4   0  16 0.00  0.0    0  6.6 17 250   M    M   3 18     22 250
12  94  64  79   2   0  14 0.00  0.0    0  7.2 21 240   M    M   3 18     25 250
13  93  63  78   1   0  13 0.00  0.0    0  6.5 18 270   M    M   2 18     22 260
14  96  60  78   1   0  13 0.00  0.0    0  5.0 20 270   M    M   0 18     24 270
15  99  58  79   2   0  14 0.00  0.0    0  4.5 12 260   M    M   1 18     14 260
16  97  68  83   6   0  18 0.00  0.0    0  8.1 18 260   M    M   0         M  M
17  95  66  81   4   0  16 0.00  0.0    0  7.1 17 250   M    M   1         M  M
18   M   M   M   M   M   M 0.00  0.0    0 10.4 20 250   M    M   1 8       M  M
19  84  65  75  -2   0  10    M    M    0  9.4 18 220   M    M   3        25 220
20  90  60  75  -2   0  10 0.00  0.0    0  6.1 16  90   M    M   4 13     16  90
21  92  62  77   0   0  12 0.00  0.0    0  6.1 18 250   M    M   2 8      23 240
22  89  63  76  -1   0  11 0.00  0.0    0  6.7 18 260   M    M   1 18     22 260
23  91  60  76  -1   0  11 0.00  0.0    0  5.8 17 250   M    M   0 18     23 250
24  91  60  76  -1   0  11 0.00  0.0    0  5.0 18 250   M    M   3 18     22 240
25  88  62  75  -2   0  10 0.00  0.0    0  5.3 17 230   M    M   4 18     25 330
26  93  62  78   1   0  13 0.00  0.0    0  5.4 18 240   M    M   2 18     23 260
================================================================================
SM 2298 1542         0 302    T      0.0 158.7          M       60
================================================================================
AV 91.9 61.7                               6.1 FASTST   M    M   2    MAX(MPH)
                                 MISC ---->  # 21 240                 25    M
================================================================================
NOTES:
# LAST OF SEVERAL OCCURRENCES

COLUMN 17 PEAK WIND IN M.P.H.

PRELIMINARY LOCAL CLIMATOLOGICAL DATA (WS FORM: F-6) , PAGE 2

                                          STATION:  CHINO AIRPORT CA
                                          MONTH:    AUGUST
                                          YEAR:     2014
                                          LATITUDE:   33 58 N
                                          LONGITUDE: 117 38 W

[TEMPERATURE DATA]      [PRECIPITATION DATA]       SYMBOLS USED IN COLUMN 16

AVERAGE MONTHLY: 76.8   TOTAL FOR MONTH:      T    1 = FOG OR MIST
DPTR FM NORMAL:  -0.2   DPTR FM NORMAL:   -0.07    2 = FOG REDUCING VISIBILITY
HIGHEST:    99 ON 15    GRTST 24HR    T  ON  3- 3      TO 1/4 MILE OR LESS
LOWEST:     55 ON  5                               3 = THUNDER
                        SNOW, ICE PELLETS, HAIL    4 = ICE PELLETS
                        TOTAL MONTH:   0.0 INCH    5 = HAIL
                        GRTST 24HR     0.0         6 = FREEZING RAIN OR DRIZZLE
                        GRTST DEPTH:   0           7 = DUSTSTORM OR SANDSTORM:
                                                       VSBY 1/2 MILE OR LESS
                                                   8 = SMOKE OR HAZE
[NO. OF DAYS WITH]      [WEATHER - DAYS WITH]      9 = BLOWING SNOW
                                                   X = TORNADO
MAX 32 OR BELOW:   0    0.01 INCH OR MORE:   0
MAX 90 OR ABOVE:  18    0.10 INCH OR MORE:   0
MIN 32 OR BELOW:   0    0.50 INCH OR MORE:   0
MIN  0 OR BELOW:   0    1.00 INCH OR MORE:   0

[HDD (BASE 65) ]
TOTAL THIS MO.     0    CLEAR  (SCALE 0-3)  20
DPTR FM NORMAL     0    PTCLDY (SCALE 4-7)   5
TOTAL FM JUL 1     0    CLOUDY (SCALE 8-10)  1
DPTR FM NORMAL     0

[CDD (BASE 65) ]
TOTAL THIS MO.   302
DPTR FM NORMAL   -10    [PRESSURE DATA]
TOTAL FM JAN 1  1146    HIGHEST SLP M ON M
DPTR FM NORMAL   223    LOWEST  SLP 29.72 ON 18

[REMARKS]




U.S. Dept. of Commerce
NOAA National Weather Service
1325 East West Highway
Silver Spring, MD 20910
E-mail: w-nws.webmaster@noaa.gov
Page last modified: May 16, 2007
NATIONAL WEATHER SERVICE: for Safety, for Work, for Fun - FOR LIFE