151
CXUS56 KSGX 301445
CF6CNO
PRELIMINARY LOCAL CLIMATOLOGICAL DATA (WS FORM: F-6)

                                          STATION:   CHINO AIRPORT CA
                                          MONTH:     JANUARY
                                          YEAR:      2015
                                          LATITUDE:   33 58 N
                                          LONGITUDE: 117 38 W

  TEMPERATURE IN F:       :PCPN:    SNOW:  WIND      :SUNSHINE: SKY     :PK WND
================================================================================
1   2   3   4   5  6A  6B    7    8   9   10  11  12  13   14  15   16   17  18
                                     12Z  AVG MX 2MIN
DY MAX MIN AVG DEP HDD CDD  WTR  SNW DPTH SPD SPD DIR MIN PSBL S-S WX    SPD DR
================================================================================

 1  57  24  41 -12  24   0 0.00    M    0  1.6  9 280   M    M   0 18     11 280
 2  60  27  44  -9  21   0 0.00  0.0    0  2.7 10 280   M    M   0 18     14 230
 3  61  32  47  -6  18   0 0.00  0.0    0  0.9  6  30   M    M   0 18     10  60
 4  68  31  50  -3  15   0 0.00  0.0    0  1.5  7 360   M    M   3 18      8  10
 5  83  38  61   8   4   0 0.00  0.0    0  8.2 21  90   M    M   2 8      26  80
 6  85  37  61   8   4   0 0.00  0.0    0  4.7 18 130   M    M   0 8      23 130
 7  82  41  62   9   3   0 0.00  0.0    0  2.2  8  50   M    M   3 8      10 320
 8  75  43  59   6   6   0    T    M    0  3.1 17 270   M    M   4 18     21 270
 9  66  43  55   2  10   0 0.01    M    0  1.0  9 230   M    M   6 18     12 240
10  63  42  53   0  12   0 0.06    M    0  1.5  6 310   M    M   6 18      7 310
11  60  49  55   2  10   0 0.59    M    0  2.9 10 130   M    M  10 128    12 130
12  65  49  57   4   8   0 0.00  0.0    0  1.8  9 260   M    M   7 128    13 250
13  69  50  60   7   5   0 0.00  0.0    0  7.3 28 100   M    M   5 18     41 100
14  71  40  56   3   9   0 0.00  0.0    0  2.8 25  80   M    M   0 18     34  90
15  75  38  57   4   8   0 0.00  0.0    0  2.6  8 310   M    M   1        10 310
16  75  36  56   3   9   0 0.00  0.0    0  1.5  8 240   M    M   2 18     15 300
17  78  40  59   6   6   0 0.00  0.0    0  2.3  8 240   M    M   1 8      10 230
18  75  42  59   6   6   0 0.00  0.0    0  2.0  9 230   M    M   4 18     10 230
19  74  42  58   5   7   0 0.00  0.0    0  2.1 10 240   M    M   2 18     13 260
20  66  42  54   1  11   0 0.00  0.0    0  3.5 13 270   M    M   7 128     M  M
21  75  44  60   7   5   0 0.00  0.0    0  4.8 18  30   M    M   4 128    30  40
22  76  38  57   4   8   0 0.00  0.0    0  4.4 17  90   M    M   4 8      23  80
23  76  38  57   4   8   0 0.00  0.0    0  7.1 26  80   M    M   1 8      41  80
24  78  59  69  16   0   4 0.00  0.0    0 13.3 28  30   M    M   0 8      41  50
25  82  54  68  15   0   3 0.00  0.0    0  8.9 24  80   M    M   3 8      35  90
26  79  53  66  13   0   1 0.30  0.0    0  4.6 21 120   M    M   7 18     25 110
27  73  50  62   9   3   0 0.00  0.0    0  2.2 10 220   M    M   5 18     13 230
28  74  47  61   8   4   0 0.00  0.0    0  5.2 17 110   M    M   5 18     22  90
29  77  53  65  12   0   0    T  0.0    0  4.2 14 150   M    M   7 18     20 110
================================================================================
SM 2098 1222       224   8  0.96     0.0 110.9          M       99
================================================================================
AV 72.3 42.1                               3.8 FASTST   M    M   3    MAX(MPH)
                                 MISC ---->  # 28 100               # 41  100
================================================================================
NOTES:
# LAST OF SEVERAL OCCURRENCES

COLUMN 17 PEAK WIND IN M.P.H.

PRELIMINARY LOCAL CLIMATOLOGICAL DATA (WS FORM: F-6) , PAGE 2

                                          STATION:  CHINO AIRPORT CA
                                          MONTH:    JANUARY
                                          YEAR:     2015
                                          LATITUDE:   33 58 N
                                          LONGITUDE: 117 38 W

[TEMPERATURE DATA]      [PRECIPITATION DATA]       SYMBOLS USED IN COLUMN 16

AVERAGE MONTHLY: 57.2   TOTAL FOR MONTH:   0.96    1 = FOG OR MIST
DPTR FM NORMAL:   4.2   DPTR FM NORMAL:   -1.94    2 = FOG REDUCING VISIBILITY
HIGHEST:    85 ON  6    GRTST 24HR  0.65 ON 10-11      TO 1/4 MILE OR LESS
LOWEST:     24 ON  1                               3 = THUNDER
                        SNOW, ICE PELLETS, HAIL    4 = ICE PELLETS
                        TOTAL MONTH:   0.0 INCH    5 = HAIL
                        GRTST 24HR     0.0         6 = FREEZING RAIN OR DRIZZLE
                        GRTST DEPTH:   0           7 = DUSTSTORM OR SANDSTORM:
                                                       VSBY 1/2 MILE OR LESS
                                                   8 = SMOKE OR HAZE
[NO. OF DAYS WITH]      [WEATHER - DAYS WITH]      9 = BLOWING SNOW
                                                   X = TORNADO
MAX 32 OR BELOW:   0    0.01 INCH OR MORE:   4
MAX 90 OR ABOVE:   0    0.10 INCH OR MORE:   2
MIN 32 OR BELOW:   4    0.50 INCH OR MORE:   1
MIN  0 OR BELOW:   0    1.00 INCH OR MORE:   0

[HDD (BASE 65) ]
TOTAL THIS MO.   224    CLEAR  (SCALE 0-3)  15
DPTR FM NORMAL  -124    PTCLDY (SCALE 4-7)  13
TOTAL FM JUL 1   626    CLOUDY (SCALE 8-10)  1
DPTR FM NORMAL  -402

[CDD (BASE 65) ]
TOTAL THIS MO.     8
DPTR FM NORMAL     8    [PRESSURE DATA]
TOTAL FM JAN 1     8    HIGHEST SLP M ON M
DPTR FM NORMAL     8    LOWEST  SLP 29.87 ON 21

[REMARKS]




U.S. Dept. of Commerce
NOAA National Weather Service
1325 East West Highway
Silver Spring, MD 20910
E-mail: w-nws.webmaster@noaa.gov
Page last modified: May 16, 2007
NATIONAL WEATHER SERVICE: for Safety, for Work, for Fun - FOR LIFE