455
CXUS56 KSGX 191445
CF6CNO
PRELIMINARY LOCAL CLIMATOLOGICAL DATA (WS FORM: F-6)

                                          STATION:   CHINO AIRPORT CA
                                          MONTH:     SEPTEMBER
                                          YEAR:      2014
                                          LATITUDE:   33 58 N
                                          LONGITUDE: 117 38 W

  TEMPERATURE IN F:       :PCPN:    SNOW:  WIND      :SUNSHINE: SKY     :PK WND
================================================================================
1   2   3   4   5  6A  6B    7    8   9   10  11  12  13   14  15   16   17  18
                                     12Z  AVG MX 2MIN
DY MAX MIN AVG DEP HDD CDD  WTR  SNW DPTH SPD SPD DIR MIN PSBL S-S WX    SPD DR
================================================================================

 1  95  61  78   2   0  13 0.00  0.0    0  5.3 16 240   M    M   1 18     21 260
 2  93  62  78   2   0  13 0.00  0.0    0  6.7 20 260   M    M   3 18     24 260
 3  91  63  77   1   0  12 0.00  0.0    0  6.0 18 240   M    M   3 18     23 240
 4  88  63  76   0   0  11 0.00  0.0    0  5.9 18 240   M    M   4 18     22 240
 5  96  59  78   2   0  13 0.00  0.0    0  5.8 16 270   M    M   1 18     21 250
 6 102  65  84   9   0  19 0.00  0.0    0  5.2 16 240   M    M   1 18     20 240
 7 101  66  84   9   0  19 0.00  0.0    0  5.6 17 240   M    M   3 8      22 230
 8  88  73  81   6   0  16 0.01  0.0    0  4.3 13 280   M    M   8 8      15 280
 9  93  63  78   3   0  13 0.00  0.0    0  5.5 20 240   M    M   3 8      26 240
10 100  58  79   4   0  14 0.00  0.0    0  5.0 17 250   M    M   1 8      21 270
11 100  63  82   8   0  17 0.00  0.0    0  4.6 20 240   M    M   0 8      24 260
12 101  63  82   8   0  17 0.00  0.0    0  4.0 17 240   M    M   1 8      22 240
13 104  63  84  10   0  19 0.00  0.0    0  4.6 17 250   M    M   1 8      23 250
14 108  66  87  13   0  22 0.00  0.0    0  4.1 18 230   M    M   2 8      22 250
15 108  69  89  15   0  24 0.00  0.0    0  4.6 17 250   M    M   1 8      27 230
16 109  70  90  17   0  25    T  0.0    0  5.2 22 160   M    M   2 38     31 160
17 102  71  87  14   0  22 0.00  0.0    0  7.2 21 260   M    M   2 8      25 260
18  87  64  76   3   0  11 0.00  0.0    0  8.8 18 240   M    M   1 18     22 270
================================================================================
SM 1766 1162         0 300  0.01     0.0  98.4          M       38
================================================================================
AV 98.1 64.6                               5.5 FASTST   M    M   2    MAX(MPH)
                                 MISC ---->  # 22 160               # 31  160
================================================================================
NOTES:
# LAST OF SEVERAL OCCURRENCES

COLUMN 17 PEAK WIND IN M.P.H.

PRELIMINARY LOCAL CLIMATOLOGICAL DATA (WS FORM: F-6) , PAGE 2

                                          STATION:  CHINO AIRPORT CA
                                          MONTH:    SEPTEMBER
                                          YEAR:     2014
                                          LATITUDE:   33 58 N
                                          LONGITUDE: 117 38 W

[TEMPERATURE DATA]      [PRECIPITATION DATA]       SYMBOLS USED IN COLUMN 16

AVERAGE MONTHLY: 81.3   TOTAL FOR MONTH:   0.01    1 = FOG OR MIST
DPTR FM NORMAL:   6.7   DPTR FM NORMAL:   -0.09    2 = FOG REDUCING VISIBILITY
HIGHEST:   109 ON 16    GRTST 24HR  0.01 ON  8- 8      TO 1/4 MILE OR LESS
LOWEST:     58 ON 10                               3 = THUNDER
                        SNOW, ICE PELLETS, HAIL    4 = ICE PELLETS
                        TOTAL MONTH:   0.0 INCH    5 = HAIL
                        GRTST 24HR     0.0         6 = FREEZING RAIN OR DRIZZLE
                        GRTST DEPTH:   0           7 = DUSTSTORM OR SANDSTORM:
                                                       VSBY 1/2 MILE OR LESS
                                                   8 = SMOKE OR HAZE
[NO. OF DAYS WITH]      [WEATHER - DAYS WITH]      9 = BLOWING SNOW
                                                   X = TORNADO
MAX 32 OR BELOW:   0    0.01 INCH OR MORE:   1
MAX 90 OR ABOVE:  15    0.10 INCH OR MORE:   0
MIN 32 OR BELOW:   0    0.50 INCH OR MORE:   0
MIN  0 OR BELOW:   0    1.00 INCH OR MORE:   0

[HDD (BASE 65) ]
TOTAL THIS MO.     0    CLEAR  (SCALE 0-3)  15
DPTR FM NORMAL     0    PTCLDY (SCALE 4-7)   3
TOTAL FM JUL 1     0    CLOUDY (SCALE 8-10)  0
DPTR FM NORMAL     0

[CDD (BASE 65) ]
TOTAL THIS MO.   300
DPTR FM NORMAL   126    [PRESSURE DATA]
TOTAL FM JAN 1  1523    HIGHEST SLP M ON M
DPTR FM NORMAL   364    LOWEST  SLP 29.65 ON  3

[REMARKS]




U.S. Dept. of Commerce
NOAA National Weather Service
1325 East West Highway
Silver Spring, MD 20910
E-mail: w-nws.webmaster@noaa.gov
Page last modified: May 16, 2007
NATIONAL WEATHER SERVICE: for Safety, for Work, for Fun - FOR LIFE