263
CXUS54 KMAF 011351
CF6CNM
PRELIMINARY LOCAL CLIMATOLOGICAL DATA (WS FORM: F-6)

                                          STATION:   Carlsbad
                                          MONTH:     SEPTEMBER
                                          YEAR:      2014
                                          LATITUDE:   32 20 N
                                          LONGITUDE: 104 15 W

  TEMPERATURE IN F:       :PCPN:    SNOW:  WIND      :SUNSHINE: SKY     :PK WND
================================================================================
1   2   3   4   5  6A  6B    7    8   9   10  11  12  13   14  15   16   17  18
                                     12Z  AVG MX 2MIN
DY MAX MIN AVG DEP HDD CDD  WTR  SNW DPTH SPD SPD DIR MIN PSBL S-S WX    SPD DR
================================================================================

 1 105  66  86   8   0  21 0.00  0.0    0  5.2 14 220   M    M   0        20 250
 2 105  67  86   8   0  21 0.00  0.0    0  7.5 24 150   M    M   0        34 140
 3  98  70  84   7   0  19 0.00  0.0    0 13.5 26 130   M    M   0        34 140
 4  94  69  82   5   0  17 0.00  0.0    0 15.5 28 120   M    M   2        34 130
 5  87  67  77   0   0  12    T  0.0    0  6.9 18 300   M    M   8 3      23 300
 6  67  63  65 -11   0   0    T  0.0    0 12.3 21 340   M    M  10 18     25 340
 7  74  63  69  -7   0   4 0.01  0.0    0  5.7 12  10   M    M   9 1      14 360
 8  85  67  76   0   0  11    T  0.0    0  7.2 18 200   M    M   4 138    23 210
 9  94  67  81   5   0  16 0.00  0.0    0  7.2 22 230   M    M   0        27 240
10  93  72  83   8   0  18 0.00  0.0    0  8.6 20 250   M    M   1        25 250
11  80  66  73  -2   0   8    M  0.0    0  7.2 14  50   M    M   7 138    17  50
12  69  52  61 -14   4   0    M  0.0    0 10.5 28  50   M    M  10 13     34  50
13  62  51  57 -17   8   0 0.01  0.0    0  7.0 14  20   M    M   8 18     16  30
14  66  55  61 -13   4   0    T  0.0    0  8.0 16 140   M    M   8 1      19 140
15  76  63  70  -4   0   5    T  0.0    0  5.1 10 150   M    M   7 18     13 170
16  79  68  74   1   0   9    T  0.0    0  4.2  9  10   M    M   6 18     14  60
17  83  66  75   2   0  10    T  0.0    0  4.5 10 340   M    M   3 18     13 310
18  78  65  72  -1   0   7 0.01  0.0    0  5.4 28 270   M    M   8 13     32 210
19  80  67  74   2   0   9    M  0.0    0  8.4 23 140   M    M  10 138    30 130
20  85  69  77   5   0  12    M  0.0    0  5.8 16  80   M    M   8 138    18  80
21  78  68  73   1   0   8    M  0.0    0  7.1 21  90   M    M  10 138    29  90
22  75  67  71   0   0   6    T  0.0    0  6.9 16 170   M    M   9 138    20 160
23  83  62  73   2   0   8 0.00  0.0    0  5.6 16 150   M    M   2 18     19 140
24  84  61  73   2   0   8    M  0.0    0  7.1 31  30   M    M   1 138    38  30
25  76  61  69  -1   0   4 0.00  0.0    0  5.7 15 140   M    M   4        20 140
26  78  60  69  -1   0   4 0.00  0.0    0  6.7 20 150   M    M   3 18     24 160
27  75  57  66  -4   0   1 0.00  0.0    0  6.3 15 140   M    M   4 1      20 120
28  79  61  70   1   0   5 0.00  0.0    0  8.0 14 140   M    M   4        16 150
29  81  58  70   1   0   5 0.00  0.0    0 10.3 22 140   M    M   1 1      26 150
30  88  60  74   5   0   9 0.00  0.0    0  7.7 21 250   M    M   0 18     26 240
================================================================================
SM 2457 1908        16 257  0.03     0.0 227.1          M      147
================================================================================
AV 81.9 63.6                               7.6 FASTST   M    M   5    MAX(MPH)
                                 MISC ---->  # 31  30               # 38   30
================================================================================
NOTES:
# LAST OF SEVERAL OCCURRENCES

COLUMN 17 PEAK WIND IN M.P.H.

PRELIMINARY LOCAL CLIMATOLOGICAL DATA (WS FORM: F-6) , PAGE 2

                                          STATION:  Carlsbad
                                          MONTH:    SEPTEMBER
                                          YEAR:     2014
                                          LATITUDE:   32 20 N
                                          LONGITUDE: 104 15 W

[TEMPERATURE DATA]      [PRECIPITATION DATA]       SYMBOLS USED IN COLUMN 16

AVERAGE MONTHLY: 72.8   TOTAL FOR MONTH:   0.03    1 = FOG OR MIST
DPTR FM NORMAL:  -0.7   DPTR FM NORMAL:   -2.29    2 = FOG REDUCING VISIBILITY
HIGHEST:   105 ON  2, 1 GRTST 24HR  0.01 ON 18-18      TO 1/4 MILE OR LESS
LOWEST:     51 ON 13                               3 = THUNDER
                        SNOW, ICE PELLETS, HAIL    4 = ICE PELLETS
                        TOTAL MONTH:   0.0 INCH    5 = HAIL
                        GRTST 24HR     0.0         6 = FREEZING RAIN OR DRIZZLE
                        GRTST DEPTH:   0           7 = DUSTSTORM OR SANDSTORM:
                                                       VSBY 1/2 MILE OR LESS
                                                   8 = SMOKE OR HAZE
[NO. OF DAYS WITH]      [WEATHER - DAYS WITH]      9 = BLOWING SNOW
                                                   X = TORNADO
MAX 32 OR BELOW:   0    0.01 INCH OR MORE:   3
MAX 90 OR ABOVE:   6    0.10 INCH OR MORE:   0
MIN 32 OR BELOW:   0    0.50 INCH OR MORE:   0
MIN  0 OR BELOW:   0    1.00 INCH OR MORE:   0

[HDD (BASE 65) ]
TOTAL THIS MO.    16    CLEAR  (SCALE 0-3)  11
DPTR FM NORMAL     4    PTCLDY (SCALE 4-7)  13
TOTAL FM JUL 1    16    CLOUDY (SCALE 8-10)  6
DPTR FM NORMAL     4

[CDD (BASE 65) ]
TOTAL THIS MO.   257
DPTR FM NORMAL    -8    [PRESSURE DATA]
TOTAL FM JAN 1  2294    HIGHEST SLP 30.29 ON 13
DPTR FM NORMAL   269    LOWEST  SLP 29.64 ON 30

[REMARKS]
#FINAL-09-14#




U.S. Dept. of Commerce
NOAA National Weather Service
1325 East West Highway
Silver Spring, MD 20910
E-mail: w-nws.webmaster@noaa.gov
Page last modified: May 16, 2007
NATIONAL WEATHER SERVICE: for Safety, for Work, for Fun - FOR LIFE