344
CXUS54 KMAF 011100
CF6CNM
PRELIMINARY LOCAL CLIMATOLOGICAL DATA (WS FORM: F-6)

                                          STATION:   Carlsbad
                                          MONTH:     NOVEMBER
                                          YEAR:      2014
                                          LATITUDE:   32 20 N
                                          LONGITUDE: 104 15 W

  TEMPERATURE IN F:       :PCPN:    SNOW:  WIND      :SUNSHINE: SKY     :PK WND
================================================================================
1   2   3   4   5  6A  6B    7    8   9   10  11  12  13   14  15   16   17  18
                                     12Z  AVG MX 2MIN
DY MAX MIN AVG DEP HDD CDD  WTR  SNW DPTH SPD SPD DIR MIN PSBL S-S WX    SPD DR
================================================================================

 1  68  44  56  -1   9   0 0.00  0.0    0  9.7 17 160   M    M   0        23 150
 2  71  52  62   5   3   0 0.02  0.0    0  9.4 20 160   M    M   1        24 140
 3  72  53  63   6   2   0 0.49  0.0    0  6.1 22 200   M    M   6 13     29 200
 4  58  45  52  -4  13   0 0.31    M    0 14.0 32 330   M    M  10 13     40 330
 5  61  46  54  -2  11   0    T    M    0  4.3 10 310   M    M   4 1      14 340
 6  60  44  52  -3  13   0 0.01    M    0  7.0 14 330   M    M   6        17 340
 7  72  38  55   0  10   0 0.00  0.0    0  7.0 17 220   M    M   0        22 220
 8  67  45  56   1   9   0 0.00  0.0    0 12.1 25 340   M    M   0        32 340
 9  75  36  56   2   9   0 0.00  0.0    0  5.6 25 250   M    M   0        29 250
10  80  44  62   8   3   0    T    M    0 18.7 40 260   M    M   0        51 270
11  69  34  52  -1  13   0 0.00  0.0    0  9.9 28 360   M    M   0        36 270
12  40  29  35 -18  30   0 0.00  0.0    0  8.8 15  60   M    M   6        20  60
13  35  25  30 -22  35   0 0.00  0.0    0  8.2 21 140   M    M   9        25 150
14  49  25  37 -15  28   0 0.00  0.0    0 10.3 20 150   M    M   0        22 140
15  74  32  53   1  12   0 0.00  0.0    0 11.0 29 250   M    M   0        38 240
16  57  23  40 -11  25   0 0.03    M    0 14.8 32 350   M    M   4 12     38 340
17  44  16  30 -21  35   0 0.00  0.0    0  7.5 20 150   M    M   0        24 150
18  54  21  38 -12  27   0 0.00  0.0    0  4.7 13 140   M    M   0        17 140
19  67  24  46  -4  19   0 0.00  0.0    0  5.0 12  30   M    M   0        17 340
20  73  30  52   2  13   0 0.00  0.0    0  5.6 15 250   M    M   0        18 250
21  70  37  54   5  11   0 0.00  0.0    0  6.0 13 360   M    M   0        14 360
22  74  48  61  12   4   0    T    M    0 12.6 26 260   M    M   2        31 260
23  71  34  53   4  12   0    T    M    0 22.6 40 280   M    M   1        48 270
24  61  30  46  -2  19   0 0.00  0.0    0  8.9 20 330   M    M   1        25 330
25  61  31  46  -2  19   0 0.00  0.0    0 13.7 29 250   M    M   0        34 260
26  68  33  51   3  14   0 0.00  0.0    0  6.0 12  80   M    M   0        15  90
27  62  32  47   0  18   0 0.00  0.0    0  7.6 16 160   M    M   0        19 150
28  74  28  51   4  14   0 0.00  0.0    0  3.8  9 360   M    M   0        11 140
29  80  28  54   8  11   0 0.00  0.0    0 10.4 26 260   M    M   0        35 230
30  79  48  64  18   1   0 0.00  0.0    0  8.6 23 240   M    M   0        28 230
================================================================================
SM 1946 1055       442   0  0.86     0.0 279.9          M       50
================================================================================
AV 64.9 35.2                               9.3 FASTST   M    M   2    MAX(MPH)
                                 MISC ---->  # 40 260               # 51  270
================================================================================
NOTES:
# LAST OF SEVERAL OCCURRENCES

COLUMN 17 PEAK WIND IN M.P.H.

PRELIMINARY LOCAL CLIMATOLOGICAL DATA (WS FORM: F-6) , PAGE 2

                                          STATION:  Carlsbad
                                          MONTH:    NOVEMBER
                                          YEAR:     2014
                                          LATITUDE:   32 20 N
                                          LONGITUDE: 104 15 W

[TEMPERATURE DATA]      [PRECIPITATION DATA]       SYMBOLS USED IN COLUMN 16

AVERAGE MONTHLY: 50.0   TOTAL FOR MONTH:   0.86    1 = FOG OR MIST
DPTR FM NORMAL:  -1.6   DPTR FM NORMAL:    0.23    2 = FOG REDUCING VISIBILITY
HIGHEST:    80 ON 29,10 GRTST 24HR  0.76 ON  3- 4      TO 1/4 MILE OR LESS
LOWEST:     16 ON 17                               3 = THUNDER
                        SNOW, ICE PELLETS, HAIL    4 = ICE PELLETS
                        TOTAL MONTH:   0.0 INCH    5 = HAIL
                        GRTST 24HR     0.0         6 = FREEZING RAIN OR DRIZZLE
                        GRTST DEPTH:   0           7 = DUSTSTORM OR SANDSTORM:
                                                       VSBY 1/2 MILE OR LESS
                                                   8 = SMOKE OR HAZE
[NO. OF DAYS WITH]      [WEATHER - DAYS WITH]      9 = BLOWING SNOW
                                                   X = TORNADO
MAX 32 OR BELOW:   0    0.01 INCH OR MORE:   5
MAX 90 OR ABOVE:   0    0.10 INCH OR MORE:   2
MIN 32 OR BELOW:  14    0.50 INCH OR MORE:   0
MIN  0 OR BELOW:   0    1.00 INCH OR MORE:   0

[HDD (BASE 65) ]
TOTAL THIS MO.   442    CLEAR  (SCALE 0-3)  23
DPTR FM NORMAL    37    PTCLDY (SCALE 4-7)   5
TOTAL FM JUL 1   503    CLOUDY (SCALE 8-10)  2
DPTR FM NORMAL   -30

[CDD (BASE 65) ]
TOTAL THIS MO.     0
DPTR FM NORMAL    -3    [PRESSURE DATA]
TOTAL FM JAN 1  2365    HIGHEST SLP 30.55 ON 13
DPTR FM NORMAL   277    LOWEST  SLP 29.51 ON 23

[REMARKS]
#FINAL-11-14#




U.S. Dept. of Commerce
NOAA National Weather Service
1325 East West Highway
Silver Spring, MD 20910
E-mail: w-nws.webmaster@noaa.gov
Page last modified: May 16, 2007
NATIONAL WEATHER SERVICE: for Safety, for Work, for Fun - FOR LIFE