263
CXUS54 KMAF 301100
CF6CNM
PRELIMINARY LOCAL CLIMATOLOGICAL DATA (WS FORM: F-6)

                                          STATION:   Carlsbad
                                          MONTH:     JULY
                                          YEAR:      2014
                                          LATITUDE:   32 20 N
                                          LONGITUDE: 104 15 W

  TEMPERATURE IN F:       :PCPN:    SNOW:  WIND      :SUNSHINE: SKY     :PK WND
================================================================================
1   2   3   4   5  6A  6B    7    8   9   10  11  12  13   14  15   16   17  18
                                     12Z  AVG MX 2MIN
DY MAX MIN AVG DEP HDD CDD  WTR  SNW DPTH SPD SPD DIR MIN PSBL S-S WX    SPD DR
================================================================================

 1  96  74  85   3   0  20    T  0.0    0  8.9 23 150   M    M   2 3      28 190
 2  90  68  79  -3   0  14 0.08  0.0    0 13.4 29  20   M    M   4 138    36  20
 3  94  68  81  -1   0  16 0.01  0.0    0 10.4 28 170   M    M   2        36 120
 4  96  73  85   3   0  20 0.00  0.0    0 11.6 23 120   M    M   2        29 120
 5  98  71  85   3   0  20 0.00  0.0    0 11.5 25 140   M    M   0        32 140
 6  85  69  77  -5   0  12    T  0.0    0  5.8 16 160   M    M   4        20 160
 7  97  66  82   0   0  17 0.00  0.0    0  6.8 18 150   M    M   0        24 140
 8  99  68  84   2   0  19 0.00  0.0    0  9.7 18 140   M    M   1        24 140
 9  98  70  84   2   0  19 0.00  0.0    0 10.5 21 130   M    M   0        27 130
10  97  70  84   2   0  19 0.00  0.0    0 11.5 23 150   M    M   0        31 140
11  93  64  79  -3   0  14 0.00  0.0    0 10.9 25 130   M    M   0        31 140
12  94  71  83   1   0  18    T  0.0    0  9.5 31 220   M    M   3        38 190
13  97  68  83   1   0  18 0.00  0.0    0  6.0 18 150   M    M   0        26  90
14 100  70  85   3   0  20 0.03  0.0    0  9.1 39  30   M    M   0 38     48  30
15  91  69  80  -2   0  15 0.15  0.0    0  8.3 26 120   M    M   4 138    31 130
16  91  69  80  -2   0  15 0.12  0.0    0  6.6 16 160   M    M   1 13     20 140
17  95  74  85   4   0  20    T  0.0    0 11.9 26 320   M    M   2        32 320
18  91  71  81   0   0  16 0.00  0.0    0 10.6 17 170   M    M   5        23 170
19 101  71  86   5   0  21 0.02  0.0    0 12.7 44 360   M    M   3 138    54 360
20 102  72  87   6   0  22 0.01  0.0    0  7.5 18 310   M    M   0 3      21 310
21 105  77  91  10   0  26 0.00  0.0    0  7.7 28 130   M    M   1 3      37 130
22 101  77  89   8   0  24 0.00  0.0    0 10.2 21  90   M    M   2 8      26  80
23 100  75  88   7   0  23 0.00  0.0    0  5.9 18 120   M    M   2        24 120
24 101  73  87   6   0  22 0.00  0.0    0  5.4 20  90   M    M   2        30  30
25 102  73  88   7   0  23 0.00  0.0    0  9.2 17 110   M    M   2        25 120
26 105  70  88   7   0  23 0.00  0.0    0 10.0 24 150   M    M   2        30 150
27 103  73  88   7   0  23 0.00  0.0    0  8.4 20  80   M    M   3        23 150
28  98  77  88   7   0  23 0.00  0.0    0 13.5 26 330   M    M   2        34 330
29  95  73  84   3   0  19 0.00  0.0    0  6.0 17 330   M    M   2        29 330
================================================================================
SM 2815 2064         0 561  0.42     0.0 269.5          M       51
================================================================================
AV 97.1 71.2                               9.3 FASTST   M    M   2    MAX(MPH)
                                 MISC ---->  # 44 360               # 54  360
================================================================================
NOTES:
# LAST OF SEVERAL OCCURRENCES

COLUMN 17 PEAK WIND IN M.P.H.

PRELIMINARY LOCAL CLIMATOLOGICAL DATA (WS FORM: F-6) , PAGE 2

                                          STATION:  Carlsbad
                                          MONTH:    JULY
                                          YEAR:     2014
                                          LATITUDE:   32 20 N
                                          LONGITUDE: 104 15 W

[TEMPERATURE DATA]      [PRECIPITATION DATA]       SYMBOLS USED IN COLUMN 16

AVERAGE MONTHLY: 84.1   TOTAL FOR MONTH:   0.42    1 = FOG OR MIST
DPTR FM NORMAL:   2.6   DPTR FM NORMAL:   -1.30    2 = FOG REDUCING VISIBILITY
HIGHEST:   105 ON 26,21 GRTST 24HR  0.24 ON 15-16      TO 1/4 MILE OR LESS
LOWEST:     64 ON 11                               3 = THUNDER
                        SNOW, ICE PELLETS, HAIL    4 = ICE PELLETS
                        TOTAL MONTH:   0.0 INCH    5 = HAIL
                        GRTST 24HR     0.0         6 = FREEZING RAIN OR DRIZZLE
                        GRTST DEPTH:   0           7 = DUSTSTORM OR SANDSTORM:
                                                       VSBY 1/2 MILE OR LESS
                                                   8 = SMOKE OR HAZE
[NO. OF DAYS WITH]      [WEATHER - DAYS WITH]      9 = BLOWING SNOW
                                                   X = TORNADO
MAX 32 OR BELOW:   0    0.01 INCH OR MORE:   7
MAX 90 OR ABOVE:  28    0.10 INCH OR MORE:   2
MIN 32 OR BELOW:   0    0.50 INCH OR MORE:   0
MIN  0 OR BELOW:   0    1.00 INCH OR MORE:   0

[HDD (BASE 65) ]
TOTAL THIS MO.     0    CLEAR  (SCALE 0-3)  25
DPTR FM NORMAL     0    PTCLDY (SCALE 4-7)   4
TOTAL FM JUL 1     0    CLOUDY (SCALE 8-10)  0
DPTR FM NORMAL     0

[CDD (BASE 65) ]
TOTAL THIS MO.   561
DPTR FM NORMAL    83    [PRESSURE DATA]
TOTAL FM JAN 1  1476    HIGHEST SLP M ON M
DPTR FM NORMAL   218    LOWEST  SLP 29.67 ON  1

[REMARKS]




U.S. Dept. of Commerce
NOAA National Weather Service
1325 East West Highway
Silver Spring, MD 20910
E-mail: w-nws.webmaster@noaa.gov
Page last modified: May 16, 2007
NATIONAL WEATHER SERVICE: for Safety, for Work, for Fun - FOR LIFE