171
CXUS54 KMAF 261100
CF6CNM
PRELIMINARY LOCAL CLIMATOLOGICAL DATA (WS FORM: F-6)

                                          STATION:   Carlsbad
                                          MONTH:     JANUARY
                                          YEAR:      2015
                                          LATITUDE:   32 20 N
                                          LONGITUDE: 104 15 W

  TEMPERATURE IN F:       :PCPN:    SNOW:  WIND      :SUNSHINE: SKY     :PK WND
================================================================================
1   2   3   4   5  6A  6B    7    8   9   10  11  12  13   14  15   16   17  18
                                     12Z  AVG MX 2MIN
DY MAX MIN AVG DEP HDD CDD  WTR  SNW DPTH SPD SPD DIR MIN PSBL S-S WX    SPD DR
================================================================================

 1  26  20  23 -19  42   0 0.00  0.0    0  5.2 12 330   M    M  10 18     13 330
 2  30  11  21 -21  44   0 0.33    M    0  8.5 17 330   M    M   9 1268   19 270
 3  49   9  29 -13  36   0 0.00  0.0    0 15.4 36 250   M    M   3 12     46 250
 4  44  28  36  -6  29   0 0.00  0.0    0  8.5 17 150   M    M   1 1      23  10
 5  49  24  37  -5  28   0    T    T    0  3.5 10 220   M    M   4 128    14  70
 6  76  27  52  10  13   0 0.00  0.0    0  8.1 23 350   M    M   0 1      28 350
 7  60  31  46   4  19   0 0.00  0.0    0  8.9 23  30   M    M   6        28  30
 8  52  26  39  -3  26   0    T    M    0  6.6 13 330   M    M   3         M  M
 9  40  29  35  -7  30   0    T    M    0  9.3 24 340   M    M   8        29 340
10  45  28  37  -5  28   0 0.00  0.0    0 10.6 22 140   M    M   4 12     26 150
11  67  25  46   3  19   0 0.00  0.0    0  9.0 28 270   M    M   2 12     33 270
12  46  33  40  -3  25   0    T    M    0  8.1 20 330   M    M   7 8      25 320
13  33  31  32 -11  33   0 0.00  0.0    0  6.8 13 130   M    M  10 18     16 130
14  38  31  35  -8  30   0    T  0.0    0  3.3  9 350   M    M  10 18     11 340
15  56  26  41  -2  24   0 0.00  0.0    0  8.0 17 340   M    M   1 1      21 340
16  64  24  44   1  21   0 0.00  0.0    0  7.6 18 230   M    M   0        24 230
17  69  32  51   8  14   0 0.00  0.0    0  8.1 22  20   M    M   0        30 360
18  74  26  50   7  15   0 0.00  0.0    0  6.3 21 260   M    M   0        25 260
19  78  34  56  12   9   0 0.00  0.0    0  6.5 14 250   M    M   0        18 250
20  70  38  54  10  11   0 0.00  0.0    0  7.4 20 360   M    M   0        24 360
21  45  31  38  -6  27   0 0.02    M    0  6.1 20  40   M    M   7 1      24  40
22  40  31  36  -8  29   0 0.21    M    0 12.3 20 360   M    M   9 12     23  10
23  50  21  36  -8  29   0    T    M    0  6.1 14 280   M    M   1        17 330
24  61  28  45   1  20   0 0.00  0.0    0  5.9 15 270   M    M   0        22 270
25  61  32  47   3  18   0 0.00  0.0    0  7.6 14 290   M    M   0        16 330
================================================================================
SM 1323  676       619   0  0.56    T    193.7          M       95
================================================================================
AV 52.9 27.0                               7.7 FASTST   M    M   4    MAX(MPH)
                                 MISC ---->  # 36 250               # 46  250
================================================================================
NOTES:
# LAST OF SEVERAL OCCURRENCES

COLUMN 17 PEAK WIND IN M.P.H.

PRELIMINARY LOCAL CLIMATOLOGICAL DATA (WS FORM: F-6) , PAGE 2

                                          STATION:  Carlsbad
                                          MONTH:    JANUARY
                                          YEAR:     2015
                                          LATITUDE:   32 20 N
                                          LONGITUDE: 104 15 W

[TEMPERATURE DATA]      [PRECIPITATION DATA]       SYMBOLS USED IN COLUMN 16

AVERAGE MONTHLY: 40.0   TOTAL FOR MONTH:   0.56    1 = FOG OR MIST
DPTR FM NORMAL:  -2.9   DPTR FM NORMAL:    0.25    2 = FOG REDUCING VISIBILITY
HIGHEST:    78 ON 19    GRTST 24HR  0.33 ON  2- 2      TO 1/4 MILE OR LESS
LOWEST:      9 ON  3                               3 = THUNDER
                        SNOW, ICE PELLETS, HAIL    4 = ICE PELLETS
                        TOTAL MONTH:    T          5 = HAIL
                        GRTST 24HR    T  ON  5- 5  6 = FREEZING RAIN OR DRIZZLE
                        GRTST DEPTH:   0           7 = DUSTSTORM OR SANDSTORM:
                                                       VSBY 1/2 MILE OR LESS
                                                   8 = SMOKE OR HAZE
[NO. OF DAYS WITH]      [WEATHER - DAYS WITH]      9 = BLOWING SNOW
                                                   X = TORNADO
MAX 32 OR BELOW:   2    0.01 INCH OR MORE:   3
MAX 90 OR ABOVE:   0    0.10 INCH OR MORE:   2
MIN 32 OR BELOW:  22    0.50 INCH OR MORE:   0
MIN  0 OR BELOW:   0    1.00 INCH OR MORE:   0

[HDD (BASE 65) ]
TOTAL THIS MO.   619    CLEAR  (SCALE 0-3)  13
DPTR FM NORMAL    66    PTCLDY (SCALE 4-7)   6
TOTAL FM JUL 1  1714    CLOUDY (SCALE 8-10)  6
DPTR FM NORMAL   -48

[CDD (BASE 65) ]
TOTAL THIS MO.     0
DPTR FM NORMAL     0    [PRESSURE DATA]
TOTAL FM JAN 1     0    HIGHEST SLP M ON M
DPTR FM NORMAL     0    LOWEST  SLP 29.84 ON  2

[REMARKS]




U.S. Dept. of Commerce
NOAA National Weather Service
1325 East West Highway
Silver Spring, MD 20910
E-mail: w-nws.webmaster@noaa.gov
Page last modified: May 16, 2007
NATIONAL WEATHER SERVICE: for Safety, for Work, for Fun - FOR LIFE