444
CXUS54 KMAF 211100
CF6CNM
PRELIMINARY LOCAL CLIMATOLOGICAL DATA (WS FORM: F-6)

                                          STATION:   Carlsbad
                                          MONTH:     AUGUST
                                          YEAR:      2014
                                          LATITUDE:   32 20 N
                                          LONGITUDE: 104 15 W

  TEMPERATURE IN F:       :PCPN:    SNOW:  WIND      :SUNSHINE: SKY     :PK WND
================================================================================
1   2   3   4   5  6A  6B    7    8   9   10  11  12  13   14  15   16   17  18
                                     12Z  AVG MX 2MIN
DY MAX MIN AVG DEP HDD CDD  WTR  SNW DPTH SPD SPD DIR MIN PSBL S-S WX    SPD DR
================================================================================

 1  76  68  72  -9   0   7 0.02  0.0    0  5.3 16 340   M    M   8 18     19 340
 2   M   M   M   M   M   M    T    M    0  5.6 12 200   M    M   8 1       M  M
 3  90  68  79  -2   0  14 0.00  0.0    0  4.5 10 130   M    M   5 8      14 130
 4  93  67  80  -1   0  15 0.00  0.0    0  6.0 16 120   M    M   0        20 110
 5  96  70  83   2   0  18 0.00  0.0    0  6.3 16 150   M    M   0        20 130
 6 100  69  85   4   0  20 0.00  0.0    0  6.5 16 250   M    M   1        19 240
 7 101  73  87   6   0  22 0.01  0.0    0  9.5 29 320   M    M   1 3      37 330
 8  95  71  83   2   0  18 0.00  0.0    0  8.5 20 330   M    M   0 3      22 330
 9  92  74  83   2   0  18 0.00  0.0    0  8.0 24 320   M    M   1        28 330
10  97  71  84   3   0  19 0.00  0.0    0  6.3 21 120   M    M   2        26 150
11  90  71  81   0   0  16    T  0.0    0  8.2 30 100   M    M   4 38     40 100
12  91  71  81   0   0  16 0.00  0.0    0  5.8 20 100   M    M   3        24 100
13  95  68  82   1   0  17 0.00  0.0    0  7.4 18 120   M    M   1        22 110
14  94  71  83   2   0  18    T  0.0    0  9.4 30 290   M    M   1 3      39 250
15  96  71  84   4   0  19    T  0.0    0  5.2 28 320   M    M   1 38     38  80
16  96  71  84   4   0  19 0.00  0.0    0  6.5 31 350   M    M   1        39 340
17  96  69  83   3   0  18 0.00  0.0    0  8.2 23 360   M    M   0        31 350
18  94  65  80   0   0  15 0.00  0.0    0  5.7 13 140   M    M   0        17  40
19  98  68  83   3   0  18 0.00  0.0    0  6.1 18 250   M    M   1        24 160
20  97  74  86   6   0  21 0.00  0.0    0  6.7 20 140   M    M   3        24 150
================================================================================
SM 1787 1330         0 328  0.03     0.0 135.7          M       41
================================================================================
AV 94.1 70.0                               6.8 FASTST   M    M   2    MAX(MPH)
                                 MISC ---->  # 31 350               # 40  100
================================================================================
NOTES:
# LAST OF SEVERAL OCCURRENCES

COLUMN 17 PEAK WIND IN M.P.H.

PRELIMINARY LOCAL CLIMATOLOGICAL DATA (WS FORM: F-6) , PAGE 2

                                          STATION:  Carlsbad
                                          MONTH:    AUGUST
                                          YEAR:     2014
                                          LATITUDE:   32 20 N
                                          LONGITUDE: 104 15 W

[TEMPERATURE DATA]      [PRECIPITATION DATA]       SYMBOLS USED IN COLUMN 16

AVERAGE MONTHLY: 82.0   TOTAL FOR MONTH:   0.03    1 = FOG OR MIST
DPTR FM NORMAL:   1.3   DPTR FM NORMAL:   -1.21    2 = FOG REDUCING VISIBILITY
HIGHEST:   101 ON  7    GRTST 24HR  0.15 ON 31- 1      TO 1/4 MILE OR LESS
LOWEST:     65 ON 18                               3 = THUNDER
                        SNOW, ICE PELLETS, HAIL    4 = ICE PELLETS
                        TOTAL MONTH:   0.0 INCH    5 = HAIL
                        GRTST 24HR     0.0         6 = FREEZING RAIN OR DRIZZLE
                        GRTST DEPTH:   0           7 = DUSTSTORM OR SANDSTORM:
                                                       VSBY 1/2 MILE OR LESS
                                                   8 = SMOKE OR HAZE
[NO. OF DAYS WITH]      [WEATHER - DAYS WITH]      9 = BLOWING SNOW
                                                   X = TORNADO
MAX 32 OR BELOW:   0    0.01 INCH OR MORE:   2
MAX 90 OR ABOVE:  18    0.10 INCH OR MORE:   0
MIN 32 OR BELOW:   0    0.50 INCH OR MORE:   0
MIN  0 OR BELOW:   0    1.00 INCH OR MORE:   0

[HDD (BASE 65) ]
TOTAL THIS MO.     0    CLEAR  (SCALE 0-3)  16
DPTR FM NORMAL     0    PTCLDY (SCALE 4-7)   4
TOTAL FM JUL 1     0    CLOUDY (SCALE 8-10)  0
DPTR FM NORMAL     0

[CDD (BASE 65) ]
TOTAL THIS MO.   328
DPTR FM NORMAL    13    [PRESSURE DATA]
TOTAL FM JAN 1  1836    HIGHEST SLP M ON M
DPTR FM NORMAL   231    LOWEST  SLP 29.70 ON 19

[REMARKS]




U.S. Dept. of Commerce
NOAA National Weather Service
1325 East West Highway
Silver Spring, MD 20910
E-mail: w-nws.webmaster@noaa.gov
Page last modified: May 16, 2007
NATIONAL WEATHER SERVICE: for Safety, for Work, for Fun - FOR LIFE