229
CXUS53 KTOP 020200
CF6CNK
PRELIMINARY LOCAL CLIMATOLOGICAL DATA (WS FORM: F-6)

                                          STATION:   Concordia KS
                                          MONTH:     AUGUST
                                          YEAR:      2014
                                          LATITUDE:   39 32 N
                                          LONGITUDE:  97 39 W

  TEMPERATURE IN F:       :PCPN:    SNOW:  WIND      :SUNSHINE: SKY     :PK WND
================================================================================
1   2   3   4   5  6A  6B    7    8   9   10  11  12  13   14  15   16   17  18
                                     12Z  AVG MX 2MIN
DY MAX MIN AVG DEP HDD CDD  WTR  SNW DPTH SPD SPD DIR MIN PSBL S-S WX    SPD DR
================================================================================

 1  87  60  74  -5   0   9 0.00  0.0    0  8.8 23 340   M    M   0        30  10
 2  91  62  77  -2   0  12 0.00  0.0    0  6.1 12 140   M    M   0 1      17 130
 3  96  70  83   4   0  18 0.00  0.0    0 10.4 22 200   M    M   4        30 210
 4  96  67  82   3   0  17 0.00  0.0    0  7.0 13 220   M    M   1        17 220
 5  98  63  81   3   0  16 0.00  0.0    0  8.8 22 170   M    M   0        29 190
 6  94  70  82   4   0  17 0.00  0.0    0  8.0 18 360   M    M   3 3      23 360
 7  88  68  78   0   0  13 0.00  0.0    0  6.4 15  10   M    M   5 1      19 350
 8  89  66  78   0   0  13 0.00  0.0    0  7.7 16 100   M    M   4 1      22 100
 9  91  63  77  -1   0  12 1.59  0.0    0 10.0 28 310   M    M   3 13     35 310
10  84  64  74  -4   0   9 0.27  0.0    0  7.3 15  20   M    M   4 13     20  40
11  81  62  72  -6   0   7 0.00  0.0    0  9.7 21 350   M    M   1        24 330
12  82  56  69  -9   0   4 0.00  0.0    0  5.7 13  40   M    M   0        17  50
13  84  56  70  -8   0   5 0.00  0.0    0  6.3 14 130   M    M   0        16 130
14  88  60  74  -4   0   9 0.00  0.0    0 10.9 23 150   M    M   0        30 140
15  81  68  75  -3   0  10 0.19  0.0    0  6.2 20 160   M    M   3 13     26 170
16  88  66  77   0   0  12 0.00  0.0    0  4.5 10  40   M    M   6 12     14  40
17  90  66  78   1   0  13 0.66  0.0    0  5.8 39 310   M    M   0 13     60 330
18  87  62  75  -2   0  10 0.09  0.0    0  6.6 26 250   M    M   1 13     35 240
19  90  65  78   1   0  13 0.14  0.0    0  6.9 21 240   M    M   0 13     29 240
20  93  71  82   5   0  17 0.00  0.0    0 13.7 23 170   M    M   0        28 200
21  96  70  83   6   0  18 1.36  0.0    0 14.8 30 200   M    M   1 13     42 270
22  90  73  82   6   0  17 0.58  0.0    0  7.5 17 180   M    M   2 13     22 180
23  94  72  83   7   0  18 0.00  0.0    0 10.5 22 180   M    M   1 1      30 180
24  95  68  82   6   0  17 0.00  0.0    0  8.9 23 180   M    M   0        30 170
25  90  66  78   2   0  13 0.02  0.0    0  9.1 20  10   M    M   0 3      24  20
26  87  63  75  -1   0  10 0.12  0.0    0  6.2 18  30   M    M   1 13     23  40
27  83  69  76   1   0  11 0.13  0.0    0  5.7 15  40   M    M   4 13     20  40
28  80  69  75   0   0  10 0.41  0.0    0 10.9 26 180   M    M   4 13     36 180
29  83  66  75   0   0  10 0.20  0.0    0  8.0 23 210   M    M   4 13     29 220
30  87  62  75   1   0  10 0.00  0.0    0  5.7 14 170   M    M   0        17 170
31  92  68  80   6   0  15 1.23  0.0    0 14.8 37 280   M    M   0 13     46 280
================================================================================
SM 2755 2031         0 385  6.99     0.0 258.9          M       52
================================================================================
AV 88.9 65.5                               8.4 FASTST   M    M   2    MAX(MPH)
                                 MISC ---->  # 39 310               # 60  330
================================================================================
NOTES:
# LAST OF SEVERAL OCCURRENCES

COLUMN 17 PEAK WIND IN M.P.H.

PRELIMINARY LOCAL CLIMATOLOGICAL DATA (WS FORM: F-6) , PAGE 2

                                          STATION:  Concordia KS
                                          MONTH:    AUGUST
                                          YEAR:     2014
                                          LATITUDE:   39 32 N
                                          LONGITUDE:  97 39 W

[TEMPERATURE DATA]      [PRECIPITATION DATA]       SYMBOLS USED IN COLUMN 16

AVERAGE MONTHLY: 77.2   TOTAL FOR MONTH:   6.99    1 = FOG OR MIST
DPTR FM NORMAL:   0.1   DPTR FM NORMAL:    3.85    2 = FOG REDUCING VISIBILITY
HIGHEST:    98 ON  5    GRTST 24HR  1.94 ON 21-22      TO 1/4 MILE OR LESS
LOWEST:     56 ON 13,12                            3 = THUNDER
                        SNOW, ICE PELLETS, HAIL    4 = ICE PELLETS
                        TOTAL MONTH:   0.0 INCH    5 = HAIL
                        GRTST 24HR     0.0         6 = FREEZING RAIN OR DRIZZLE
                        GRTST DEPTH:   0           7 = DUSTSTORM OR SANDSTORM:
                                                       VSBY 1/2 MILE OR LESS
                                                   8 = SMOKE OR HAZE
[NO. OF DAYS WITH]      [WEATHER - DAYS WITH]      9 = BLOWING SNOW
                                                   X = TORNADO
MAX 32 OR BELOW:   0    0.01 INCH OR MORE:  14
MAX 90 OR ABOVE:  15    0.10 INCH OR MORE:  12
MIN 32 OR BELOW:   0    0.50 INCH OR MORE:   5
MIN  0 OR BELOW:   0    1.00 INCH OR MORE:   3

[HDD (BASE 65) ]
TOTAL THIS MO.     0    CLEAR  (SCALE 0-3)  21
DPTR FM NORMAL    -3    PTCLDY (SCALE 4-7)  10
TOTAL FM JUL 1     2    CLOUDY (SCALE 8-10)  0
DPTR FM NORMAL    -1

[CDD (BASE 65) ]
TOTAL THIS MO.   385
DPTR FM NORMAL     9    [PRESSURE DATA]
TOTAL FM JAN 1  1209    HIGHEST SLP 30.18 ON 12
DPTR FM NORMAL    43    LOWEST  SLP 29.55 ON 31

[REMARKS]
#FINAL-08-14#




U.S. Dept. of Commerce
NOAA National Weather Service
1325 East West Highway
Silver Spring, MD 20910
E-mail: w-nws.webmaster@noaa.gov
Page last modified: May 16, 2007
NATIONAL WEATHER SERVICE: for Safety, for Work, for Fun - FOR LIFE