175
CXUS53 KTOP 020200
CF6CNK
PRELIMINARY LOCAL CLIMATOLOGICAL DATA (WS FORM: F-6)

                                          STATION:   Concordia KS
                                          MONTH:     JULY
                                          YEAR:      2014
                                          LATITUDE:   39 32 N
                                          LONGITUDE:  97 39 W

  TEMPERATURE IN F:       :PCPN:    SNOW:  WIND      :SUNSHINE: SKY     :PK WND
================================================================================
1   2   3   4   5  6A  6B    7    8   9   10  11  12  13   14  15   16   17  18
                                     12Z  AVG MX 2MIN
DY MAX MIN AVG DEP HDD CDD  WTR  SNW DPTH SPD SPD DIR MIN PSBL S-S WX    SPD DR
================================================================================

 1  88  61  75  -3   0  10 0.00  0.0    0 10.4 24 330   M    M   0 8      29 330
 2  76  55  66 -12   0   1 0.00  0.0    0  9.4 22 320   M    M   0        28 340
 3  83  56  70  -8   0   5 0.00  0.0    0 11.0 16 170   M    M   0        21 180
 4  86  65  76  -2   0  11 0.00  0.0    0 16.3 29 150   M    M   3        35 140
 5  96  73  85   6   0  20 0.00  0.0    0 14.8 25 190   M    M   1        33 200
 6 101  73  87   8   0  22 0.00  0.0    0  7.5 17 190   M    M   0        22 190
 7  98  67  83   4   0  18 0.29  0.0    0  9.1 33  30   M    M   1 13     43  30
 8  84  66  75  -4   0  10 0.19  0.0    0  9.2 20 320   M    M   1 13     25 310
 9  87  60  74  -5   0   9 0.36  0.0    0  7.3 24 130   M    M   1 138    33 130
10  86  67  77  -2   0  12 0.00  0.0    0 14.3 23 150   M    M   1        29 140
11  97  67  82   3   0  17 0.00  0.0    0 12.7 24 190   M    M   0        32 180
12  96  73  85   6   0  20 0.00  0.0    0 12.9 21 190   M    M   1        30 210
13  89  69  79   0   0  14    T  0.0    0  7.5 16  20   M    M   3 3      22  40
14  81  57  69 -10   0   4 0.07  0.0    0  9.1 22 360   M    M   2 1      27 360
15  76  50  63 -16   2   0 0.00  0.0    0  7.0 16 350   M    M   0        23 350
16  77  55  66 -13   0   1 0.00  0.0    0  5.4 15 270   M    M   5        18 270
17  76  57  67 -12   0   2 0.00  0.0    0  6.1 15 200   M    M   6 1      22 170
18  79  60  70  -9   0   5 0.00  0.0    0 11.3 21 180   M    M   8        26 180
19  85  60  73  -6   0   8 0.00  0.0    0 11.0 21 150   M    M   1        24 160
20  94  66  80   1   0  15 0.00  0.0    0 15.7 24 180   M    M   0        32 180
21 102  74  88   9   0  23 0.00  0.0    0 15.7 23 200   M    M   0        28 190
22 102  76  89  10   0  24 0.00  0.0    0  9.9 18 200   M    M   0        26 190
23  87  66  77  -2   0  12 0.06  0.0    0  9.2 29 320   M    M   1 13     40 310
24  90  64  77  -2   0  12 0.00  0.0    0 15.0 25 160   M    M   0        37 150
25 103  77  90  11   0  25 0.00  0.0    0 12.2 25 240   M    M   0        35 220
26 102  75  89  10   0  24 0.00  0.0    0  7.0 18  30   M    M   0        23  30
27  88  67  78  -1   0  13 0.00  0.0    0  8.1 22 340   M    M   0 1      31 350
28  83  59  71  -8   0   6 0.00  0.0    0  7.0 14  30   M    M   1        20  10
29  81  63  72  -7   0   7    T  0.0    0  5.0 13  50   M    M   7        16  60
30  81  60  71  -8   0   6 0.17  0.0    0  3.8 13  80   M    M   3 1      19  80
31  87  54  71  -8   0   6 0.00  0.0    0  5.3 16 190   M    M   0        21 180
================================================================================
SM 2741 1992         2 362  1.14     0.0 306.2          M       46
================================================================================
AV 88.4 64.3                               9.9 FASTST   M    M   1    MAX(MPH)
                                 MISC ---->  # 33  30               # 43   30
================================================================================
NOTES:
# LAST OF SEVERAL OCCURRENCES

COLUMN 17 PEAK WIND IN M.P.H.

PRELIMINARY LOCAL CLIMATOLOGICAL DATA (WS FORM: F-6) , PAGE 2

                                          STATION:  Concordia KS
                                          MONTH:    JULY
                                          YEAR:     2014
                                          LATITUDE:   39 32 N
                                          LONGITUDE:  97 39 W

[TEMPERATURE DATA]      [PRECIPITATION DATA]       SYMBOLS USED IN COLUMN 16

AVERAGE MONTHLY: 76.3   TOTAL FOR MONTH:   1.14    1 = FOG OR MIST
DPTR FM NORMAL:  -2.8   DPTR FM NORMAL:   -2.78    2 = FOG REDUCING VISIBILITY
HIGHEST:   103 ON 25    GRTST 24HR  0.48 ON  7- 8      TO 1/4 MILE OR LESS
LOWEST:     50 ON 15                               3 = THUNDER
                        SNOW, ICE PELLETS, HAIL    4 = ICE PELLETS
                        TOTAL MONTH:   0.0 INCH    5 = HAIL
                        GRTST 24HR     0.0         6 = FREEZING RAIN OR DRIZZLE
                        GRTST DEPTH:   0           7 = DUSTSTORM OR SANDSTORM:
                                                       VSBY 1/2 MILE OR LESS
                                                   8 = SMOKE OR HAZE
[NO. OF DAYS WITH]      [WEATHER - DAYS WITH]      9 = BLOWING SNOW
                                                   X = TORNADO
MAX 32 OR BELOW:   0    0.01 INCH OR MORE:   6
MAX 90 OR ABOVE:  11    0.10 INCH OR MORE:   4
MIN 32 OR BELOW:   0    0.50 INCH OR MORE:   0
MIN  0 OR BELOW:   0    1.00 INCH OR MORE:   0

[HDD (BASE 65) ]
TOTAL THIS MO.     2    CLEAR  (SCALE 0-3)  26
DPTR FM NORMAL     2    PTCLDY (SCALE 4-7)   5
TOTAL FM JUL 1     2    CLOUDY (SCALE 8-10)  0
DPTR FM NORMAL     2

[CDD (BASE 65) ]
TOTAL THIS MO.   362
DPTR FM NORMAL   -74    [PRESSURE DATA]
TOTAL FM JAN 1   824    HIGHEST SLP 30.28 ON 28
DPTR FM NORMAL    34    LOWEST  SLP 29.64 ON  7

[REMARKS]
#FINAL-07-14#




U.S. Dept. of Commerce
NOAA National Weather Service
1325 East West Highway
Silver Spring, MD 20910
E-mail: w-nws.webmaster@noaa.gov
Page last modified: May 16, 2007
NATIONAL WEATHER SERVICE: for Safety, for Work, for Fun - FOR LIFE