986
CXUS53 KTOP 020200
CF6CNK
PRELIMINARY LOCAL CLIMATOLOGICAL DATA (WS FORM: F-6)

                                          STATION:   Concordia KS
                                          MONTH:     SEPTEMBER
                                          YEAR:      2014
                                          LATITUDE:   39 32 N
                                          LONGITUDE:  97 39 W

  TEMPERATURE IN F:       :PCPN:    SNOW:  WIND      :SUNSHINE: SKY     :PK WND
================================================================================
1   2   3   4   5  6A  6B    7    8   9   10  11  12  13   14  15   16   17  18
                                     12Z  AVG MX 2MIN
DY MAX MIN AVG DEP HDD CDD  WTR  SNW DPTH SPD SPD DIR MIN PSBL S-S WX    SPD DR
================================================================================

 1  82  60  71  -3   0   6    T  0.0    0  5.1 18 210   M    M   2        24 200
 2  84  57  71  -3   0   6 0.00  0.0    0  4.9 15 150   M    M   0        20 150
 3  91  69  80   7   0  15 0.00  0.0    0 16.6 29 180   M    M   3        38 180
 4  94  72  83  10   0  18 0.00  0.0    0 16.8 28 190   M    M   1        37 200
 5  72  56  64  -8   1   0 1.23  0.0    0  9.8 25 340   M    M   6 13     33 340
 6  73  50  62 -10   3   0 0.00  0.0    0  3.8  8  70   M    M   0 1      12  70
 7  77  48  63  -9   2   0 0.00  0.0    0  6.4 14 150   M    M   0        18 140
 8  88  62  75   4   0  10 0.00  0.0    0 15.3 23 190   M    M   0        31 190
 9  92  70  81  10   0  16 0.49  0.0    0 14.7 28 190   M    M   2 13     39 200
10  71  54  63  -7   2   0 0.02  0.0    0 13.9 24 340   M    M   8 1      30 320
11  58  51  55 -15  10   0 0.00  0.0    0 10.9 16  20   M    M  10 1      22  50
12  54  38  46 -24  19   0 0.19  0.0    0  9.3 18  10   M    M   8 1      25  20
13  62  34  48 -21  17   0 0.00  0.0    0  5.5 18 160   M    M   4        23 180
14  73  47  60  -9   5   0 0.00  0.0    0  8.2 17 160   M    M   1        22 160
15  71  47  59  -9   6   0    T  0.0    0  8.5 22  20   M    M   2 1      30 360
16  71  43  57 -11   8   0 0.00  0.0    0  5.7 14 150   M    M   2        17 140
17  79  56  68   0   0   3 0.00  0.0    0  7.0 16 200   M    M   5 12     21 200
18  81  63  72   5   0   7 0.00  0.0    0 12.9 21 130   M    M   6 13     30 130
19  88  63  76   9   0  11 0.00  0.0    0 13.4 20 190   M    M   1        25 180
20  86  63  75   9   0  10 0.00  0.0    0  8.5 23 190   M    M   1        30 200
21  77  53  65  -1   0   0 0.00  0.0    0  7.6 18  10   M    M   0        24  10
22  74  44  59  -6   6   0 0.00  0.0    0  6.0 13 150   M    M   0        18 140
23  66  57  62  -3   3   0 0.55  0.0    0 12.7 25 160   M    M   6 13     35 160
24  76  59  68   4   0   3 0.00  0.0    0  7.7 17 150   M    M   2        23 150
25  84  54  69   5   0   4 0.00  0.0    0  6.3 17 190   M    M   0 1      23 190
26  83  59  71   8   0   6 0.00  0.0    0  9.9 18 190   M    M   2        24 160
27  82  61  72   9   0   7 0.00  0.0    0 13.7 21 170   M    M   1        27 190
28  83  56  70   8   0   5 0.00  0.0    0  7.7 15 180   M    M   3 1      19 170
29  83  59  71   9   0   6 0.00  0.0    0  9.2 14 170   M    M   0        20 170
30  71  63  67   5   0   2 0.77  0.0    0  9.1 20 180   M    M   7 13     25 180
================================================================================
SM 2326 1668        82 135  3.25     0.0 287.1          M       83
================================================================================
AV 77.5 55.6                               9.6 FASTST   M    M   3    MAX(MPH)
                                 MISC ---->  # 29 180               # 39  200
================================================================================
NOTES:
# LAST OF SEVERAL OCCURRENCES

COLUMN 17 PEAK WIND IN M.P.H.

PRELIMINARY LOCAL CLIMATOLOGICAL DATA (WS FORM: F-6) , PAGE 2

                                          STATION:  Concordia KS
                                          MONTH:    SEPTEMBER
                                          YEAR:     2014
                                          LATITUDE:   39 32 N
                                          LONGITUDE:  97 39 W

[TEMPERATURE DATA]      [PRECIPITATION DATA]       SYMBOLS USED IN COLUMN 16

AVERAGE MONTHLY: 66.6   TOTAL FOR MONTH:   3.25    1 = FOG OR MIST
DPTR FM NORMAL:  -1.4   DPTR FM NORMAL:    0.34    2 = FOG REDUCING VISIBILITY
HIGHEST:    94 ON  4    GRTST 24HR  1.23 ON  5- 5      TO 1/4 MILE OR LESS
LOWEST:     34 ON 13                               3 = THUNDER
                        SNOW, ICE PELLETS, HAIL    4 = ICE PELLETS
                        TOTAL MONTH:   0.0 INCH    5 = HAIL
                        GRTST 24HR     0.0         6 = FREEZING RAIN OR DRIZZLE
                        GRTST DEPTH:   0           7 = DUSTSTORM OR SANDSTORM:
                                                       VSBY 1/2 MILE OR LESS
                                                   8 = SMOKE OR HAZE
[NO. OF DAYS WITH]      [WEATHER - DAYS WITH]      9 = BLOWING SNOW
                                                   X = TORNADO
MAX 32 OR BELOW:   0    0.01 INCH OR MORE:   6
MAX 90 OR ABOVE:   3    0.10 INCH OR MORE:   5
MIN 32 OR BELOW:   0    0.50 INCH OR MORE:   3
MIN  0 OR BELOW:   0    1.00 INCH OR MORE:   1

[HDD (BASE 65) ]
TOTAL THIS MO.    82    CLEAR  (SCALE 0-3)  21
DPTR FM NORMAL    12    PTCLDY (SCALE 4-7)   6
TOTAL FM JUL 1    84    CLOUDY (SCALE 8-10)  3
DPTR FM NORMAL    11

[CDD (BASE 65) ]
TOTAL THIS MO.   135
DPTR FM NORMAL   -25    [PRESSURE DATA]
TOTAL FM JAN 1  1344    HIGHEST SLP 30.46 ON 12
DPTR FM NORMAL    18    LOWEST  SLP 29.46 ON  9

[REMARKS]
#FINAL-09-14#




U.S. Dept. of Commerce
NOAA National Weather Service
1325 East West Highway
Silver Spring, MD 20910
E-mail: w-nws.webmaster@noaa.gov
Page last modified: May 16, 2007
NATIONAL WEATHER SERVICE: for Safety, for Work, for Fun - FOR LIFE