402
CXUS53 KTOP 020200
CF6CNK
PRELIMINARY LOCAL CLIMATOLOGICAL DATA (WS FORM: F-6)

                                          STATION:   Concordia KS
                                          MONTH:     NOVEMBER
                                          YEAR:      2014
                                          LATITUDE:   39 32 N
                                          LONGITUDE:  97 39 W

  TEMPERATURE IN F:       :PCPN:    SNOW:  WIND      :SUNSHINE: SKY     :PK WND
================================================================================
1   2   3   4   5  6A  6B    7    8   9   10  11  12  13   14  15   16   17  18
                                     12Z  AVG MX 2MIN
DY MAX MIN AVG DEP HDD CDD  WTR  SNW DPTH SPD SPD DIR MIN PSBL S-S WX    SPD DR
================================================================================

 1  56  27  42  -7  23   0 0.00  0.0    0 15.8 29 150   M    M   0        35 150
 2  65  45  55   6  10   0 0.00  0.0    0 18.6 29 180   M    M   0        38 180
 3  69  43  56   8   9   0    T  0.0    0 18.6 31 190   M    M   2        39 200
 4  63  36  50   2  15   0 0.00  0.0    0  9.8 17 190   M    M   0 8      21 190
 5  71  37  54   7  11   0 0.00  0.0    0 10.4 20 290   M    M   0 8      24 270
 6  58  38  48   1  17   0 0.00  0.0    0 10.2 17 340   M    M   0        21  30
 7  67  42  55   9  10   0 0.00  0.0    0 14.7 28 190   M    M   0        35 170
 8  57  36  47   1  18   0 0.00  0.0    0 11.2 22 190   M    M   0        30 360
 9  66  36  51   6  14   0 0.00  0.0    0  9.7 23 190   M    M   0        29 200
10  62  22  42  -3  23   0 0.01  0.2    0 17.5 35 350   M    M   4 1      45 330
11  27  16  22 -22  43   0 0.02  0.1    0 17.4 28 350   M    M   4 1      35 340
12  24  12  18 -26  47   0 0.00  0.0    0 13.1 22 320   M    M   3        29 330
13  29   9  19 -24  46   0 0.00  0.0    0  7.9 18 320   M    M   0        23 320
14  33  10  22 -20  43   0 0.00  0.0    0  6.6 15 150   M    M   6        20 150
15  29  17  23 -19  42   0 0.05  0.8    0  9.5 23 320   M    M   8 12     28 320
16  28  11  20 -21  45   0 0.00  0.0    1 11.6 24 340   M    M   1        34 350
17  27  10  19 -22  46   0    T    T    T 11.6 26 320   M    M   3        34 320
18  48   8  28 -12  37   0 0.00  0.0    T 10.5 17 210   M    M   0        22 190
19  40  19  30 -10  35   0 0.00  0.0    0  8.4 22 340   M    M   1        26 330
20  41  15  28 -11  37   0 0.00  0.0    0  6.9 13 130   M    M   0        18 110
21  45  19  32  -7  33   0 0.00  0.0    0  5.4 13 130   M    M   5 18     17 130
22  63  37  50  12  15   0 0.00  0.0    0 13.9 32 200   M    M   7 12     39 200
23  56  37  47   9  18   0 0.03  0.0    0 12.7 31 350   M    M   6 1      42 360
24  44  25  35  -2  30   0 0.00  0.0    0 14.5 30 320   M    M   2        38 320
25  50  20  35  -1  30   0 0.00  0.0    0 10.9 23 180   M    M   3        31 180
26  44  21  33  -3  32   0 0.00  0.0    0 14.7 31 330   M    M   5        41 330
27  42  14  28  -8  37   0 0.00  0.0    0  9.1 20 160   M    M   0        24 150
28  66  31  49  14  16   0 0.00  0.0    0 10.6 24 190   M    M   0        31 190
29  67  35  51  16  14   0 0.00  0.0    0  4.2 12 190   M    M   0 8      15 210
30  42  16  29  -5  36   0 0.00  0.0    0 19.2 30  10   M    M   1        39  10
================================================================================
SM 1479  744       832   0  0.11     1.1 355.2          M       61
================================================================================
AV 49.3 24.8                              11.8 FASTST   M    M   2    MAX(MPH)
                                 MISC ---->  # 35 350               # 45  330
================================================================================
NOTES:
# LAST OF SEVERAL OCCURRENCES

COLUMN 17 PEAK WIND IN M.P.H.

PRELIMINARY LOCAL CLIMATOLOGICAL DATA (WS FORM: F-6) , PAGE 2

                                          STATION:  Concordia KS
                                          MONTH:    NOVEMBER
                                          YEAR:     2014
                                          LATITUDE:   39 32 N
                                          LONGITUDE:  97 39 W

[TEMPERATURE DATA]      [PRECIPITATION DATA]       SYMBOLS USED IN COLUMN 16

AVERAGE MONTHLY: 37.0   TOTAL FOR MONTH:   0.11    1 = FOG OR MIST
DPTR FM NORMAL:  -4.5   DPTR FM NORMAL:   -1.00    2 = FOG REDUCING VISIBILITY
HIGHEST:    71 ON  5    GRTST 24HR  0.05 ON 15-15      TO 1/4 MILE OR LESS
LOWEST:      8 ON 18                               3 = THUNDER
                        SNOW, ICE PELLETS, HAIL    4 = ICE PELLETS
                        TOTAL MONTH:   1.1 INCHES  5 = HAIL
                        GRTST 24HR   0.8 ON   M    6 = FREEZING RAIN OR DRIZZLE
                        GRTST DEPTH:   1 ON 16     7 = DUSTSTORM OR SANDSTORM:
                                                       VSBY 1/2 MILE OR LESS
                                                   8 = SMOKE OR HAZE
[NO. OF DAYS WITH]      [WEATHER - DAYS WITH]      9 = BLOWING SNOW
                                                   X = TORNADO
MAX 32 OR BELOW:   6    0.01 INCH OR MORE:   4
MAX 90 OR ABOVE:   0    0.10 INCH OR MORE:   0
MIN 32 OR BELOW:  19    0.50 INCH OR MORE:   0
MIN  0 OR BELOW:   0    1.00 INCH OR MORE:   0

[HDD (BASE 65) ]
TOTAL THIS MO.   832    CLEAR  (SCALE 0-3)  22
DPTR FM NORMAL   131    PTCLDY (SCALE 4-7)   8
TOTAL FM JUL 1  1163    CLOUDY (SCALE 8-10)  0
DPTR FM NORMAL    71

[CDD (BASE 65) ]
TOTAL THIS MO.     0
DPTR FM NORMAL    -1    [PRESSURE DATA]
TOTAL FM JAN 1  1368    HIGHEST SLP 30.70 ON 13
DPTR FM NORMAL    19    LOWEST  SLP 29.33 ON 10

[REMARKS]
#FINAL-11-14#




U.S. Dept. of Commerce
NOAA National Weather Service
1325 East West Highway
Silver Spring, MD 20910
E-mail: w-nws.webmaster@noaa.gov
Page last modified: May 16, 2007
NATIONAL WEATHER SERVICE: for Safety, for Work, for Fun - FOR LIFE