289
CXUS53 KARX 010930
CF6CMY
PRELIMINARY LOCAL CLIMATOLOGICAL DATA (WS FORM: F-6)

                                          STATION:   SPARTA - FORT MCCOY WI
                                          MONTH:     NOVEMBER
                                          YEAR:      2014
                                          LATITUDE:   43 58 N
                                          LONGITUDE:  90 44 W

  TEMPERATURE IN F:       :PCPN:    SNOW:  WIND      :SUNSHINE: SKY     :PK WND
================================================================================
1   2   3   4   5  6A  6B    7    8   9   10  11  12  13   14  15   16   17  18
                                     12Z  AVG MX 2MIN
DY MAX MIN AVG DEP HDD CDD  WTR  SNW DPTH SPD SPD DIR MIN PSBL S-S WX    SPD DR
================================================================================

 1  45  12  29   M  36   0 0.00  0.0    0  1.2  8 150   M    M   0         M  M
 2  56  27  42   M  23   0 0.00  0.0    0  8.2 16 180   M    M   3        27 180
 3  58  41  50   M  15   0 0.01  0.0    0  4.7  8 200   M    M   5 1       M  M
 4  55  37  46   M  19   0 0.04  0.0    0  9.0 17 290   M    M   6        28 290
 5  50  25  38   M  27   0 0.06  0.0    0  3.0  9 110   M    M   6 1       M  M
 6  40  28  34   M  31   0 0.07  0.0    0  7.5 14 330   M    M  10        21 330
 7  41  25  33   M  32   0 0.01  0.0    0  5.1 12 160   M    M   8        16 160
 8  43  35  39   M  26   0 0.00  0.0    0 10.5 20 300   M    M   7        31 300
 9  45  35  40   M  25   0 0.00  0.0    0  4.7  8 350   M    M   8         M  M
10  40  32  36   M  29   0 0.01  0.0    0 10.0 15  90   M    M  10 1      21  90
11  32  19  26   M  39   0 0.16  3.0    3 10.6 18 340   M    M   8 1      25 320
12  27  10  19   M  46   0    T    T    2  5.7 10 290   M    M   7         M  M
13  26  17  22   M  43   0    T    T    1  6.3 13 300   M    M  10        17 300
14  23   4  14   M  51   0    T    T    1  3.9  8 310   M    M   7         M  M
15  22   1  12   M  53   0    M    M    1  0.1  4 260   M    M   8         M  M
16  27  10  19   M  46   0    M    M    2  4.0 12 230   M    M   5 1      18 250
17  15   8  12   M  53   0    M    M    2  8.0 14 270   M    M   7 8      24 290
18  17   8  13   M  52   0 0.00  0.0    2  7.8 14 260   M    M  10        21 270
19  24  17  21   M  44   0    M    M    2  7.8 18 290   M    M   8        25 290
20  21  -5   8   M  57   0 0.00  0.0    2  7.4 15 290   M    M   0        23 280
21  33  -8  13   M  52   0 0.00  0.0    2  5.4 14 190   M    M   2        17 180
22  50  32  41   M  24   0 0.01  0.0    0  4.9 10 200   M    M  10 1      18 200
23  53  43  48   M  17   0 0.10  0.0    0  5.2 14 170   M    M  10 1      20 210
24  43  22  33   M  32   0 0.52  1.5    0 10.7 15 270   M    M   8        21 280
25  24  14  19   M  46   0    T    T    2  4.8 12 300   M    M   7        18 300
26  28  12  20   M  45   0    T    T    2  2.5  9 310   M    M   7         M  M
27  23   0  12   M  53   0    T    T    2  5.9 12 330   M    M   4        16 310
28  28  10  19   M  46   0 0.02  0.2    2  4.4  9 110   M    M   7 46      M  M
29  44  19  32   M  33   0 0.00  0.0    2  2.2  9 190   M    M   0 1       M  M
30  35  10  23   M  42   0 0.00  0.0    0 10.9 16 300   M    M   3        23 320
================================================================================
SM 1068  540      1137   0  1.01     4.7 182.4          M      191
================================================================================
AV 35.6 18.0                               6.1 FASTST   M    M   6    MAX(MPH)
                                 MISC ---->    20   M                 31    M
================================================================================
NOTES:
# LAST OF SEVERAL OCCURRENCES

COLUMN 17 PEAK WIND IN M.P.H.

PRELIMINARY LOCAL CLIMATOLOGICAL DATA (WS FORM: F-6) , PAGE 2

                                          STATION:  SPARTA - FORT MCCOY WI
                                          MONTH:    NOVEMBER
                                          YEAR:     2014
                                          LATITUDE:   43 58 N
                                          LONGITUDE:  90 44 W

[TEMPERATURE DATA]      [PRECIPITATION DATA]       SYMBOLS USED IN COLUMN 16

AVERAGE MONTHLY: 26.8   TOTAL FOR MONTH:   1.01    1 = FOG OR MIST
DPTR FM NORMAL:     M   DPTR FM NORMAL:       M    2 = FOG REDUCING VISIBILITY
HIGHEST:    58 ON  3    GRTST 24HR  0.52 ON 24-24      TO 1/4 MILE OR LESS
LOWEST:     -8 ON 21                               3 = THUNDER
                        SNOW, ICE PELLETS, HAIL    4 = ICE PELLETS
                        TOTAL MONTH:   4.7 INCHES  5 = HAIL
                        GRTST 24HR   3.0 ON 11-11  6 = FREEZING RAIN OR DRIZZLE
                        GRTST DEPTH:   3 ON 11     7 = DUSTSTORM OR SANDSTORM:
                                                       VSBY 1/2 MILE OR LESS
                                                   8 = SMOKE OR HAZE
[NO. OF DAYS WITH]      [WEATHER - DAYS WITH]      9 = BLOWING SNOW
                                                   X = TORNADO
MAX 32 OR BELOW:  14    0.01 INCH OR MORE:  11
MAX 90 OR ABOVE:   0    0.10 INCH OR MORE:   3
MIN 32 OR BELOW:  25    0.50 INCH OR MORE:   1
MIN  0 OR BELOW:   3    1.00 INCH OR MORE:   0

[HDD (BASE 65) ]
TOTAL THIS MO.  1137    CLEAR  (SCALE 0-3)   5
DPTR FM NORMAL     M    PTCLDY (SCALE 4-7)  15
TOTAL FM JUL 1  2027    CLOUDY (SCALE 8-10) 10
DPTR FM NORMAL     M

[CDD (BASE 65) ]
TOTAL THIS MO.     0
DPTR FM NORMAL     M    [PRESSURE DATA]
TOTAL FM JAN 1   394    HIGHEST SLP M ON M
DPTR FM NORMAL     M    LOWEST  SLP M ON M

[REMARKS]
#FINAL-11-14#




U.S. Dept. of Commerce
NOAA National Weather Service
1325 East West Highway
Silver Spring, MD 20910
E-mail: w-nws.webmaster@noaa.gov
Page last modified: May 16, 2007
NATIONAL WEATHER SERVICE: for Safety, for Work, for Fun - FOR LIFE