221
CXUS53 KILX 270900
CF6CMI
PRELIMINARY LOCAL CLIMATOLOGICAL DATA (WS FORM: F-6)

                                          STATION:   CHAMPAIGN IL AIRPORT
                                          MONTH:     NOVEMBER
                                          YEAR:      2014
                                          LATITUDE:   40  1 N
                                          LONGITUDE:  88 17 W

  TEMPERATURE IN F:       :PCPN:    SNOW:  WIND      :SUNSHINE: SKY     :PK WND
================================================================================
1   2   3   4   5  6A  6B    7    8   9   10  11  12  13   14  15   16   17  18
                                     12Z  AVG MX 2MIN
DY MAX MIN AVG DEP HDD CDD  WTR  SNW DPTH SPD SPD DIR MIN PSBL S-S WX    SPD DR
================================================================================

 1  48  25  37 -11  28   0 0.00    M    M 11.6 21  10   M    M   2        27 340
 2  54  21  38 -10  27   0 0.00    M    M 11.4 20 190   M    M   3 1      24 180
 3  68  42  55   8  10   0 0.00    M    M 17.6 26 200   M    M   2        33 220
 4  56  40  48   1  17   0 0.40    M    M 12.6 22 280   M    M   7 1      29 220
 5  60  38  49   2  16   0    T    M    M 10.0 18 180   M    M   1 1      20 170
 6  48  37  43  -3  22   0    T    M    M 18.6 35 320   M    M   9 1      42 330
 7  47  25  36 -10  29   0 0.00    M    M  8.1 15 170   M    M   2        20 170
 8  48  30  39  -6  26   0 0.00    M    M 12.1 29 320   M    M   4 18     35 320
 9  55  26  41  -4  24   0 0.00    M    M 11.2 25 190   M    M   1        29 190
10  65  41  53   9  12   0 0.00    M    M 17.3 33 160   M    M   1        43 170
11  52  33  43  -1  22   0 0.08    M    M 16.1 23 290   M    M   9 18     32 300
12  33  22  28 -16  37   0    T    M    M 12.8 21 320   M    M   9 18     26 320
13  30  14  22 -21  43   0    T    M    0 11.8 18 290   M    M   7 1      22 290
14  30  14  22 -20  43   0    T    M    M  5.9 14 280   M    M   1        24 300
15  35  14  25 -17  40   0    T    M    M  4.2 13 180   M    M   3 1      16 190
16  33  24  29 -13  36   0 0.05    M    M  7.0 21 310   M    M  10 18     25 310
17  24  12  18 -23  47   0    T    M    M 17.9 30 270   M    M   4 18     36 270
18  20   8  14 -26  51   0    T    M    M 15.2 26 260   M    M   3        32 250
19  38  16  27 -13  38   0 0.00    M    M 19.6 31 270   M    M   8        37 270
20  33  14  24 -16  41   0 0.00    M    M 12.1 25 260   M    M   1        30 260
21  36   8  22 -17  43   0 0.02    M    M 11.1 17 150   M    M   3        32 140
22  57  35  46   8  19   0 0.25    M    M 15.2 26 200   M    M   9 1      36 200
23  54  47  51  13  14   0 0.86    M    M 12.6 22 160   M    M   9 1      27 150
24  53  32  43   5  22   0 0.56    M    M 21.8 38 250   M    M  10 1      47 240
25  32  20  26 -11  39   0 0.00    M    M 10.3 22 290   M    M   9        26 290
26  30  19  25 -11  40   0    T    M    M  9.0 16 360   M    M   6 18     20  10
================================================================================
SM 1139  657       786   0  2.22    M    333.1          M      133
================================================================================
AV 43.8 25.3                              12.8 FASTST   M    M   5    MAX(MPH)
                                 MISC ---->  # 38 250               # 47  240
================================================================================
NOTES:
# LAST OF SEVERAL OCCURRENCES

COLUMN 17 PEAK WIND IN M.P.H.

PRELIMINARY LOCAL CLIMATOLOGICAL DATA (WS FORM: F-6) , PAGE 2

                                          STATION:  CHAMPAIGN IL AIRPORT
                                          MONTH:    NOVEMBER
                                          YEAR:     2014
                                          LATITUDE:   40  1 N
                                          LONGITUDE:  88 17 W

[TEMPERATURE DATA]      [PRECIPITATION DATA]       SYMBOLS USED IN COLUMN 16

AVERAGE MONTHLY: 34.5   TOTAL FOR MONTH:   2.22    1 = FOG OR MIST
DPTR FM NORMAL:  -8.0   DPTR FM NORMAL:   -0.81    2 = FOG REDUCING VISIBILITY
HIGHEST:    68 ON  3    GRTST 24HR  1.42 ON 23-24      TO 1/4 MILE OR LESS
LOWEST:      8 ON 21,18                            3 = THUNDER
                        SNOW, ICE PELLETS, HAIL    4 = ICE PELLETS
                        TOTAL MONTH:    M          5 = HAIL
                        GRTST 24HR    M  ON   M    6 = FREEZING RAIN OR DRIZZLE
                        GRTST DEPTH:   0           7 = DUSTSTORM OR SANDSTORM:
                                                       VSBY 1/2 MILE OR LESS
                                                   8 = SMOKE OR HAZE
[NO. OF DAYS WITH]      [WEATHER - DAYS WITH]      9 = BLOWING SNOW
                                                   X = TORNADO
MAX 32 OR BELOW:   6    0.01 INCH OR MORE:   7
MAX 90 OR ABOVE:   0    0.10 INCH OR MORE:   4
MIN 32 OR BELOW:  18    0.50 INCH OR MORE:   2
MIN  0 OR BELOW:   0    1.00 INCH OR MORE:   0

[HDD (BASE 65) ]
TOTAL THIS MO.   786    CLEAR  (SCALE 0-3)  12
DPTR FM NORMAL   202    PTCLDY (SCALE 4-7)   6
TOTAL FM JUL 1  1228    CLOUDY (SCALE 8-10)  8
DPTR FM NORMAL   183

[CDD (BASE 65) ]
TOTAL THIS MO.     0
DPTR FM NORMAL     0    [PRESSURE DATA]
TOTAL FM JAN 1   948    HIGHEST SLP M ON M
DPTR FM NORMAL     4    LOWEST  SLP 29.14 ON 24

[REMARKS]




U.S. Dept. of Commerce
NOAA National Weather Service
1325 East West Highway
Silver Spring, MD 20910
E-mail: w-nws.webmaster@noaa.gov
Page last modified: May 16, 2007
NATIONAL WEATHER SERVICE: for Safety, for Work, for Fun - FOR LIFE