637
CXUS53 KILX 300900
CF6CMI
PRELIMINARY LOCAL CLIMATOLOGICAL DATA (WS FORM: F-6)

                                          STATION:   CHAMPAIGN IL AIRPORT
                                          MONTH:     SEPTEMBER
                                          YEAR:      2014
                                          LATITUDE:   40  1 N
                                          LONGITUDE:  88 17 W

  TEMPERATURE IN F:       :PCPN:    SNOW:  WIND      :SUNSHINE: SKY     :PK WND
================================================================================
1   2   3   4   5  6A  6B    7    8   9   10  11  12  13   14  15   16   17  18
                                     12Z  AVG MX 2MIN
DY MAX MIN AVG DEP HDD CDD  WTR  SNW DPTH SPD SPD DIR MIN PSBL S-S WX    SPD DR
================================================================================

 1  82  70  76   6   0  11 0.23    M    M 12.1 22 250   M    M   4 13     29 180
 2  80  66  73   3   0   8 0.08    M    M  7.0 14 250   M    M   6 1      19 110
 3  83  60  72   2   0   7 0.00    M    M  6.0 13 170   M    M   1 12     16 170
 4  88  67  78   8   0  13 0.00    M    M  9.8 18 310   M    M   2 1      24 300
 5  92  64  78   9   0  13 0.53    M    M 10.3 26 320   M    M   2 13     32 310
 6  75  55  65  -4   0   0 0.01    M    M  8.7 15 350   M    M   5        20 330
 7  75  51  63  -6   2   0 0.00    M    M  5.0  8  30   M    M   1         M  M
 8  77  52  65  -3   0   0 0.00    M    M  6.8  9 180   M    M   0         M  M
 9  72  61  67  -1   0   2 0.28    M    M  6.0 13 320   M    M   4 13     23 320
10  78  64  71   3   0   6 0.74    M    M 13.1 30 220   M    M   9 13     37 230
11  64  52  58 -10   7   0    T    M    M 10.2 17 330   M    M  10        23 320
12  99  47  73   6   0   8    T    M    M 10.6 22 350   M    M  10        29 350
13  62  39  51 -16  14   0 0.00    M    M  6.5 17  20   M    M   2        23 340
14  70  42  56 -10   9   0 0.00    M    M  4.3  9 180   M    M   0        12 170
15  60  46  53 -13  12   0 0.74    M    M  5.4 25 140   M    M   8 13     36 140
16  69  47  58  -8   7   0 0.00    M    M  3.5 13 360   M    M   4 1      19  30
17  70  44  57  -8   8   0 0.00    M    M  4.4 12 170   M    M   5 1      16 150
18  73  48  61  -4   4   0 0.00    M    M  7.0 15  30   M    M   1 1      20  50
19  76  48  62  -2   3   0 0.00    M    M  8.7 17 140   M    M   0 1      21 120
20  84  57  71   7   0   6 0.57    M    M 10.6 24 220   M    M   2 13     33 220
21  72  50  61  -3   4   0 0.00    M    M 12.4 25 290   M    M   2 1      33 280
22  69  43  56  -7   9   0 0.00    M    M  5.2 10 330   M    M   0        22  30
23  75   M   M   M   M   M 0.00    M    M  5.4  8 120   M    M   0         M  M
24  77   M   M   M   M   M 0.00    M    M  7.5 10 110   M    M   0         M  M
25  79  51  65   3   0   0 0.00    M    M  4.0  8 110   M    M   1        25  90
26  83  54  69   8   0   4 0.00    M    M  4.7  8  50   M    M   0         M  M
27  83  56  70   9   0   5 0.00    M    M  6.7 13  70   M    M   0        15  90
28  84  52  68   8   0   3 0.00    M    M  3.3  8 330   M    M   0        12 330
29  84  54  69   9   0   4 0.00    M    M  4.2 10 290   M    M   0        14 350
================================================================================
SM 2235 1440        79  90  3.18    M    209.4          M       79
================================================================================
AV 77.1 53.3                               7.2 FASTST   M    M   3    MAX(MPH)
                                 MISC ---->  # 30 220               # 37  230
================================================================================
NOTES:
# LAST OF SEVERAL OCCURRENCES

COLUMN 17 PEAK WIND IN M.P.H.

PRELIMINARY LOCAL CLIMATOLOGICAL DATA (WS FORM: F-6) , PAGE 2

                                          STATION:  CHAMPAIGN IL AIRPORT
                                          MONTH:    SEPTEMBER
                                          YEAR:     2014
                                          LATITUDE:   40  1 N
                                          LONGITUDE:  88 17 W

[TEMPERATURE DATA]      [PRECIPITATION DATA]       SYMBOLS USED IN COLUMN 16

AVERAGE MONTHLY: 65.2   TOTAL FOR MONTH:   3.18    1 = FOG OR MIST
DPTR FM NORMAL:  -0.5   DPTR FM NORMAL:    0.00    2 = FOG REDUCING VISIBILITY
HIGHEST:    99 ON 12    GRTST 24HR  0.74 ON 14-15      TO 1/4 MILE OR LESS
LOWEST:     39 ON 13                               3 = THUNDER
                        SNOW, ICE PELLETS, HAIL    4 = ICE PELLETS
                        TOTAL MONTH:    M          5 = HAIL
                        GRTST 24HR    M  ON   M    6 = FREEZING RAIN OR DRIZZLE
                        GRTST DEPTH:  M  ON   M    7 = DUSTSTORM OR SANDSTORM:
                                                       VSBY 1/2 MILE OR LESS
                                                   8 = SMOKE OR HAZE
[NO. OF DAYS WITH]      [WEATHER - DAYS WITH]      9 = BLOWING SNOW
                                                   X = TORNADO
MAX 32 OR BELOW:   0    0.01 INCH OR MORE:   8
MAX 90 OR ABOVE:   2    0.10 INCH OR MORE:   6
MIN 32 OR BELOW:   0    0.50 INCH OR MORE:   4
MIN  0 OR BELOW:   0    1.00 INCH OR MORE:   0

[HDD (BASE 65) ]
TOTAL THIS MO.    79    CLEAR  (SCALE 0-3)  19
DPTR FM NORMAL     3    PTCLDY (SCALE 4-7)   6
TOTAL FM JUL 1    88    CLOUDY (SCALE 8-10)  4
DPTR FM NORMAL     3

[CDD (BASE 65) ]
TOTAL THIS MO.    90
DPTR FM NORMAL    -8    [PRESSURE DATA]
TOTAL FM JAN 1   946    HIGHEST SLP M ON M
DPTR FM NORMAL    21    LOWEST  SLP 29.57 ON 10

[REMARKS]




U.S. Dept. of Commerce
NOAA National Weather Service
1325 East West Highway
Silver Spring, MD 20910
E-mail: w-nws.webmaster@noaa.gov
Page last modified: May 16, 2007
NATIONAL WEATHER SERVICE: for Safety, for Work, for Fun - FOR LIFE