738
CXUS55 KLOX 011655
CF6CMA
PRELIMINARY LOCAL CLIMATOLOGICAL DATA (WS FORM: F-6)

                                          STATION:   CAMARILLO AIRPORT CA
                                          MONTH:     NOVEMBER
                                          YEAR:      2014
                                          LATITUDE:   34 12 N
                                          LONGITUDE: 119  6 W

  TEMPERATURE IN F:       :PCPN:    SNOW:  WIND      :SUNSHINE: SKY     :PK WND
================================================================================
1   2   3   4   5  6A  6B    7    8   9   10  11  12  13   14  15   16   17  18
                                     12Z  AVG MX 2MIN
DY MAX MIN AVG DEP HDD CDD  WTR  SNW DPTH SPD SPD DIR MIN PSBL S-S WX    SPD DR
================================================================================

 1  66  52  59  -2   6   0 0.02  0.0    0  7.2 22 260   M    M   4 1      26 260
 2  70  47  59  -2   6   0 0.00  0.0    0  3.5 12 270   M    M   0        15 240
 3  76  45  61   0   4   0 0.00  0.0    0  8.3 25  70   M    M   0        31  80
 4  83  49  66   5   0   1 0.00  0.0    0 11.0 30  80   M    M   0        36  80
 5  91  55  73  12   0   8 0.00  0.0    0 10.1 26  70   M    M   0        35  70
 6  89  56  73  13   0   8 0.00  0.0    0  4.9 14 260   M    M   0        17 260
 7  86  54  70  10   0   5 0.00  0.0    0  2.3 12 260   M    M   0        14 260
 8  79  51  65   5   0   0 0.00  0.0    0  3.1  9 230   M    M   0        17 240
 9  71  51  61   1   4   0 0.00  0.0    0  3.3 10 260   M    M   5 128    12 230
10  68  61  65   5   0   0 0.00  0.0    0  5.2 14 230   M    M   9 8      17 220
11  68  62  65   5   0   0 0.00  0.0    0  3.4 10 220   M    M  10        14 230
12  69  54  62   3   3   0 0.00  0.0    0  4.4 13 260   M    M   5        17 220
13  68  50  59   0   6   0 0.02  0.0    0  2.7 12 210   M    M   6 1      14 210
14  71  56  64   5   1   0 0.00  0.0    0  4.3 12 200   M    M   3 18     20 230
15  71  52  62   3   3   0 0.00  0.0    0  4.5 13 230   M    M   3        17 230
16  74  49  62   4   3   0 0.00  0.0    0 17.5 37  70   M    M   0        47  70
17  78  63  71  13   0   6 0.00  0.0    0 15.9 25  70   M    M   0        36  80
18  82  53  68  10   0   3 0.00  0.0    0  9.5 23  60   M    M   0        28  60
19  71  49  60   2   5   0 0.00  0.0    0  4.1 10 240   M    M   3        13 230
20  67  47  57  -1   8   0 0.01    M    0  3.5 14 270   M    M   6        18 230
21  72  50  61   4   4   0 0.00  0.0    0  4.6 14 280   M    M   1        26 240
22  71  46  59   2   6   0 0.00  0.0    0  4.1 12 210   M    M   0        14 220
23  80  49  65   8   0   0 0.00  0.0    0  7.1 31  70   M    M   0        37  70
24  80  45  63   6   2   0 0.00  0.0    0 12.9 32  60   M    M   0        40  70
25  81  47  64   8   1   0 0.00  0.0    0  4.8 12 210   M    M   0        14 210
26  78  46  62   6   3   0 0.00  0.0    0  2.6  9 210   M    M   0        11 210
27  85  51  68  12   0   3 0.00  0.0    0  3.0 10 260   M    M   0        12 260
28  76  45  61   5   4   0 0.00  0.0    0  2.8 10 230   M    M   0        14 230
29  72  43  58   2   7   0 0.00  0.0    0  3.6 15 230   M    M   0 18     19 240
30  67  55  61   6   4   0 0.07  0.0    0  7.4 12  60   M    M   7 18     13  70
================================================================================
SM 2260 1533        80  34  0.12     0.0 181.7          M       62
================================================================================
AV 75.3 51.1                               6.1 FASTST   M    M   2    MAX(MPH)
                                 MISC ---->  # 37  70               # 47   70
================================================================================
NOTES:
# LAST OF SEVERAL OCCURRENCES

COLUMN 17 PEAK WIND IN M.P.H.

PRELIMINARY LOCAL CLIMATOLOGICAL DATA (WS FORM: F-6) , PAGE 2

                                          STATION:  CAMARILLO AIRPORT CA
                                          MONTH:    NOVEMBER
                                          YEAR:     2014
                                          LATITUDE:   34 12 N
                                          LONGITUDE: 119  6 W

[TEMPERATURE DATA]      [PRECIPITATION DATA]       SYMBOLS USED IN COLUMN 16

AVERAGE MONTHLY: 63.2   TOTAL FOR MONTH:   0.12    1 = FOG OR MIST
DPTR FM NORMAL:   4.7   DPTR FM NORMAL:   -1.19    2 = FOG REDUCING VISIBILITY
HIGHEST:    91 ON  5    GRTST 24HR  0.73 ON 31- 1      TO 1/4 MILE OR LESS
LOWEST:     43 ON 29                               3 = THUNDER
                        SNOW, ICE PELLETS, HAIL    4 = ICE PELLETS
                        TOTAL MONTH:   0.0 INCH    5 = HAIL
                        GRTST 24HR     0.0         6 = FREEZING RAIN OR DRIZZLE
                        GRTST DEPTH:   0           7 = DUSTSTORM OR SANDSTORM:
                                                       VSBY 1/2 MILE OR LESS
                                                   8 = SMOKE OR HAZE
[NO. OF DAYS WITH]      [WEATHER - DAYS WITH]      9 = BLOWING SNOW
                                                   X = TORNADO
MAX 32 OR BELOW:   0    0.01 INCH OR MORE:   4
MAX 90 OR ABOVE:   1    0.10 INCH OR MORE:   0
MIN 32 OR BELOW:   0    0.50 INCH OR MORE:   0
MIN  0 OR BELOW:   0    1.00 INCH OR MORE:   0

[HDD (BASE 65) ]
TOTAL THIS MO.    80    CLEAR  (SCALE 0-3)  21
DPTR FM NORMAL  -129    PTCLDY (SCALE 4-7)   7
TOTAL FM JUL 1    87    CLOUDY (SCALE 8-10)  2
DPTR FM NORMAL  -245

[CDD (BASE 65) ]
TOTAL THIS MO.    34
DPTR FM NORMAL    20    [PRESSURE DATA]
TOTAL FM JAN 1  1009    HIGHEST SLP 30.42 ON 25
DPTR FM NORMAL   679    LOWEST  SLP 29.84 ON  9

[REMARKS]
#FINAL-11-14#




U.S. Dept. of Commerce
NOAA National Weather Service
1325 East West Highway
Silver Spring, MD 20910
E-mail: w-nws.webmaster@noaa.gov
Page last modified: May 16, 2007
NATIONAL WEATHER SERVICE: for Safety, for Work, for Fun - FOR LIFE