620
CXUS52 KGSP 280817
CF6CLT
PRELIMINARY LOCAL CLIMATOLOGICAL DATA (WS FORM: F-6)

                                          STATION:   CHARLOTTE NC
                                          MONTH:     AUGUST
                                          YEAR:      2014
                                          LATITUDE:   35 12 N
                                          LONGITUDE:  80 57 W

  TEMPERATURE IN F:       :PCPN:    SNOW:  WIND      :SUNSHINE: SKY     :PK WND
================================================================================
1   2   3   4   5  6A  6B    7    8   9   10  11  12  13   14  15   16   17  18
                                     12Z  AVG MX 2MIN
DY MAX MIN AVG DEP HDD CDD  WTR  SNW DPTH SPD SPD DIR MIN PSBL S-S WX    SPD DR
================================================================================

 1  70  65  68 -10   0   3 2.39  0.0    0  8.9 21  20   M    M   8 13     28  30
 2  72  65  69  -9   0   4 0.00  0.0    0  5.3  8  20   M    M  10         M  M
 3  86  67  77  -1   0  12 0.00  0.0    0  3.8 13 120   M    M   7        16 120
 4  87  69  78   0   0  13 0.00  0.0    0  5.1 12  70   M    M   6        20  80
 5  88  65  77  -1   0  12 0.00  0.0    0  3.7 10 340   M    M   6        21  70
 6  88  68  78   0   0  13 0.17  0.0    0  3.4 14 330   M    M   6 13     20 330
 7  88  67  78   0   0  13 0.00  0.0    0  5.7 13  10   M    M   4 1      20  40
 8  81  73  77  -1   0  12    T  0.0    0  5.8 13 120   M    M   9 8      16 140
 9  84  68  76  -2   0  11 0.00  0.0    0  4.6 16  60   M    M  10 1      28  70
10  73  67  70  -8   0   5 0.01  0.0    0  5.9 12  50   M    M  10 18     23  80
11  85  71  78   0   0  13 0.58  0.0    0  6.7 14 140   M    M   9 1      17 100
12  89  72  81   3   0  16 0.31  0.0    0  5.5 18 260   M    M   8 13     25 250
13  84  65  75  -3   0  10 0.00  0.0    0  4.5 12 360   M    M   3 12     16 360
14  83  59  71  -7   0   6 0.00  0.0    0  2.6 12  50   M    M   2 1      15 350
15  86  60  73  -5   0   8 0.00  0.0    0  2.7  9 210   M    M   4 1      13 240
16  86  68  77  -1   0  12 0.00  0.0    0  1.9 10 220   M    M   8 18     13 240
17  89  67  78   0   0  13 0.00  0.0    0  3.0 10 230   M    M   8 1      13 230
18  90  71  81   4   0  16    T  0.0    0  4.2 15 210   M    M   8        21 220
19  90  70  80   3   0  15    T  0.0    0  2.8 13 340   M    M   6 3      18 330
20  91  67  79   2   0  14 0.00  0.0    0  3.1  9 270   M    M   5 1      13 290
21  93  67  80   3   0  15 0.00  0.0    0  4.0 12 330   M    M   5        15 320
22  95  70  83   6   0  18 0.00  0.0    0  3.4 16  10   M    M   7 3      20  10
23  91  73  82   5   0  17 0.08  0.0    0  5.7 15 100   M    M   7 13     24 100
24  81  66  74  -3   0   9 0.14  0.0    0  8.1 15  70   M    M   7 13     24  70
25  83  60  72  -4   0   7 0.00  0.0    0  9.0 17  20   M    M   1        26  60
26  84  60  72  -4   0   7 0.00  0.0    0  6.9 16 360   M    M   2        21  60
27  87  57  72  -4   0   7 0.00  0.0    0  5.0 13 350   M    M   1 1      18 350
================================================================================
SM 2304 1797         0 301  3.68     0.0 131.3          M      167
================================================================================
AV 85.3 66.6                               4.9 FASTST   M    M   6    MAX(MPH)
                                 MISC ---->  # 21  20               # 28   30
================================================================================
NOTES:
# LAST OF SEVERAL OCCURRENCES

COLUMN 17 PEAK WIND IN M.P.H.

PRELIMINARY LOCAL CLIMATOLOGICAL DATA (WS FORM: F-6) , PAGE 2

                                          STATION:  CHARLOTTE NC
                                          MONTH:    AUGUST
                                          YEAR:     2014
                                          LATITUDE:   35 12 N
                                          LONGITUDE:  80 57 W

[TEMPERATURE DATA]      [PRECIPITATION DATA]       SYMBOLS USED IN COLUMN 16

AVERAGE MONTHLY: 75.9   TOTAL FOR MONTH:   3.68    1 = FOG OR MIST
DPTR FM NORMAL:  -1.6   DPTR FM NORMAL:   -0.04    2 = FOG REDUCING VISIBILITY
HIGHEST:    95 ON 22    GRTST 24HR  3.84 ON 31- 1      TO 1/4 MILE OR LESS
LOWEST:     57 ON 27                               3 = THUNDER
                        SNOW, ICE PELLETS, HAIL    4 = ICE PELLETS
                        TOTAL MONTH:   0.0 INCH    5 = HAIL
                        GRTST 24HR     0.0         6 = FREEZING RAIN OR DRIZZLE
                        GRTST DEPTH:   0           7 = DUSTSTORM OR SANDSTORM:
                                                       VSBY 1/2 MILE OR LESS
                                                   8 = SMOKE OR HAZE
[NO. OF DAYS WITH]      [WEATHER - DAYS WITH]      9 = BLOWING SNOW
                                                   X = TORNADO
MAX 32 OR BELOW:   0    0.01 INCH OR MORE:   7
MAX 90 OR ABOVE:   6    0.10 INCH OR MORE:   5
MIN 32 OR BELOW:   0    0.50 INCH OR MORE:   2
MIN  0 OR BELOW:   0    1.00 INCH OR MORE:   1

[HDD (BASE 65) ]
TOTAL THIS MO.     0    CLEAR  (SCALE 0-3)   4
DPTR FM NORMAL     0    PTCLDY (SCALE 4-7)  16
TOTAL FM JUL 1     0    CLOUDY (SCALE 8-10)  7
DPTR FM NORMAL     0

[CDD (BASE 65) ]
TOTAL THIS MO.   301
DPTR FM NORMAL   -38    [PRESSURE DATA]
TOTAL FM JAN 1  1297    HIGHEST SLP M ON M
DPTR FM NORMAL    64    LOWEST  SLP 29.76 ON 12

[REMARKS]




U.S. Dept. of Commerce
NOAA National Weather Service
1325 East West Highway
Silver Spring, MD 20910
E-mail: w-nws.webmaster@noaa.gov
Page last modified: May 16, 2007
NATIONAL WEATHER SERVICE: for Safety, for Work, for Fun - FOR LIFE