581
CXUS52 KGSP 300817
CF6CLT
PRELIMINARY LOCAL CLIMATOLOGICAL DATA (WS FORM: F-6)

                                          STATION:   CHARLOTTE NC
                                          MONTH:     JULY
                                          YEAR:      2014
                                          LATITUDE:   35 12 N
                                          LONGITUDE:  80 57 W

  TEMPERATURE IN F:       :PCPN:    SNOW:  WIND      :SUNSHINE: SKY     :PK WND
================================================================================
1   2   3   4   5  6A  6B    7    8   9   10  11  12  13   14  15   16   17  18
                                     12Z  AVG MX 2MIN
DY MAX MIN AVG DEP HDD CDD  WTR  SNW DPTH SPD SPD DIR MIN PSBL S-S WX    SPD DR
================================================================================

 1  91  70  81   3   0  16 0.00  0.0    0  5.2 12 160   M    M   5        15 150
 2  95  74  85   7   0  20 0.00  0.0    0  7.4 14 180   M    M   3        21 210
 3  93  71  82   4   0  17 0.14  0.0    0  6.9 20 100   M    M   6 138    28  90
 4  86  64  75  -3   0  10 0.00  0.0    0  7.5 15  20   M    M   5        24  40
 5  84  60  72  -6   0   7 0.00  0.0    0  5.8 15  20   M    M   4        22  90
 6  87  61  74  -4   0   9 0.00  0.0    0  3.2 12 180   M    M   4        15 140
 7  91  67  79   1   0  14 0.00  0.0    0  6.9 15 170   M    M   3 18     20 170
 8  94  72  83   5   0  18 0.00  0.0    0  8.3 17 220   M    M   4        23 220
 9  89  71  80   1   0  15 0.15  0.0    0  5.0 26 170   M    M  10 138    31 180
10  85  71  78  -1   0  13    T  0.0    0  3.8 15 340   M    M   8 1      22 320
11  87  68  78  -1   0  13 0.00  0.0    0  5.6 13 110   M    M   5 18     20 100
12  91  67  79   0   0  14 0.00  0.0    0  4.0 10 170   M    M   4 1      21 260
13  92  69  81   2   0  16 0.00  0.0    0  4.4 13 170   M    M   7        16 160
14  96  74  85   6   0  20 0.00  0.0    0  6.6 15 230   M    M   6        20 210
15  94  67  81   2   0  16 0.87  0.0    0  6.7 15  10   M    M   6 13     22 320
16  85  66  76  -3   0  11 0.00  0.0    0  5.3 14 360   M    M   6        20  40
17  84  63  74  -5   0   9 0.00  0.0    0  5.8 14  60   M    M   5        21  60
18  83  70  77  -2   0  12    T  0.0    0  6.7 13 150   M    M   8        17  40
19  74  66  70  -9   0   5 0.17  0.0    0  5.8 12 360   M    M  10 1      21  60
20  83  65  74  -5   0   9    T  0.0    0  4.3  8  60   M    M  10        12 120
21  77  70  74  -5   0   9 1.30  0.0    0  6.5 12 110   M    M  10 13     23  70
22  85  72  79   0   0  14    T  0.0    0  4.3 14 150   M    M   9        18  60
23  90  69  80   1   0  15 0.00  0.0    0  2.5 10 220   M    M   5 1      15 220
24  89  71  80   1   0  15 0.06  0.0    0  4.2 18 190   M    M   6 3      24  70
25  86  68  77  -2   0  12 0.00  0.0    0  4.6 12  50   M    M   6 1      20  60
26  89  66  78  -1   0  13 0.00  0.0    0  3.2 10 200   M    M   5 12     16 230
27  90  70  80   1   0  15 0.18  0.0    0  5.5 20 270   M    M   9 13     30 270
28  90  68  79   0   0  14 0.06  0.0    0  6.8 16 350   M    M   5 1      23 260
29  83  62  73  -5   0   8 0.00  0.0    0  4.0 10 340   M    M   4        17  80
================================================================================
SM 2543 1972         0 379  2.93     0.0 156.8          M      178
================================================================================
AV 87.7 68.0                               5.4 FASTST   M    M   6    MAX(MPH)
                                 MISC ---->  # 26 170               # 31  180
================================================================================
NOTES:
# LAST OF SEVERAL OCCURRENCES

COLUMN 17 PEAK WIND IN M.P.H.

PRELIMINARY LOCAL CLIMATOLOGICAL DATA (WS FORM: F-6) , PAGE 2

                                          STATION:  CHARLOTTE NC
                                          MONTH:    JULY
                                          YEAR:     2014
                                          LATITUDE:   35 12 N
                                          LONGITUDE:  80 57 W

[TEMPERATURE DATA]      [PRECIPITATION DATA]       SYMBOLS USED IN COLUMN 16

AVERAGE MONTHLY: 77.8   TOTAL FOR MONTH:   2.93    1 = FOG OR MIST
DPTR FM NORMAL:  -0.8   DPTR FM NORMAL:   -0.47    2 = FOG REDUCING VISIBILITY
HIGHEST:    96 ON 14    GRTST 24HR  1.30 ON 21-21      TO 1/4 MILE OR LESS
LOWEST:     60 ON  5                               3 = THUNDER
                        SNOW, ICE PELLETS, HAIL    4 = ICE PELLETS
                        TOTAL MONTH:   0.0 INCH    5 = HAIL
                        GRTST 24HR     0.0         6 = FREEZING RAIN OR DRIZZLE
                        GRTST DEPTH:   0           7 = DUSTSTORM OR SANDSTORM:
                                                       VSBY 1/2 MILE OR LESS
                                                   8 = SMOKE OR HAZE
[NO. OF DAYS WITH]      [WEATHER - DAYS WITH]      9 = BLOWING SNOW
                                                   X = TORNADO
MAX 32 OR BELOW:   0    0.01 INCH OR MORE:   8
MAX 90 OR ABOVE:  12    0.10 INCH OR MORE:   6
MIN 32 OR BELOW:   0    0.50 INCH OR MORE:   2
MIN  0 OR BELOW:   0    1.00 INCH OR MORE:   1

[HDD (BASE 65) ]
TOTAL THIS MO.     0    CLEAR  (SCALE 0-3)   1
DPTR FM NORMAL     0    PTCLDY (SCALE 4-7)  21
TOTAL FM JUL 1     0    CLOUDY (SCALE 8-10)  7
DPTR FM NORMAL     0

[CDD (BASE 65) ]
TOTAL THIS MO.   379
DPTR FM NORMAL   -20    [PRESSURE DATA]
TOTAL FM JAN 1   980    HIGHEST SLP M ON M
DPTR FM NORMAL   107    LOWEST  SLP 29.73 ON 15

[REMARKS]




U.S. Dept. of Commerce
NOAA National Weather Service
1325 East West Highway
Silver Spring, MD 20910
E-mail: w-nws.webmaster@noaa.gov
Page last modified: May 16, 2007
NATIONAL WEATHER SERVICE: for Safety, for Work, for Fun - FOR LIFE