906
CXUS54 KHGX 201415
CF6CLL
PRELIMINARY LOCAL CLIMATOLOGICAL DATA (WS FORM: F-6)

                                          STATION:   COLLEGE STATION
                                          MONTH:     SEPTEMBER
                                          YEAR:      2014
                                          LATITUDE:   30 34 N
                                          LONGITUDE:  96 22 W

  TEMPERATURE IN F:       :PCPN:    SNOW:  WIND      :SUNSHINE: SKY     :PK WND
================================================================================
1   2   3   4   5  6A  6B    7    8   9   10  11  12  13   14  15   16   17  18
                                     12Z  AVG MX 2MIN
DY MAX MIN AVG DEP HDD CDD  WTR  SNW DPTH SPD SPD DIR MIN PSBL S-S WX    SPD DR
================================================================================

 1  97  75  86   2   0  21 0.00  0.0    0 10.7 18 130   M    M   4 1      25 130
 2  96  77  87   3   0  22    T  0.0    0 10.6 23 170   M    M   4        29 170
 3  98  75  87   4   0  22 0.00  0.0    0  9.0 20 140   M    M   1        26 130
 4  97  75  86   3   0  21 0.00  0.0    0  8.0 25 130   M    M   1 3      32 170
 5  97  75  86   3   0  21    T  0.0    0  5.6 32 160   M    M   1 3      41 160
 6  97  74  86   3   0  21    T  0.0    0  3.7 20 140   M    M   2 3      26 110
 7  91  73  82   0   0  17 0.31  0.0    0  5.2 17 170   M    M   3 13     21 170
 8  93  71  82   0   0  17 0.00  0.0    0  4.0 15  90   M    M   1        20  90
 9  95  75  85   3   0  20 0.00  0.0    0  8.3 16 170   M    M   1        21 170
10  98  76  87   5   0  22 0.00  0.0    0 10.4 18 200   M    M   3        25 230
11  97  76  87   6   0  22    T  0.0    0  5.6 14 170   M    M   4        18 160
12  96  68  82   1   0  17 4.26  0.0    0  6.7 30 350   M    M   4 13     41 350
13  69  63  66 -15   0   1 0.30  0.0    0 12.2 18 360   M    M  10 1      24  10
14  78  65  72  -8   0   7 0.00  0.0    0  5.6 13  60   M    M   9 1      15  50
15  91  69  80   0   0  15 0.00  0.0    0  5.7 16  40   M    M   2        20  40
16  93  75  84   4   0  19 0.11  0.0    0  5.8 24 130   M    M   2 1      29 130
17  92  75  84   4   0  19    T  0.0    0  4.4 21 120   M    M   5 1      26 110
18  82  75  79   0   0  14 1.19  0.0    0  5.4 17 180   M    M   7 13     21 180
19  86  73  80   1   0  15 0.39  0.0    0  6.6 20  80   M    M   7 1      26  80
================================================================================
SM 1743 1385         0 333  6.56     0.0 133.5          M       71
================================================================================
AV 91.7 72.9                               7.0 FASTST   M    M   4    MAX(MPH)
                                 MISC ---->  # 32 160               # 41  160
================================================================================
NOTES:
# LAST OF SEVERAL OCCURRENCES

COLUMN 17 PEAK WIND IN M.P.H.

PRELIMINARY LOCAL CLIMATOLOGICAL DATA (WS FORM: F-6) , PAGE 2

                                          STATION:  COLLEGE STATION
                                          MONTH:    SEPTEMBER
                                          YEAR:     2014
                                          LATITUDE:   30 34 N
                                          LONGITUDE:  96 22 W

[TEMPERATURE DATA]      [PRECIPITATION DATA]       SYMBOLS USED IN COLUMN 16

AVERAGE MONTHLY: 82.3   TOTAL FOR MONTH:   6.56    1 = FOG OR MIST
DPTR FM NORMAL:   0.8   DPTR FM NORMAL:    4.50    2 = FOG REDUCING VISIBILITY
HIGHEST:    98 ON 10, 3 GRTST 24HR  4.26 ON 12-12      TO 1/4 MILE OR LESS
LOWEST:     63 ON 13                               3 = THUNDER
                        SNOW, ICE PELLETS, HAIL    4 = ICE PELLETS
                        TOTAL MONTH:   0.0 INCH    5 = HAIL
                        GRTST 24HR     0.0         6 = FREEZING RAIN OR DRIZZLE
                        GRTST DEPTH:   0           7 = DUSTSTORM OR SANDSTORM:
                                                       VSBY 1/2 MILE OR LESS
                                                   8 = SMOKE OR HAZE
[NO. OF DAYS WITH]      [WEATHER - DAYS WITH]      9 = BLOWING SNOW
                                                   X = TORNADO
MAX 32 OR BELOW:   0    0.01 INCH OR MORE:   6
MAX 90 OR ABOVE:  15    0.10 INCH OR MORE:   6
MIN 32 OR BELOW:   0    0.50 INCH OR MORE:   2
MIN  0 OR BELOW:   0    1.00 INCH OR MORE:   2

[HDD (BASE 65) ]
TOTAL THIS MO.     0    CLEAR  (SCALE 0-3)   9
DPTR FM NORMAL     0    PTCLDY (SCALE 4-7)   8
TOTAL FM JUL 1     0    CLOUDY (SCALE 8-10)  2
DPTR FM NORMAL     0

[CDD (BASE 65) ]
TOTAL THIS MO.   333
DPTR FM NORMAL    18    [PRESSURE DATA]
TOTAL FM JAN 1  2540    HIGHEST SLP M ON M
DPTR FM NORMAL  -121    LOWEST  SLP 29.82 ON 10

[REMARKS]




U.S. Dept. of Commerce
NOAA National Weather Service
1325 East West Highway
Silver Spring, MD 20910
E-mail: w-nws.webmaster@noaa.gov
Page last modified: May 16, 2007
NATIONAL WEATHER SERVICE: for Safety, for Work, for Fun - FOR LIFE