126
CXUS51 KCLE 011004
CF6CLE
PRELIMINARY LOCAL CLIMATOLOGICAL DATA (WS FORM: F-6)

                                          STATION:   CLEVELAND OH
                                          MONTH:     SEPTEMBER
                                          YEAR:      2014
                                          LATITUDE:   41 24 N
                                          LONGITUDE:  81 51 W

  TEMPERATURE IN F:       :PCPN:    SNOW:  WIND      :SUNSHINE: SKY     :PK WND
================================================================================
1   2   3   4   5  6A  6B    7    8   9   10  11  12  13   14  15   16   17  18
                                     12Z  AVG MX 2MIN
DY MAX MIN AVG DEP HDD CDD  WTR  SNW DPTH SPD SPD DIR MIN PSBL S-S WX    SPD DR
================================================================================

 1  84  70  77   7   0  12 0.00  0.0    0 10.8 21 210   M    M   6        27 210
 2  79  63  71   1   0   6 0.01  0.0    0  8.5 22 260   M    M   8        29 240
 3  82  62  72   3   0   7 0.00  0.0    0  4.5 12 350   M    M   3 18     14 360
 4  86  62  74   5   0   9 0.00  0.0    0  7.3 16 230   M    M   3        21 190
 5  91  68  80  11   0  15 1.57  0.0    0 11.0 25 330   M    M   5 13     35 330
 6  71  56  64  -4   1   0 0.29  0.0    0  7.3 17 360   M    M   7 13     23 350
 7  73  53  63  -5   2   0 0.00  0.0    0  5.3 13  20   M    M   1        16 360
 8  78  51  65  -3   0   0 0.00  0.0    0  5.5 15 120   M    M   3        17 130
 9  77  63  70   2   0   5 0.00  0.0    0  8.6 16 170   M    M   8        21 160
10  79  65  72   5   0   7 1.59  0.0    0 13.0 25 180   M    M  10 1      34 180
11  73  58  66  -1   0   1 0.20  0.0    0 11.5 22 290   M    M   8 18     28 280
12  62  56  59  -7   6   0 0.02  0.0    0  8.5 13  10   M    M  10 1      18  30
13  61  48  55 -11  10   0 0.02  0.0    0  9.6 22 290   M    M   9 1      28 300
14  65  42  54 -12  11   0 0.00  0.0    0  3.5 12 320   M    M   4        15 350
15  65  45  55 -10  10   0 0.30  0.0    0  4.7 15 170   M    M   7 1      17 220
16  64  48  56  -9   9   0    T  0.0    0  5.6 13 340   M    M   5 1      16  10
17  68  44  56  -9   9   0 0.00  0.0    0  4.2 12 350   M    M   4 1      15 260
18  68  48  58  -6   7   0 0.00  0.0    0  6.3 15  30   M    M   5 1      19  30
19  69  46  58  -6   7   0 0.00  0.0    0  4.3 13 360   M    M   3 1      16  10
20  79  53  66   3   0   1    T  0.0    0 12.8 24 210   M    M   5        32 220
21  74  54  64   1   1   0 0.16  0.0    0 16.1 31 260   M    M   7 13     43 270
22  58  45  52 -11  13   0 0.02  0.0    0  9.1 21 330   M    M   7 1      26 330
23  69  41  55  -7  10   0 0.00  0.0    0  4.5 10  10   M    M   1        13 360
24  75  48  62   0   3   0 0.00  0.0    0  6.2 15 120   M    M   1 1      17 160
25  73  51  62   1   3   0 0.00  0.0    0  5.1 14  40   M    M   4        18  40
26  73  50  62   1   3   0 0.00  0.0    0  4.3 14  20   M    M   1 1      17  30
27  76  50  63   3   2   0 0.00  0.0    0  3.5 16  30   M    M   2 1      19  20
28  75  51  63   3   2   0 0.00  0.0    0  2.3 10 350   M    M   6 1      12  20
29  75  50  63   3   2   0 0.00  0.0    0  2.8 12  10   M    M   2 18     13  10
30  62  53  58  -1   7   0 0.29  0.0    0  6.7 15 340   M    M   8 1      17 330
================================================================================
SM 2184 1594       118  63  4.47     0.0 213.4          M      153
================================================================================
AV 72.8 53.1                               7.1 FASTST   M    M   5    MAX(MPH)
                                 MISC ---->  # 31 260               # 43  270
================================================================================
NOTES:
# LAST OF SEVERAL OCCURRENCES

COLUMN 17 PEAK WIND IN M.P.H.

PRELIMINARY LOCAL CLIMATOLOGICAL DATA (WS FORM: F-6) , PAGE 2

                                          STATION:  CLEVELAND OH
                                          MONTH:    SEPTEMBER
                                          YEAR:     2014
                                          LATITUDE:   41 24 N
                                          LONGITUDE:  81 51 W

[TEMPERATURE DATA]      [PRECIPITATION DATA]       SYMBOLS USED IN COLUMN 16

AVERAGE MONTHLY: 63.0   TOTAL FOR MONTH:   4.47    1 = FOG OR MIST
DPTR FM NORMAL:  -2.0   DPTR FM NORMAL:    0.66    2 = FOG REDUCING VISIBILITY
HIGHEST:    91 ON  5    GRTST 24HR  1.86 ON  5- 6      TO 1/4 MILE OR LESS
LOWEST:     41 ON 23                               3 = THUNDER
                        SNOW, ICE PELLETS, HAIL    4 = ICE PELLETS
                        TOTAL MONTH:   0.0 INCH    5 = HAIL
                        GRTST 24HR     0.0         6 = FREEZING RAIN OR DRIZZLE
                        GRTST DEPTH:   0           7 = DUSTSTORM OR SANDSTORM:
                                                       VSBY 1/2 MILE OR LESS
                                                   8 = SMOKE OR HAZE
[NO. OF DAYS WITH]      [WEATHER - DAYS WITH]      9 = BLOWING SNOW
                                                   X = TORNADO
MAX 32 OR BELOW:   0    0.01 INCH OR MORE:  11
MAX 90 OR ABOVE:   1    0.10 INCH OR MORE:   7
MIN 32 OR BELOW:   0    0.50 INCH OR MORE:   2
MIN  0 OR BELOW:   0    1.00 INCH OR MORE:   2

[HDD (BASE 65) ]
TOTAL THIS MO.   118    CLEAR  (SCALE 0-3)   8
DPTR FM NORMAL    27    PTCLDY (SCALE 4-7)  18
TOTAL FM JUL 1   143    CLOUDY (SCALE 8-10)  4
DPTR FM NORMAL    40

[CDD (BASE 65) ]
TOTAL THIS MO.    63
DPTR FM NORMAL   -26    [PRESSURE DATA]
TOTAL FM JAN 1   653    HIGHEST SLP M ON M
DPTR FM NORMAL  -151    LOWEST  SLP 29.65 ON 21

[REMARKS]
#FINAL-09-14#




U.S. Dept. of Commerce
NOAA National Weather Service
1325 East West Highway
Silver Spring, MD 20910
E-mail: w-nws.webmaster@noaa.gov
Page last modified: May 16, 2007
NATIONAL WEATHER SERVICE: for Safety, for Work, for Fun - FOR LIFE