959
CXUS55 KOHX 241010
CF6CKV
PRELIMINARY LOCAL CLIMATOLOGICAL DATA (WS FORM: F-6)

                                          STATION:   CLARKSVILLE
                                          MONTH:     APRIL
                                          YEAR:      2014
                                          LATITUDE:   36 37 N
                                          LONGITUDE:  87 25 W

  TEMPERATURE IN F:       :PCPN:    SNOW:  WIND      :SUNSHINE: SKY     :PK WND
================================================================================
1   2   3   4   5  6A  6B    7    8   9   10  11  12  13   14  15   16   17  18
                                     12Z  AVG MX 2MIN
DY MAX MIN AVG DEP HDD CDD  WTR  SNW DPTH SPD SPD DIR MIN PSBL S-S WX    SPD DR
================================================================================

 1  79  52  66  13   0   1 0.00    M    M  6.1 15 220   M    M   2        20 220
 2  79  52  66  12   0   1 0.43    M    M  8.3 21 200   M    M   7 138    27 200
 3  75  62  69  15   0   4 0.05    M    M 13.7 30 210   M    M   5 13     41 210
 4  73  41  57   3   8   0 0.85    M    M 12.5 32 340   M    M   8 13     41 340
 5  55  41  48  -6  17   0 0.00    M    M  7.6 16  10   M    M   5        20  10
 6  63  35  49  -6  16   0 0.04    M    M  5.7 14  60   M    M   2 1      17  60
 7  63  45  54  -1  11   0 0.09    M    M 10.5 25 290   M    M  10 1      33 220
 8  61  40  51  -4  14   0 0.03    M    M  7.8 23 330   M    M   7        29 320
 9  65  40  53  -3  12   0 0.00    M    M  7.1 18 290   M    M   0        26 320
10  77  40  59   3   6   0 0.00    M    M 13.1 28 200   M    M   0        38 190
11  76  55  66  10   0   1 0.14    M    M  9.3 28 340   M    M   2 3      32 350
12  79  50  65   9   0   0 0.00    M    M 11.5 25 200   M    M   1 12     29 200
13  81  65  73  16   0   8    T    M    M 17.1 29 210   M    M   1        40 210
14  72  39  56  -1   9   0 1.22    M    M 12.4 25 310   M    M  10 1      43 280
15  47  31  39 -18  26   0 0.03    M    M 13.3 24 340   M    M   5        32 340
16  57  29  43 -15  22   0 0.00    M    M  7.7 16  80   M    M   0        20  90
17  68  40  54  -4  11   0 0.00    M    M  6.3 17 190   M    M   0        22 190
18  73  47  60   2   5   0 0.00    M    M  3.3  9 360   M    M   3        12 190
19  76  44  60   2   5   0 0.00    M    M  5.0 17  70   M    M   0        22  70
20  80  41  61   2   4   0 0.00    M    M  2.1 10 350   M    M   0        13 350
21  79  48  64   5   1   0    T    M    M  4.4 16 190   M    M   3        23 210
22  75  50  63   3   2   0    T  0.0    0  9.2 20 330   M    M   5        25 350
23  69  44  57  -3   8   0 0.00    M    M  5.6 15  80   M    M   0        20  50
================================================================================
SM 1622 1031       177  15  2.88     0.0 199.6          M       76
================================================================================
AV 70.5 44.8                               8.7 FASTST   M    M   3    MAX(MPH)
                                 MISC ---->  # 32 340                 43    M
================================================================================
NOTES:
# LAST OF SEVERAL OCCURRENCES

COLUMN 17 PEAK WIND IN M.P.H.

PRELIMINARY LOCAL CLIMATOLOGICAL DATA (WS FORM: F-6) , PAGE 2

                                          STATION:  CLARKSVILLE
                                          MONTH:    APRIL
                                          YEAR:     2014
                                          LATITUDE:   36 37 N
                                          LONGITUDE:  87 25 W

[TEMPERATURE DATA]      [PRECIPITATION DATA]       SYMBOLS USED IN COLUMN 16

AVERAGE MONTHLY: 57.7   TOTAL FOR MONTH:   2.88    1 = FOG OR MIST
DPTR FM NORMAL:   1.2   DPTR FM NORMAL:   -0.28    2 = FOG REDUCING VISIBILITY
HIGHEST:    81 ON 13    GRTST 24HR  1.22 ON 14-14      TO 1/4 MILE OR LESS
LOWEST:     29 ON 16                               3 = THUNDER
                        SNOW, ICE PELLETS, HAIL    4 = ICE PELLETS
                        TOTAL MONTH:   0.0 INCH    5 = HAIL
                        GRTST 24HR     0.0         6 = FREEZING RAIN OR DRIZZLE
                        GRTST DEPTH:   0           7 = DUSTSTORM OR SANDSTORM:
                                                       VSBY 1/2 MILE OR LESS
                                                   8 = SMOKE OR HAZE
[NO. OF DAYS WITH]      [WEATHER - DAYS WITH]      9 = BLOWING SNOW
                                                   X = TORNADO
MAX 32 OR BELOW:   0    0.01 INCH OR MORE:   9
MAX 90 OR ABOVE:   0    0.10 INCH OR MORE:   4
MIN 32 OR BELOW:   2    0.50 INCH OR MORE:   2
MIN  0 OR BELOW:   0    1.00 INCH OR MORE:   1

[HDD (BASE 65) ]
TOTAL THIS MO.   177    CLEAR  (SCALE 0-3)  13
DPTR FM NORMAL   -39    PTCLDY (SCALE 4-7)   8
TOTAL FM JUL 1  4309    CLOUDY (SCALE 8-10)  2
DPTR FM NORMAL   399

[CDD (BASE 65) ]
TOTAL THIS MO.    15
DPTR FM NORMAL    -8    [PRESSURE DATA]
TOTAL FM JAN 1    15    HIGHEST SLP  0.00 ON 13
DPTR FM NORMAL   -16    LOWEST  SLP 29.53 ON  7

[REMARKS]




U.S. Dept. of Commerce
NOAA National Weather Service
1325 East West Highway
Silver Spring, MD 20910
E-mail: w-nws.webmaster@noaa.gov
Page last modified: May 16, 2007
NATIONAL WEATHER SERVICE: for Safety, for Work, for Fun - FOR LIFE