758
CXUS55 KOHX 311010
CF6CKV
PRELIMINARY LOCAL CLIMATOLOGICAL DATA (WS FORM: F-6)

                                          STATION:   CLARKSVILLE
                                          MONTH:     JANUARY
                                          YEAR:      2015
                                          LATITUDE:   36 37 N
                                          LONGITUDE:  87 25 W

  TEMPERATURE IN F:       :PCPN:    SNOW:  WIND      :SUNSHINE: SKY     :PK WND
================================================================================
1   2   3   4   5  6A  6B    7    8   9   10  11  12  13   14  15   16   17  18
                                     12Z  AVG MX 2MIN
DY MAX MIN AVG DEP HDD CDD  WTR  SNW DPTH SPD SPD DIR MIN PSBL S-S WX    SPD DR
================================================================================

 1  39  19  29  -7  36   0    T    M    M  5.0 12 200   M    M   9 1      14 220
 2  43  37  40   4  25   0 0.01    M    M  4.5 12 130   M    M  10 1      14 130
 3  63  42  53  17  12   0 0.16    M    M 10.0 20 200   M    M  10 1      24 170
 4  61  24  43   7  22   0 0.03    M    M 14.2 23 330   M    M  10 1      30 270
 5  30  18  24 -12  41   0 0.00    M    M  6.6 18 320   M    M   0        23 320
 6  38  22  30  -6  35   0 0.00    M    M  8.9 17 320   M    M   1        23 290
 7  25   6  16 -20  49   0    T    M    M 16.1 30 350   M    M   6 1      36 350
 8  28   2  15 -21  50   0 0.00    M    M  8.3 21 200   M    M   1        26 200
 9  28  12  20 -16  45   0 0.00    M    M  8.7 18 340   M    M   3        25 300
10  33   5  19 -17  46   0 0.00    M    M  2.8  9 120   M    M   1        14 160
11  45  29  37   1  28   0 0.02    M    M  5.3 20 210   M    M  10        25 220
12  43  32  38   2  27   0 0.62    M    M  9.4 22 360   M    M  10 1      27 360
13  32  28  30  -6  35   0 0.00    M    M 10.7 18  30   M    M  10        26  30
14  35  26  31  -5  34   0 0.00    M    M  4.2 10 350   M    M   8        13 350
15  36  24  30  -6  35   0    T    M    M  1.9  9 300   M    M   7 128    11 260
16  53  21  37   1  28   0 0.00    M    M  2.8 10 200   M    M   0 1      11 210
17  59  27  43   7  22   0 0.00    M    M 10.0 23 210   M    M   1        30 210
18  60  33  47  11  18   0    T    M    M  9.2 24 270   M    M   1        32 260
19  64  30  47  11  18   0 0.00    M    M  5.2 13 220   M    M   0        17 220
20  57  30  44   8  21   0    T    M    M  3.8 13 330   M    M   1        16 330
21  58  28  43   7  22   0 0.00    M    M  5.8 18 300   M    M   0 1      24 300
22  42  27  35  -1  30   0 0.00    M    M  4.6 10 360   M    M   3 1      13 340
23  37  32  35  -1  30   0 0.19    M    M  8.5 14  20   M    M  10 18     17  20
24  51  22  37   1  28   0 0.00    M    M  6.9 16 250   M    M   0 1      21 270
25  51  38  45   9  20   0 0.43    M    M 11.6 23 330   M    M   6 1      34 330
26  40  32  36   0  29   0    T    M    M 10.1 26 330   M    M  10 1      34 320
27  40  31  36   0  29   0 0.00    M    M  8.0 17 350   M    M   9        21 360
28  49  29  39   3  26   0 0.00    M    M  8.3 15 130   M    M   3 1      20 140
29  64  38  51  15  14   0 0.01    M    M 16.4 26 330   M    M   6 1      35 310
30  44  26  35  -1  30   0 0.00    M    M  7.7 22 340   M    M   5        27 350
================================================================================
SM 1348  770       885   0  1.47    M    235.5          M      151
================================================================================
AV 44.9 25.7                               7.8 FASTST   M    M   5    MAX(MPH)
                                 MISC ---->  # 30 350               # 36  350
================================================================================
NOTES:
# LAST OF SEVERAL OCCURRENCES

COLUMN 17 PEAK WIND IN M.P.H.

PRELIMINARY LOCAL CLIMATOLOGICAL DATA (WS FORM: F-6) , PAGE 2

                                          STATION:  CLARKSVILLE
                                          MONTH:    JANUARY
                                          YEAR:     2015
                                          LATITUDE:   36 37 N
                                          LONGITUDE:  87 25 W

[TEMPERATURE DATA]      [PRECIPITATION DATA]       SYMBOLS USED IN COLUMN 16

AVERAGE MONTHLY: 35.3   TOTAL FOR MONTH:   1.47    1 = FOG OR MIST
DPTR FM NORMAL:  -0.7   DPTR FM NORMAL:   -1.73    2 = FOG REDUCING VISIBILITY
HIGHEST:    64 ON 29,19 GRTST 24HR  0.64 ON 11-12      TO 1/4 MILE OR LESS
LOWEST:      2 ON  8                               3 = THUNDER
                        SNOW, ICE PELLETS, HAIL    4 = ICE PELLETS
                        TOTAL MONTH:    M          5 = HAIL
                        GRTST 24HR    M  ON   M    6 = FREEZING RAIN OR DRIZZLE
                        GRTST DEPTH:  M  ON   M    7 = DUSTSTORM OR SANDSTORM:
                                                       VSBY 1/2 MILE OR LESS
                                                   8 = SMOKE OR HAZE
[NO. OF DAYS WITH]      [WEATHER - DAYS WITH]      9 = BLOWING SNOW
                                                   X = TORNADO
MAX 32 OR BELOW:   5    0.01 INCH OR MORE:   8
MAX 90 OR ABOVE:   0    0.10 INCH OR MORE:   4
MIN 32 OR BELOW:  25    0.50 INCH OR MORE:   1
MIN  0 OR BELOW:   0    1.00 INCH OR MORE:   0

[HDD (BASE 65) ]
TOTAL THIS MO.   885    CLEAR  (SCALE 0-3)  13
DPTR FM NORMAL    10    PTCLDY (SCALE 4-7)   7
TOTAL FM JUL 1  2505    CLOUDY (SCALE 8-10) 10
DPTR FM NORMAL    65

[CDD (BASE 65) ]
TOTAL THIS MO.     0
DPTR FM NORMAL     0    [PRESSURE DATA]
TOTAL FM JAN 1     0    HIGHEST SLP  0.00 ON 18
DPTR FM NORMAL     0    LOWEST  SLP 29.66 ON 25

[REMARKS]




U.S. Dept. of Commerce
NOAA National Weather Service
1325 East West Highway
Silver Spring, MD 20910
E-mail: w-nws.webmaster@noaa.gov
Page last modified: May 16, 2007
NATIONAL WEATHER SERVICE: for Safety, for Work, for Fun - FOR LIFE