589
CXUS55 KDVN 011100
CF6CID
PRELIMINARY LOCAL CLIMATOLOGICAL DATA (WS FORM: F-6)

                                          STATION:   CEDAR RAPIDS IA
                                          MONTH:     AUGUST
                                          YEAR:      2014
                                          LATITUDE:   41 52 N
                                          LONGITUDE:  91 42 W

  TEMPERATURE IN F:       :PCPN:    SNOW:  WIND      :SUNSHINE: SKY     :PK WND
================================================================================
1   2   3   4   5  6A  6B    7    8   9   10  11  12  13   14  15   16   17  18
                                     12Z  AVG MX 2MIN
DY MAX MIN AVG DEP HDD CDD  WTR  SNW DPTH SPD SPD DIR MIN PSBL S-S WX    SPD DR
================================================================================

 1  83  57  70  -2   0   5 0.08    M    M  1.7  8 190   M    M   3 1      10 160
 2  83  59  71  -1   0   6 0.00    M    M  2.2  8 240   M    M   1 1      11 220
 3  82  58  70  -2   0   5 0.00    M    M  3.4 13 250   M    M   2 12     16 250
 4  85  65  75   3   0  10 0.30    M    M  5.3 12 160   M    M   3 1238   14 160
 5  75  64  70  -2   0   5 0.00    M    M  3.7  9  20   M    M   8 128    11  20
 6  75  61  68  -4   0   3 0.08    M    M  4.5 13  70   M    M   4 18     14  70
 7  75  65  70  -2   0   5    T    M    M  8.9 17 100   M    M   8 1      23 100
 8  80  63  72   0   0   7 0.00    M    M 10.5 20  70   M    M   2 1      24  70
 9  83  62  73   1   0   8 0.00    M    M  8.2 16 120   M    M   1 18     21 120
10  82  59  71  -1   0   6 0.00    M    M  4.6 10  50   M    M   1 18     13  80
11  77  59  68  -4   0   3 0.00    M    M 10.0 23 320   M    M   6 1      27 320
12  78  54  66  -6   0   1 0.00    M    M 11.4 22 310   M    M   1        29 310
13  82  51  67  -5   0   2 0.00    M    M  6.6 15 270   M    M   1        19 300
14  81  60  71  -1   0   6 0.00    M    M  4.9 12  60   M    M   1 8      14  60
15  75  60  68  -3   0   3    T    M    M  5.7 10 180   M    M   4 1      14 190
16  77  64  71   0   0   6    T    M    M  4.7 13 110   M    M   7 1      16 110
17  84  59  72   1   0   7 0.00    M    M  4.3 12 100   M    M   5 12     14  90
18  83  62  73   2   0   8 0.00    M    M  7.1 15 200   M    M   6 128    21 190
19  85  63  74   3   0   9 0.00    M    M  7.2 17 300   M    M   1 1      23 310
20  75  59  67  -4   0   2 0.02    M    M  4.7 13 190   M    M   3 1      18 200
21  81  69  75   4   0  10 0.30    M    M  6.8 15 170   M    M   4 13     21 160
22  87  72  80  10   0  15 0.01    M    M  4.3 13 210   M    M   2 13     16 210
23  80  71  76   6   0  11 0.24    M    M  6.8 18 250   M    M   5 123    23 250
24  91  68  80  10   0  15 0.00    M    M  7.4 14 170   M    M   0 18     20 170
25  89  74  82  12   0  17 0.10    M    M  4.9 20 210   M    M   1 13     23 220
26  81  65  73   3   0   8 0.01    M    M  7.2 23 300   M    M   1 13     28 290
27  78  64  71   1   0   6 0.04    M    M  5.5 12  60   M    M   3 1      16  50
28  73  64  69   0   0   4 0.36    M    M  8.1 17 120   M    M   8 1      22 110
29  86  66  76   7   0  11 0.21    M    M  8.5 22 250   M    M   4 13     30 260
30  80  63  72   3   0   7 0.12    M    M  7.9 16 280   M    M   7 13     22 280
31  86  61  74   5   0   9 0.51    M    M  9.5 24 330   M    M   1 123    31 330
================================================================================
SM 2512 1941         0 220  2.38    M    196.5          M      104
================================================================================
AV 81.0 62.6                               6.3 FASTST   M    M   3    MAX(MPH)
                                 MISC ---->  # 24 330               # 31  330
================================================================================
NOTES:
# LAST OF SEVERAL OCCURRENCES

COLUMN 17 PEAK WIND IN M.P.H.

PRELIMINARY LOCAL CLIMATOLOGICAL DATA (WS FORM: F-6) , PAGE 2

                                          STATION:  CEDAR RAPIDS IA
                                          MONTH:    AUGUST
                                          YEAR:     2014
                                          LATITUDE:   41 52 N
                                          LONGITUDE:  91 42 W

[TEMPERATURE DATA]      [PRECIPITATION DATA]       SYMBOLS USED IN COLUMN 16

AVERAGE MONTHLY: 71.8   TOTAL FOR MONTH:   2.38    1 = FOG OR MIST
DPTR FM NORMAL:   0.8   DPTR FM NORMAL:   -2.10    2 = FOG REDUCING VISIBILITY
HIGHEST:    91 ON 24    GRTST 24HR  0.51 ON 31-31      TO 1/4 MILE OR LESS
LOWEST:     51 ON 13                               3 = THUNDER
                        SNOW, ICE PELLETS, HAIL    4 = ICE PELLETS
                        TOTAL MONTH:    M          5 = HAIL
                        GRTST 24HR    M  ON   M    6 = FREEZING RAIN OR DRIZZLE
                        GRTST DEPTH:  M  ON   M    7 = DUSTSTORM OR SANDSTORM:
                                                       VSBY 1/2 MILE OR LESS
                                                   8 = SMOKE OR HAZE
[NO. OF DAYS WITH]      [WEATHER - DAYS WITH]      9 = BLOWING SNOW
                                                   X = TORNADO
MAX 32 OR BELOW:   0    0.01 INCH OR MORE:  14
MAX 90 OR ABOVE:   1    0.10 INCH OR MORE:   8
MIN 32 OR BELOW:   0    0.50 INCH OR MORE:   1
MIN  0 OR BELOW:   0    1.00 INCH OR MORE:   0

[HDD (BASE 65) ]
TOTAL THIS MO.     0    CLEAR  (SCALE 0-3)  16
DPTR FM NORMAL   -15    PTCLDY (SCALE 4-7)  14
TOTAL FM JUL 1    19    CLOUDY (SCALE 8-10)  1
DPTR FM NORMAL     0

[CDD (BASE 65) ]
TOTAL THIS MO.   220
DPTR FM NORMAL    19    [PRESSURE DATA]
TOTAL FM JAN 1   617    HIGHEST SLP 30.18 ON 27
DPTR FM NORMAL   -51    LOWEST  SLP 29.67 ON 19

[REMARKS]
#FINAL-08-14#




U.S. Dept. of Commerce
NOAA National Weather Service
1325 East West Highway
Silver Spring, MD 20910
E-mail: w-nws.webmaster@noaa.gov
Page last modified: May 16, 2007
NATIONAL WEATHER SERVICE: for Safety, for Work, for Fun - FOR LIFE