417
CXUS55 KDVN 011716
CF6CID

PRELIMINARY LOCAL CLIMATOLOGICAL DATA (WS FORM: F-6)

                                          STATION:   CEDAR RAPIDS IA
                                          MONTH:     NOVEMBER
                                          YEAR:      2014
                                          LATITUDE:   41 52 N
                                          LONGITUDE:  91 42 W

  TEMPERATURE IN F:       :PCPN:    SNOW:  WIND      :SUNSHINE: SKY     :PK WND
================================================================================
1   2   3   4   5  6A  6B    7    8   9   10  11  12  13   14  15   16   17  18
                                     12Z  AVG MX 2MIN
DY MAX MIN AVG DEP HDD CDD  WTR  SNW DPTH SPD SPD DIR MIN PSBL S-S WX    SPD DR
================================================================================

 1  45  18  32 -13  33   0 0.00    M    M  5.7 13 130   M    M   0        17 130
 2  52  34  43  -1  22   0 0.00    M    M 13.5 24 150   M    M   6        33 150
 3  66  42  54  10  11   0 0.13    M    M 14.3 24 190   M    M   4 1      31 180
 4  59  41  50   7  15   0 0.02    M    M 14.2 29 300   M    M   2 1      33 300
 5  60  31  46   3  19   0 0.03    M    M 11.5 26 290   M    M   4 1      34 290
 6  46  27  37  -5  28   0 0.01    M    M 15.8 32 320   M    M   5 1      42 320
 7  50  23  37  -5  28   0    T    M    M  9.0 21 160   M    M   1 1      27 150
 8  48  29  39  -2  26   0    T    M    M 17.5 36 320   M    M   4        45 320
 9  52  34  43   2  22   0 0.00    M    M  7.4 17 230   M    M   5        22 210
10  64  36  50  10  15   0    T    M    M 12.2 26 320   M    M   1 18     32 320
11  36  24  30 -10  35   0    T    M    M 21.7 29 320   M    M  10 1      36 320
12  25  18  22 -17  43   0    T    M    M 15.2 23 290   M    M  10 8      27 320
13  26  20  23 -16  42   0    T    M    M 14.0 23 300   M    M   9 1      28 300
14  27   9  18 -20  47   0 0.00    M    M  7.7 15 320   M    M   2 8      18 310
15  28  12  20 -18  45   0 0.05    M    M  3.9  9 110   M    M   6 18     12 110
16  25   4  15 -22  50   0 0.01    M    M  9.8 17 290   M    M   7 18     20 290
17  14   8  11 -25  54   0    T    M    M 19.9 32 290   M    M   4 189    41 290
18  20   3  12 -24  53   0 0.00    M    M 12.0 21 270   M    M   4        27 280
19  26  16  21 -14  44   0    T    M    M 17.5 33 300   M    M   8        38 300
20  25   6  16 -19  49   0 0.00    M    M 10.7 21 290   M    M   1        25 290
21  34   3  19 -15  46   0 0.03    M    M 10.0 17 170   M    M   3 16     24 180
22  53  32  43   9  22   0    T    M    M 10.4 22 230   M    M  10 126    28 210
23  51  37  44  11  21   0 0.99    M    M 10.6 31 320   M    M  10 12     37 320
24  37  19  28  -4  37   0 0.02    M    M 24.8 36 320   M    M   9 16     43 310
25  28  13  21 -11  44   0    T    M    M  9.0 23 310   M    M   3 1      30 320
26  30  19  25  -6  40   0    T    M    M 10.8 20  90   M    M   8 18     23  80
27  25   4  15 -16  50   0    T    M    M 10.9 21 300   M    M   4        24 310
28  32  12  22  -8  43   0 0.00    M    M 10.3 18 140   M    M   3 1      26 150
29  50  27  39   9  26   0 0.00    M    M  8.6 20 210   M    M   0 1      26 180
30  40  14  27  -2  38   0 0.00    M    M 17.5 28 320   M    M   3 12     33 320
================================================================================
SM 1174  615      1048   0  1.29    M    376.4          M      146
================================================================================
AV 39.1 20.5                              12.5 FASTST   M    M   5    MAX(MPH)
                                 MISC ---->  # 36 320               # 45  320
================================================================================
NOTES:
# LAST OF SEVERAL OCCURRENCES

COLUMN 17 PEAK WIND IN M.P.H.

PRELIMINARY LOCAL CLIMATOLOGICAL DATA (WS FORM: F-6) , PAGE 2

                                          STATION:  CEDAR RAPIDS IA
                                          MONTH:    NOVEMBER
                                          YEAR:     2014
                                          LATITUDE:   41 52 N
                                          LONGITUDE:  91 42 W

[TEMPERATURE DATA]      [PRECIPITATION DATA]       SYMBOLS USED IN COLUMN 16

AVERAGE MONTHLY: 29.8   TOTAL FOR MONTH:   1.29    1 = FOG OR MIST
DPTR FM NORMAL:  -7.3   DPTR FM NORMAL:   -0.82    2 = FOG REDUCING VISIBILITY
HIGHEST:    66 ON  3    GRTST 24HR  0.99 ON 23-23      TO 1/4 MILE OR LESS
LOWEST:      3 ON 21,18                            3 = THUNDER
                        SNOW, ICE PELLETS, HAIL    4 = ICE PELLETS
                        TOTAL MONTH:    M          5 = HAIL
                        GRTST 24HR    M  ON   M    6 = FREEZING RAIN OR DRIZZLE
                        GRTST DEPTH:  M  ON   M    7 = DUSTSTORM OR SANDSTORM:
                                                       VSBY 1/2 MILE OR LESS
                                                   8 = SMOKE OR HAZE
[NO. OF DAYS WITH]      [WEATHER - DAYS WITH]      9 = BLOWING SNOW
                                                   X = TORNADO
MAX 32 OR BELOW:  13    0.01 INCH OR MORE:   9
MAX 90 OR ABOVE:   0    0.10 INCH OR MORE:   2
MIN 32 OR BELOW:  24    0.50 INCH OR MORE:   1
MIN  0 OR BELOW:   0    1.00 INCH OR MORE:   0

[HDD (BASE 65) ]
TOTAL THIS MO.  1048    CLEAR  (SCALE 0-3)   9
DPTR FM NORMAL   212    PTCLDY (SCALE 4-7)  15
TOTAL FM JUL 1  1661    CLOUDY (SCALE 8-10)  6
DPTR FM NORMAL   215

[CDD (BASE 65) ]
TOTAL THIS MO.     0
DPTR FM NORMAL     0    [PRESSURE DATA]
TOTAL FM JAN 1   670    HIGHEST SLP 30.53 ON  1
DPTR FM NORMAL   -78    LOWEST  SLP 29.23 ON 24

[REMARKS]

===================================================================

NOTE: SUPPLEMENTAL CLIMATE DATA WAS USED FROM A NEARBY
CLIMATOLOGICALLY REPRESENTATIVE STATION.

PARAMETER   DATE
---------   ----
   PCPN     11/24

===================================================================

#FINAL-11-14#







U.S. Dept. of Commerce
NOAA National Weather Service
1325 East West Highway
Silver Spring, MD 20910
E-mail: w-nws.webmaster@noaa.gov
Page last modified: May 16, 2007
NATIONAL WEATHER SERVICE: for Safety, for Work, for Fun - FOR LIFE