306
CXUS55 KDVN 301436
CF6CID
PRELIMINARY LOCAL CLIMATOLOGICAL DATA (WS FORM: F-6)

                                          STATION:   CEDAR RAPIDS IA
                                          MONTH:     SEPTEMBER
                                          YEAR:      2014
                                          LATITUDE:   41 52 N
                                          LONGITUDE:  91 42 W

  TEMPERATURE IN F:       :PCPN:    SNOW:  WIND      :SUNSHINE: SKY     :PK WND
================================================================================
1   2   3   4   5  6A  6B    7    8   9   10  11  12  13   14  15   16   17  18
                                     12Z  AVG MX 2MIN
DY MAX MIN AVG DEP HDD CDD  WTR  SNW DPTH SPD SPD DIR MIN PSBL S-S WX    SPD DR
================================================================================

 1  80  61  71   3   0   6 0.34    M    M  9.3 22 280   M    M   4 13     28 230
 2  79  58  69   1   0   4 0.00    M    M  5.0 17 360   M    M   1 13     25 360
 3  84  55  70   2   0   5 0.00    M    M  9.0 18 170   M    M   1 1      27 160
 4  89  67  78  11   0  13 0.77    M    M 14.5 26 180   M    M   2 13     36 180
 5  78  55  67   0   0   2 0.12    M    M  9.8 21 320   M    M   5 13     25 310
 6  74  50  62  -5   3   0 0.00    M    M  5.9 13 360   M    M   0        16 360
 7  76  49  63  -3   2   0 0.00    M    M  3.3 12 190   M    M   1 1      15 160
 8  74  51  63  -3   2   0 0.26    M    M  7.7 20 100   M    M   1 13     25 100
 9  76  61  69   3   0   4 1.16    M    M 10.3 21 120   M    M   8 13     28 160
10  73  50  62  -3   3   0 0.41    M    M 15.5 28 320   M    M  10 1      34 320
11  60  47  54 -11  11   0 0.00    M    M 10.6 17  10   M    M   9        22 360
12  51  39  45 -19  20   0 0.15    M    M  8.9 18  10   M    M   8 1      22  10
13  59  35  47 -17  18   0 0.00    M    M  3.1 10 200   M    M   0        13 170
14  67  39  53 -11  12   0 0.00    M    M  6.1 15 190   M    M   3        19 190
15  66  44  55  -8  10   0 0.06    M    M  7.3 23  30   M    M   7 13     30  20
16  66  39  53 -10  12   0 0.00    M    M  3.1  9 170   M    M   0 1      13 250
17  71  44  58  -4   7   0 0.00    M    M  3.7 10 150   M    M   3 1      16 160
18  72  45  59  -3   6   0 0.00    M    M  5.9 14 120   M    M   0 1      18 160
19  75  49  62   0   3   0 0.00    M    M 12.0 22 190   M    M   0 1      31 180
20  79  58  69   8   0   4 0.25    M    M  9.5 30 320   M    M   4 13     38 320
21  66  47  57  -4   8   0 0.00    M    M 12.0 25 330   M    M   3        32 340
22  70  41  56  -4   9   0 0.00    M    M  3.9  9 230   M    M   0        15 260
23  73  44  59  -1   6   0 0.00    M    M  6.2 13 160   M    M   0        18 160
24  68  56  62   3   3   0    T    M    M  5.8 13 160   M    M   4        16 160
25  78  56  67   8   0   2 0.03    M    M  3.6 12 130   M    M   6 18     20 150
26  80  54  67   9   0   2 0.00    M    M  5.9 13 170   M    M   M 1      16 160
27  81  56  69  11   0   4 0.00    M    M  4.9 13 110   M    M   0 1      18 100
28  82  55  69  11   0   4 0.00    M    M  2.2  9 160   M    M   2 1      12 160
29  82  53  68  11   0   3 0.00    M    M  6.5 16  50   M    M   2 18     22 260
================================================================================
SM 2129 1458       135  53  3.55    M    211.5          M       84
================================================================================
AV 73.4 50.3                               7.3 FASTST   M    M   3    MAX(MPH)
                                 MISC ---->  # 30 320               # 38  320
================================================================================
NOTES:
# LAST OF SEVERAL OCCURRENCES

COLUMN 17 PEAK WIND IN M.P.H.

PRELIMINARY LOCAL CLIMATOLOGICAL DATA (WS FORM: F-6) , PAGE 2

                                          STATION:  CEDAR RAPIDS IA
                                          MONTH:    SEPTEMBER
                                          YEAR:     2014
                                          LATITUDE:   41 52 N
                                          LONGITUDE:  91 42 W

[TEMPERATURE DATA]      [PRECIPITATION DATA]       SYMBOLS USED IN COLUMN 16

AVERAGE MONTHLY: 61.8   TOTAL FOR MONTH:   3.55    1 = FOG OR MIST
DPTR FM NORMAL:  -1.2   DPTR FM NORMAL:    0.48    2 = FOG REDUCING VISIBILITY
HIGHEST:    89 ON  4    GRTST 24HR  1.34 ON  8- 9      TO 1/4 MILE OR LESS
LOWEST:     35 ON 13                               3 = THUNDER
                        SNOW, ICE PELLETS, HAIL    4 = ICE PELLETS
                        TOTAL MONTH:    M          5 = HAIL
                        GRTST 24HR    M  ON   M    6 = FREEZING RAIN OR DRIZZLE
                        GRTST DEPTH:  M  ON   M    7 = DUSTSTORM OR SANDSTORM:
                                                       VSBY 1/2 MILE OR LESS
                                                   8 = SMOKE OR HAZE
[NO. OF DAYS WITH]      [WEATHER - DAYS WITH]      9 = BLOWING SNOW
                                                   X = TORNADO
MAX 32 OR BELOW:   0    0.01 INCH OR MORE:  10
MAX 90 OR ABOVE:   0    0.10 INCH OR MORE:   8
MIN 32 OR BELOW:   0    0.50 INCH OR MORE:   2
MIN  0 OR BELOW:   0    1.00 INCH OR MORE:   1

[HDD (BASE 65) ]
TOTAL THIS MO.   135    CLEAR  (SCALE 0-3)  16
DPTR FM NORMAL     6    PTCLDY (SCALE 4-7)   8
TOTAL FM JUL 1   154    CLOUDY (SCALE 8-10)  4
DPTR FM NORMAL     6

[CDD (BASE 65) ]
TOTAL THIS MO.    53
DPTR FM NORMAL   -18    [PRESSURE DATA]
TOTAL FM JAN 1   670    HIGHEST SLP M ON M
DPTR FM NORMAL   -69    LOWEST  SLP 29.48 ON 10

[REMARKS]




U.S. Dept. of Commerce
NOAA National Weather Service
1325 East West Highway
Silver Spring, MD 20910
E-mail: w-nws.webmaster@noaa.gov
Page last modified: May 16, 2007
NATIONAL WEATHER SERVICE: for Safety, for Work, for Fun - FOR LIFE