203
CXUS52 KCHS 270915
CF6CHS
PRELIMINARY LOCAL CLIMATOLOGICAL DATA (WS FORM: F-6)

                                          STATION:   NORTH CHARLESTON SC
                                          MONTH:     JANUARY
                                          YEAR:      2015
                                          LATITUDE:   32 54 N
                                          LONGITUDE:  80  2 W

  TEMPERATURE IN F:       :PCPN:    SNOW:  WIND      :SUNSHINE: SKY     :PK WND
================================================================================
1   2   3   4   5  6A  6B    7    8   9   10  11  12  13   14  15   16   17  18
                                     12Z  AVG MX 2MIN
DY MAX MIN AVG DEP HDD CDD  WTR  SNW DPTH SPD SPD DIR MIN PSBL S-S WX    SPD DR
================================================================================

 1  59  31  45  -3  20   0 0.00  0.0    0  1.6  8 150   M    M   3 1       9 150
 2  63  49  56   8   9   0    T  0.0    0  3.7 10  30   M    M   9        13  40
 3  69  50  60  12   5   0    T  0.0    0  4.6 10 190   M    M   8 12     13 170
 4  74  63  69  21   0   4 0.40  0.0    0 14.2 28 210   M    M  10 1      38 210
 5  63  40  52   4  13   0 0.00  0.0    0  6.5 16 310   M    M   6        21 330
 6  63  36  50   2  15   0 0.00  0.0    0  5.9 20 270   M    M   3        24 270
 7  58  33  46  -2  19   0    T    T    0 11.5 30 360   M    M   4        37  10
 8  35  18  27 -21  38   0 0.00  0.0    0 10.6 26 360   M    M   1        35 360
 9  56  25  41  -7  24   0 0.00  0.0    0  7.3 16 260   M    M   7        23 250
10  51  33  42  -6  23   0 0.00  0.0    0  8.1 20  40   M    M   2        24  20
11  63  36  50   2  15   0 0.01    M    0  8.6 15  70   M    M   8 1      21  60
12  62  49  56   8   9   0 1.06    M    0  2.8 14 120   M    M  10 123    16 120
13  57  41  49   1  16   0 0.02    M    0  8.4 16  40   M    M  10 12     22  30
14  41  38  40  -8  25   0    T    M    0 11.7 16 360   M    M  10 1      21 350
15  43  38  41  -7  24   0 0.10  0.0    0  5.1 13 360   M    M  10 1      16 320
16  57  37  47  -1  18   0 0.02  0.0    0  5.7 16 340   M    M   5 1      18 350
17  61  32  47  -1  18   0 0.00  0.0    0  3.4  9  60   M    M   5        14  70
18  67  48  58  10   7   0 0.22    M    0  6.5 23 270   M    M   4 12     29 270
19  68  35  52   4  13   0 0.00  0.0    0  6.3 17 210   M    M   1        23 270
20  66  40  53   5  12   0 0.00  0.0    0  6.3 17 260   M    M   5        23 250
21  72  41  57   9   8   0 0.00  0.0    0  4.8 15 270   M    M   2        20 270
22  66  40  53   5  12   0 0.00  0.0    0  5.8 12  50   M    M   5 1      15  60
23  67  52  60  12   5   0 0.49  0.0    0  9.8 30 200   M    M   9 1      38 210
24  67  42  55   7  10   0 1.21  0.0    0 13.0 31 210   M    M   6 1      41 210
25  59  33  46  -3  19   0 0.00  0.0    0  5.8 15 200   M    M   1        18 200
26  59  42  51   2  14   0    T  0.0    0 11.5 22 270   M    M   4        30 270
================================================================================
SM 1566 1022       391   4  3.53    T    189.5          M      148
================================================================================
AV 60.2 39.3                               7.3 FASTST   M    M   6    MAX(MPH)
                                 MISC ---->  # 31 210               # 41  210
================================================================================
NOTES:
# LAST OF SEVERAL OCCURRENCES

COLUMN 17 PEAK WIND IN M.P.H.

PRELIMINARY LOCAL CLIMATOLOGICAL DATA (WS FORM: F-6) , PAGE 2

                                          STATION:  NORTH CHARLESTON SC
                                          MONTH:    JANUARY
                                          YEAR:     2015
                                          LATITUDE:   32 54 N
                                          LONGITUDE:  80  2 W

[TEMPERATURE DATA]      [PRECIPITATION DATA]       SYMBOLS USED IN COLUMN 16

AVERAGE MONTHLY: 49.8   TOTAL FOR MONTH:   3.53    1 = FOG OR MIST
DPTR FM NORMAL:   1.7   DPTR FM NORMAL:    0.41    2 = FOG REDUCING VISIBILITY
HIGHEST:    74 ON  4    GRTST 24HR  1.70 ON 23-24      TO 1/4 MILE OR LESS
LOWEST:     18 ON  8                               3 = THUNDER
                        SNOW, ICE PELLETS, HAIL    4 = ICE PELLETS
                        TOTAL MONTH:    T          5 = HAIL
                        GRTST 24HR    T  ON  7- 7  6 = FREEZING RAIN OR DRIZZLE
                        GRTST DEPTH:   0           7 = DUSTSTORM OR SANDSTORM:
                                                       VSBY 1/2 MILE OR LESS
                                                   8 = SMOKE OR HAZE
[NO. OF DAYS WITH]      [WEATHER - DAYS WITH]      9 = BLOWING SNOW
                                                   X = TORNADO
MAX 32 OR BELOW:   0    0.01 INCH OR MORE:   9
MAX 90 OR ABOVE:   0    0.10 INCH OR MORE:   6
MIN 32 OR BELOW:   4    0.50 INCH OR MORE:   2
MIN  0 OR BELOW:   0    1.00 INCH OR MORE:   2

[HDD (BASE 65) ]
TOTAL THIS MO.   391    CLEAR  (SCALE 0-3)   7
DPTR FM NORMAL   -49    PTCLDY (SCALE 4-7)  12
TOTAL FM JUL 1  1087    CLOUDY (SCALE 8-10)  7
DPTR FM NORMAL   -91

[CDD (BASE 65) ]
TOTAL THIS MO.     4
DPTR FM NORMAL     4    [PRESSURE DATA]
TOTAL FM JAN 1     4    HIGHEST SLP M ON M
DPTR FM NORMAL     4    LOWEST  SLP 29.54 ON 24

[REMARKS]




U.S. Dept. of Commerce
NOAA National Weather Service
1325 East West Highway
Silver Spring, MD 20910
E-mail: w-nws.webmaster@noaa.gov
Page last modified: May 16, 2007
NATIONAL WEATHER SERVICE: for Safety, for Work, for Fun - FOR LIFE