000
CXUS51 KLWX 010620
CF6CHO
PRELIMINARY LOCAL CLIMATOLOGICAL DATA (WS FORM: F-6)

                                          STATION:   CHARLOTTESVILLE VA
                                          MONTH:     MAY
                                          YEAR:      2012
                                          LATITUDE:   38  7 N
                                          LONGITUDE:  78 27 W

  TEMPERATURE IN F:       :PCPN:    SNOW:  WIND      :SUNSHINE: SKY     :PK WND
================================================================================
1   2   3   4   5  6A  6B    7    8   9   10  11  12  13   14  15   16   17  18
                                     12Z  AVG MX 2MIN
DY MAX MIN AVG DEP HDD CDD  WTR  SNW DPTH SPD SPD DIR MIN PSBL S-S WX    SPD DR
================================================================================

 1  89  60  75  16   0  10 0.13    M    M  5.2 14 180   M    M   3 138    18 210
 2  90  66  78  18   0  13 0.15    M    M  3.6  9  40   M    M   1 8      14 310
 3  89  64  77  17   0  12 0.48    M    M  4.4 10  80   M    M   5 138    14 150
 4  84  67  76  16   0  11    T    M    M  1.2  8 140   M    M   4 128    22 210
 5  79  63  71  11   0   6 0.23    M    M  2.2 13  80   M    M   M 138    15  90
 6  73  64  69   9   0   4 0.00    M    M  2.4 10  60   M    M  10 18     29  90
 7  72  63  68   7   0   3 0.00    M    M  5.3 10 190   M    M  10        20 110
 8  75  60  68   7   0   3 0.05    M    M  8.4 15 200   M    M   9 8      23 210
 9  78  58  68   7   0   3 0.08    M    M  3.1 13 310   M    M   7 18     18 320
10  71  53  62   0   3   0 0.01    M    M  5.7 20 330   M    M   3        28 350
11  77  51  64   2   1   0 0.00    M    M  2.6 14  30   M    M   0        16 350
12  78  47  63   1   2   0 0.00    M    M  3.2 13 160   M    M   0        15 110
13  82  60  71   9   0   6    T    M    M  7.9 18 190   M    M   1        24 190
14  70  64  67   5   0   2 0.74    M    M  5.6 13 160   M    M   9 18     16 170
15  83  67  75  12   0  10 1.02    M    M  2.4 13 360   M    M   8 128    24 210
16  85  63  74  11   0   9 0.01    M    0  1.5  7 330   M    M   5 128    10 210
17  78  59  69   6   0   4 0.00    M    M  7.1 13  60   M    M   0 8      21  50
18  76  52  64   0   1   0 0.00    M    M  3.5 13 100   M    M   0        18  60
19  82  52  67   3   0   2 0.00    M    M  2.0 10  70   M    M   0        20  50
20  85  55  70   6   0   5 0.00    M    M  5.6 18  60   M    M   3        25  70
21  76  66  71   7   0   6 0.11    M    M  3.6 14  30   M    M   9 18     23  10
22  83  63  73   8   0   8 0.44    M    M  1.9 31 270   M    M   8 128    92 240
23  81  65  73   8   0   8 0.27    M    M  2.8  5  20   M    M   7 138     6  30
24  81  64  73   8   0   8 0.09    M    M  2.4 12 150   M    M   7 128    18  60
25  89  66  78  12   0  13 0.00    M    M  2.1  9 130   M    M   4 128    14 170
26  89  68  79  13   0  14 0.00    M    M  3.9  9 170   M    M   2 18     20 100
27  89  70  80  14   0  15 0.00    M    M  4.8 12  60   M    M   2        15  70
28  92  70  81  14   0  16 0.00    M    M  5.8 14 180   M    M   1        17 180
29  91  71  81  14   0  16 0.25    M    M  8.9 21 180   M    M   3        30 330
30  86  69  78  11   0  13 0.01    M    M  2.2 14  30   M    M   3        20  30
31  87  63  75   7   0  10    T    M    M  2.4 10 130   M    M   1        14  50
================================================================================
SM 2540 1923         7 230  4.07    M    123.7          M      125
================================================================================
AV 81.9 62.0                               4.0 FASTST   M    M   4    MAX(MPH)
                                 MISC ---->  # 31 270               # 92  240
================================================================================
NOTES:
# LAST OF SEVERAL OCCURRENCES

COLUMN 17 PEAK WIND IN M.P.H.

PRELIMINARY LOCAL CLIMATOLOGICAL DATA (WS FORM: F-6) , PAGE 2

                                          STATION:  CHARLOTTESVILLE VA
                                          MONTH:    MAY
                                          YEAR:     2012
                                          LATITUDE:   38  7 N
                                          LONGITUDE:  78 27 W

[TEMPERATURE DATA]      [PRECIPITATION DATA]       SYMBOLS USED IN COLUMN 16

AVERAGE MONTHLY: 72.0   TOTAL FOR MONTH:   4.07    1 = FOG OR MIST
DPTR FM NORMAL:   8.8   DPTR FM NORMAL:    0.09    2 = FOG REDUCING VISIBILITY
HIGHEST:    92 ON 28    GRTST 24HR  1.40 ON 14-15      TO 1/4 MILE OR LESS
LOWEST:     47 ON 12                               3 = THUNDER
                        SNOW, ICE PELLETS, HAIL    4 = ICE PELLETS
                        TOTAL MONTH:    M          5 = HAIL
                        GRTST 24HR    M  ON   M    6 = FREEZING RAIN OR DRIZZLE
                        GRTST DEPTH:   0           7 = DUSTSTORM OR SANDSTORM:
                                                       VSBY 1/2 MILE OR LESS
                                                   8 = SMOKE OR HAZE
[NO. OF DAYS WITH]      [WEATHER - DAYS WITH]      9 = BLOWING SNOW
                                                   X = TORNADO
MAX 32 OR BELOW:   0    0.01 INCH OR MORE:  16
MAX 90 OR ABOVE:   3    0.10 INCH OR MORE:  10
MIN 32 OR BELOW:   0    0.50 INCH OR MORE:   2
MIN  0 OR BELOW:   0    1.00 INCH OR MORE:   1

[HDD (BASE 65) ]
TOTAL THIS MO.     7    CLEAR  (SCALE 0-3)  15
DPTR FM NORMAL  -114    PTCLDY (SCALE 4-7)  10
TOTAL FM JUL 1  3309    CLOUDY (SCALE 8-10)  5
DPTR FM NORMAL -1124

[CDD (BASE 65) ]
TOTAL THIS MO.   230
DPTR FM NORMAL   165    [PRESSURE DATA]
TOTAL FM JAN 1   270    HIGHEST SLP M ON M
DPTR FM NORMAL   184    LOWEST  SLP 29.61 ON 10

[REMARKS]
#FINAL-05-12#




U.S. Dept. of Commerce
NOAA National Weather Service
1325 East West Highway
Silver Spring, MD 20910
E-mail: w-nws.webmaster@noaa.gov
Page last modified: May 16, 2007
NATIONAL WEATHER SERVICE: for Safety, for Work, for Fun - FOR LIFE