962
CXUS51 KLWX 011130
CF6CHO
PRELIMINARY LOCAL CLIMATOLOGICAL DATA (WS FORM: F-6)

                                          STATION:   CHARLOTTESVILLE VA
                                          MONTH:     SEPTEMBER
                                          YEAR:      2012
                                          LATITUDE:   38  7 N
                                          LONGITUDE:  78 27 W

  TEMPERATURE IN F:       :PCPN:    SNOW:  WIND      :SUNSHINE: SKY     :PK WND
================================================================================
1   2   3   4   5  6A  6B    7    8   9   10  11  12  13   14  15   16   17  18
                                     12Z  AVG MX 2MIN
DY MAX MIN AVG DEP HDD CDD  WTR  SNW DPTH SPD SPD DIR MIN PSBL S-S WX    SPD DR
================================================================================

 1  84  71  78   6   0  13 0.04    M    M  1.4 10 320   M    M   3 1      15 310
 2  83  72  78   7   0  13 0.08    M    M  2.7 13 160   M    M   6 18     16 170
 3  80  72  76   5   0  11 0.08    M    M  3.4 12 210   M    M   9 138    16 200
 4  85  70  78   7   0  13 0.11    M    M  7.0 17 200   M    M   7 18     24 190
 5  86  72  79   8   0  14    T    M    M  5.1 13 190   M    M   5 1      16 200
 6  83  69  76   6   0  11 0.47    M    M  2.2 10  10   M    M   4 123    14  30
 7  88  66  77   7   0  12 0.00    M    M  3.8 12 160   M    M   0 1      21 110
 8  87  64  76   6   0  11 0.14    M    M  5.8 20 300   M    M   4 1      30 300
 9  77  55  66  -3   0   1 0.00    M    M  2.2  8 340   M    M   2        14 280
10  76  53  65  -4   0   0 0.00    M    M  4.1 15 340   M    M   0        24 360
11  77  48  63  -6   2   0 0.00    M    M  1.3  7 150   M    M   0        14 110
12  79  50  65  -3   0   0 0.00    M    M  2.4  9 120   M    M   0 1      13 130
13  79  52  66  -2   0   1 0.00    M    M  2.1 12 190   M    M   0 1      25  90
14  79  51  65  -3   0   0 0.00    M    M  3.0 10 160   M    M   0 1      14 180
15  77  54  66  -1   0   1 0.00    M    M  2.9 14  40   M    M   2 1      16  30
16  73  52  63  -4   2   0 0.00    M    M  1.9 10 160   M    M   5        14 160
17  68  52  60  -6   5   0 0.12    M    M  2.0  9 190   M    M   9 18     12 180
18  75  64  70   4   0   5 1.09    M    M 12.0 26 190   M    M   9 138    37 200
19  71  51  61  -5   4   0 0.00    M    M  4.1 13 330   M    M   3        21 360
20  73  49  61  -4   4   0 0.00    M    M  2.4 10 170   M    M   3 1      15 160
21  81  52  67   2   0   2 0.00    M    M  2.9 10 190   M    M   1 12     23 100
22  84  61  73   9   0   8 0.00    M    M  7.5 16 180   M    M   1        20 330
23  69  50  60  -4   5   0 0.00    M    M  2.7 10 140   M    M   3 8      20  70
24  70  45  58  -6   7   0 0.00    M    M  3.0 12 340   M    M   2        18 360
25  75  43  59  -4   6   0    T    M    M  6.6 15 210   M    M   2        24 220
26  84  55  70   7   0   5 0.00    M    M  7.7 17 180   M    M   1        24 200
27  84  60  72  10   0   7 0.01    M    M  4.9 13  40   M    M   2 138    30 150
28  77  60  69   7   0   4 0.15    M    M  1.8 16  40   M    M   9 128    20  60
29  72  58  65   3   0   0 0.01    M    M  1.4  8  90   M    M   9 18     22  40
30  73  49  61   0   4   0 0.00    M    M  3.1 14  60   M    M   4 1      29 150
================================================================================
SM 2349 1720        39 132  2.30    M    113.4          M      105
================================================================================
AV 78.3 57.3                               3.8 FASTST   M    M   4    MAX(MPH)
                                 MISC ---->  # 26 190               # 37  200
================================================================================
NOTES:
# LAST OF SEVERAL OCCURRENCES

COLUMN 17 PEAK WIND IN M.P.H.

PRELIMINARY LOCAL CLIMATOLOGICAL DATA (WS FORM: F-6) , PAGE 2

                                          STATION:  CHARLOTTESVILLE VA
                                          MONTH:    SEPTEMBER
                                          YEAR:     2012
                                          LATITUDE:   38  7 N
                                          LONGITUDE:  78 27 W

[TEMPERATURE DATA]      [PRECIPITATION DATA]       SYMBOLS USED IN COLUMN 16

AVERAGE MONTHLY: 67.8   TOTAL FOR MONTH:   2.30    1 = FOG OR MIST
DPTR FM NORMAL:   1.0   DPTR FM NORMAL:   -2.18    2 = FOG REDUCING VISIBILITY
HIGHEST:    88 ON  7    GRTST 24HR  1.21 ON 17-18      TO 1/4 MILE OR LESS
LOWEST:     43 ON 25                               3 = THUNDER
                        SNOW, ICE PELLETS, HAIL    4 = ICE PELLETS
                        TOTAL MONTH:    M          5 = HAIL
                        GRTST 24HR    M  ON   M    6 = FREEZING RAIN OR DRIZZLE
                        GRTST DEPTH:  M  ON   M    7 = DUSTSTORM OR SANDSTORM:
                                                       VSBY 1/2 MILE OR LESS
                                                   8 = SMOKE OR HAZE
[NO. OF DAYS WITH]      [WEATHER - DAYS WITH]      9 = BLOWING SNOW
                                                   X = TORNADO
MAX 32 OR BELOW:   0    0.01 INCH OR MORE:  11
MAX 90 OR ABOVE:   0    0.10 INCH OR MORE:   6
MIN 32 OR BELOW:   0    0.50 INCH OR MORE:   1
MIN  0 OR BELOW:   0    1.00 INCH OR MORE:   1

[HDD (BASE 65) ]
TOTAL THIS MO.    39    CLEAR  (SCALE 0-3)  17
DPTR FM NORMAL   -16    PTCLDY (SCALE 4-7)   8
TOTAL FM JUL 1    39    CLOUDY (SCALE 8-10)  5
DPTR FM NORMAL   -19

[CDD (BASE 65) ]
TOTAL THIS MO.   132
DPTR FM NORMAL    21    [PRESSURE DATA]
TOTAL FM JAN 1  1584    HIGHEST SLP 30.38 ON 13
DPTR FM NORMAL   563    LOWEST  SLP 29.61 ON  8

[REMARKS]
#FINAL-09-12#




U.S. Dept. of Commerce
NOAA National Weather Service
1325 East West Highway
Silver Spring, MD 20910
E-mail: w-nws.webmaster@noaa.gov
Page last modified: May 16, 2007
NATIONAL WEATHER SERVICE: for Safety, for Work, for Fun - FOR LIFE