000
CXUS51 KLWX 010620
CF6CHO
PRELIMINARY LOCAL CLIMATOLOGICAL DATA (WS FORM: F-6)

                                          STATION:   CHARLOTTESVILLE VA
                                          MONTH:     JUNE
                                          YEAR:      2012
                                          LATITUDE:   38  7 N
                                          LONGITUDE:  78 27 W

  TEMPERATURE IN F:       :PCPN:    SNOW:  WIND      :SUNSHINE: SKY     :PK WND
================================================================================
1   2   3   4   5  6A  6B    7    8   9   10  11  12  13   14  15   16   17  18
                                     12Z  AVG MX 2MIN
DY MAX MIN AVG DEP HDD CDD  WTR  SNW DPTH SPD SPD DIR MIN PSBL S-S WX    SPD DR
================================================================================

 1  81  64  73   5   0   8 0.73    M    M  1.4 13 170   M    M   7 38     22 200
 2  76  57  67  -1   0   2 0.00    M    M  2.6 13 350   M    M   2        18 330
 3  82  58  70   2   0   5 0.00    M    M  2.6 10 210   M    M   2        17 300
 4  82  60  71   2   0   6 0.08    M    M  3.9 15 310   M    M   4        22 320
 5  72  57  65  -4   0   0 0.02    M    M  5.4 13  40   M    M   9        16  60
 6  76  58  67  -3   0   2 0.27    M    M  1.5 10 110   M    M   8 18     13 120
 7  83  56  70   0   0   5    T    M    M  2.3 10  60   M    M   3 18     14 320
 8  87  56  72   2   0   7 0.00    M    M  3.7 12  30   M    M   1        20  20
 9  89  59  74   4   0   9 0.00    M    M  2.5 10 190   M    M   0        15 270
10  91  61  76   5   0  11 0.00    M    M  2.8 12 150   M    M   0        15 190
11  82  64  73   2   0   8 0.08    M    M  4.5 15 170   M    M   6 8      18 180
12  84  71  78   7   0  13 0.57    M    M  5.2 13 190   M    M   8 138    16 190
13  85  62  74   2   0   9 0.00    M    M  5.8 14  20   M    M   1 1238   20  40
14  82  58  70  -2   0   5 0.00    M    M  4.7 15  40   M    M   5        20  50
15  83  62  73   1   0   8 0.00    M    M  5.1 14  50   M    M   3        18  50
16  81  57  69  -3   0   4 0.00    M    M  2.4 10  80   M    M   0        15  90
17  81  57  69  -4   0   4 0.00    M    M  2.6 26 170   M    M   2         M  M
18  74  64  69  -4   0   4 0.37    M    M  3.9 12 170   M    M  10 18     31 100
19  93  67  80   7   0  15 0.00    M    M  1.9 12 260   M    M   5 128    12 260
20  97  69  83  10   0  18 0.00    M    M  0.8  7 110   M    M   1 18     10 110
21  98  73  86  12   0  21 0.00    M    M  2.1 13 170   M    M   1 38     16 180
22  95  72  84  10   0  19 0.45    M    M  2.6 15  30   M    M   2 38     18 320
23  91  67  79   5   0  14 0.00    M    M  1.6  9 330   M    M   1 128    13 340
24  90  66  78   4   0  13 0.00    M    M  2.6 15 150   M    M   2 3      18 160
25  91  70  81   7   0  16 0.69    M    M  4.9 17  20   M    M   1 8      26  20
26  82  62  72  -2   0   7 0.00    M    M  8.2 21 360   M    M   0        29 330
27  90  58  74  -1   0   9 0.00    M    M  4.5 13 330   M    M   0        17 320
28  96  62  79   4   0  14 0.00    M    M  4.7 14 190   M    M   0        17 190
29 104  74  89  14   0  24    T    M    M  3.3  8 210   M    M   0 3      23 220
30 100  74  87  12   0  22    M    M    M  6.5 25  50   M    M   0 138    29  50
================================================================================
SM 2598 1895         0 302  3.26    M    106.6          M       84
================================================================================
AV 86.6 63.2                               3.6 FASTST   M    M   3    MAX(MPH)
                                 MISC ---->  # 26 170               # 31  100
================================================================================
NOTES:
# LAST OF SEVERAL OCCURRENCES

COLUMN 17 PEAK WIND IN M.P.H.

PRELIMINARY LOCAL CLIMATOLOGICAL DATA (WS FORM: F-6) , PAGE 2

                                          STATION:  CHARLOTTESVILLE VA
                                          MONTH:    JUNE
                                          YEAR:     2012
                                          LATITUDE:   38  7 N
                                          LONGITUDE:  78 27 W

[TEMPERATURE DATA]      [PRECIPITATION DATA]       SYMBOLS USED IN COLUMN 16

AVERAGE MONTHLY: 74.9   TOTAL FOR MONTH:   3.26    1 = FOG OR MIST
DPTR FM NORMAL:   3.0   DPTR FM NORMAL:   -0.47    2 = FOG REDUCING VISIBILITY
HIGHEST:   104 ON 29    GRTST 24HR  0.73 ON  1- 1      TO 1/4 MILE OR LESS
LOWEST:     56 ON  8, 7                            3 = THUNDER
                        SNOW, ICE PELLETS, HAIL    4 = ICE PELLETS
                        TOTAL MONTH:    M          5 = HAIL
                        GRTST 24HR    M  ON   M    6 = FREEZING RAIN OR DRIZZLE
                        GRTST DEPTH:  M  ON   M    7 = DUSTSTORM OR SANDSTORM:
                                                       VSBY 1/2 MILE OR LESS
                                                   8 = SMOKE OR HAZE
[NO. OF DAYS WITH]      [WEATHER - DAYS WITH]      9 = BLOWING SNOW
                                                   X = TORNADO
MAX 32 OR BELOW:   0    0.01 INCH OR MORE:   9
MAX 90 OR ABOVE:  12    0.10 INCH OR MORE:   6
MIN 32 OR BELOW:   0    0.50 INCH OR MORE:   3
MIN  0 OR BELOW:   0    1.00 INCH OR MORE:   0

[HDD (BASE 65) ]
TOTAL THIS MO.     0    CLEAR  (SCALE 0-3)  20
DPTR FM NORMAL   -11    PTCLDY (SCALE 4-7)   7
TOTAL FM JUL 1  3309    CLOUDY (SCALE 8-10)  3
DPTR FM NORMAL -1135

[CDD (BASE 65) ]
TOTAL THIS MO.   302
DPTR FM NORMAL    83    [PRESSURE DATA]
TOTAL FM JAN 1   572    HIGHEST SLP M ON M
DPTR FM NORMAL   267    LOWEST  SLP 29.66 ON  4

[REMARKS]
#FINAL-06-12#




U.S. Dept. of Commerce
NOAA National Weather Service
1325 East West Highway
Silver Spring, MD 20910
E-mail: w-nws.webmaster@noaa.gov
Page last modified: May 16, 2007
NATIONAL WEATHER SERVICE: for Safety, for Work, for Fun - FOR LIFE