000
CXUS51 KLWX 010620
CF6CHO
PRELIMINARY LOCAL CLIMATOLOGICAL DATA (WS FORM: F-6)

                                          STATION:   CHARLOTTESVILLE VA
                                          MONTH:     JULY
                                          YEAR:      2012
                                          LATITUDE:   38  7 N
                                          LONGITUDE:  78 27 W

  TEMPERATURE IN F:       :PCPN:    SNOW:  WIND      :SUNSHINE: SKY     :PK WND
================================================================================
1   2   3   4   5  6A  6B    7    8   9   10  11  12  13   14  15   16   17  18
                                     12Z  AVG MX 2MIN
DY MAX MIN AVG DEP HDD CDD  WTR  SNW DPTH SPD SPD DIR MIN PSBL S-S WX    SPD DR
================================================================================

 1 101  73  87  12   0  22 0.00    M    M  1.6 10 330   M    M   0 18     16 330
 2  95  74  85  10   0  20    T    M    M  3.4 13 290   M    M   1 3      21 280
 3  99  70  85  10   0  20    T    M    M  2.6 12 270   M    M   1 8      18 110
 4 100  74  87  12   0  22 0.00    M    M  4.1 12 350   M    M   1        17 360
 5 104  78  91  16   0  26    T    M    M  3.2 12  30   M    M   1        16 300
 6 100  76  88  12   0  23 0.00    M    M  2.3  9 150   M    M   1 8      15 140
 7 105  78  92  16   0  27 0.00    M    M  2.0 10 150   M    M   0 8      14 240
 8 106  78  92  16   0  27 0.19    M    M  3.2 23  30   M    M   1 38     31  40
 9  89  74  82   6   0  17    T    M    M  3.5 13  50   M    M   3 8      16  30
10  93  72  83   7   0  18 0.00    M    M  4.0 16 120   M    M   1 8      23 120
11  90  70  80   4   0  15 0.00    M    M  3.8 12  60   M    M   1 18     28 340
12  92  69  81   5   0  16 0.00    M    M  3.5 12  90   M    M   0        17  90
13  86  72  79   3   0  14    T    M    M  2.3  7  20   M    M   7        25  80
14  93  71  82   6   0  17 1.59    M    M  3.3 17 160   M    M   6 18     22 230
15  96  75  86  10   0  21 0.13    M    M  3.5 25 210   M    M   2 3      33 220
16  98  75  87  11   0  22 0.00    M    M  2.3  8 220   M    M   1        13 260
17  97  73  85   9   0  20 0.00    M    M  3.3  9 260   M    M   0 8      13 150
18  96  73  85   9   0  20 0.08    M    M  3.1 14 270   M    M   1 13     14 270
19  93  71  82   6   0  17    T    M    M  1.3  9 330   M    M   1        13 300
20  79  73  76   0   0  11 0.08    M    M  1.7  7 150   M    M   5 1       9 160
21  76  68  72  -4   0   7 0.49    M    M  6.8 14  50   M    M  10 13     18  50
22  85  68  77   1   0  12 0.00    M    M  3.0 10 160   M    M   7 1      13 170
23  91  71  81   6   0  16 0.08    M    M  2.6 13 200   M    M   1 13     18 230
24  92  71  82   7   0  17 0.84    M    M  3.5 23 360   M    M   2 13     37 350
25  87  67  77   2   0  12 0.00    M    M  2.9 10  70   M    M   0 1      14  40
26  96  69  83   8   0  18 0.00    M    M  5.5 16 210   M    M   0 1      23 200
27  91  69  80   5   0  15 0.03    M    M  3.0 22 320   M    M   1        36 290
28  92  66  79   4   0  14 0.00    M    M  2.3  8 270   M    M   1        13 250
29  88  66  77   2   0  12 0.00    M    M  2.9 10  40   M    M   3        14  40
30  89  66  78   3   0  13    T    M    M  3.0 14 110   M    M   2 3      18 110
31  88  66  77   2   0  12 0.83    M    M  3.0 21 140   M    M   7 138    28 160
================================================================================
SM 2887 2216         0 543  4.34    M     96.5          M       68
================================================================================
AV 93.1 71.5                               3.1 FASTST   M    M   2    MAX(MPH)
                                 MISC ---->  # 25 210               # 37  350
================================================================================
NOTES:
# LAST OF SEVERAL OCCURRENCES

COLUMN 17 PEAK WIND IN M.P.H.

PRELIMINARY LOCAL CLIMATOLOGICAL DATA (WS FORM: F-6) , PAGE 2

                                          STATION:  CHARLOTTESVILLE VA
                                          MONTH:    JULY
                                          YEAR:     2012
                                          LATITUDE:   38  7 N
                                          LONGITUDE:  78 27 W

[TEMPERATURE DATA]      [PRECIPITATION DATA]       SYMBOLS USED IN COLUMN 16

AVERAGE MONTHLY: 82.3   TOTAL FOR MONTH:   4.34    1 = FOG OR MIST
DPTR FM NORMAL:   6.9   DPTR FM NORMAL:    0.02    2 = FOG REDUCING VISIBILITY
HIGHEST:   106 ON  8    GRTST 24HR  1.70 ON 14-15      TO 1/4 MILE OR LESS
LOWEST:     66 ON 31,30                            3 = THUNDER
                        SNOW, ICE PELLETS, HAIL    4 = ICE PELLETS
                        TOTAL MONTH:    M          5 = HAIL
                        GRTST 24HR    M  ON   M    6 = FREEZING RAIN OR DRIZZLE
                        GRTST DEPTH:  M  ON   M    7 = DUSTSTORM OR SANDSTORM:
                                                       VSBY 1/2 MILE OR LESS
                                                   8 = SMOKE OR HAZE
[NO. OF DAYS WITH]      [WEATHER - DAYS WITH]      9 = BLOWING SNOW
                                                   X = TORNADO
MAX 32 OR BELOW:   0    0.01 INCH OR MORE:  10
MAX 90 OR ABOVE:  22    0.10 INCH OR MORE:   6
MIN 32 OR BELOW:   0    0.50 INCH OR MORE:   3
MIN  0 OR BELOW:   0    1.00 INCH OR MORE:   1

[HDD (BASE 65) ]
TOTAL THIS MO.     0    CLEAR  (SCALE 0-3)  25
DPTR FM NORMAL    -1    PTCLDY (SCALE 4-7)   5
TOTAL FM JUL 1     0    CLOUDY (SCALE 8-10)  1
DPTR FM NORMAL    -1

[CDD (BASE 65) ]
TOTAL THIS MO.   543
DPTR FM NORMAL   218    [PRESSURE DATA]
TOTAL FM JAN 1  1115    HIGHEST SLP M ON M
DPTR FM NORMAL   485    LOWEST  SLP 29.66 ON 26

[REMARKS]
#FINAL-07-12#




U.S. Dept. of Commerce
NOAA National Weather Service
1325 East West Highway
Silver Spring, MD 20910
E-mail: w-nws.webmaster@noaa.gov
Page last modified: May 16, 2007
NATIONAL WEATHER SERVICE: for Safety, for Work, for Fun - FOR LIFE