696
CXUS51 KLWX 010620
CF6CHO
PRELIMINARY LOCAL CLIMATOLOGICAL DATA (WS FORM: F-6)

                                          STATION:   CHARLOTTESVILLE VA
                                          MONTH:     AUGUST
                                          YEAR:      2012
                                          LATITUDE:   38  7 N
                                          LONGITUDE:  78 27 W

  TEMPERATURE IN F:       :PCPN:    SNOW:  WIND      :SUNSHINE: SKY     :PK WND
================================================================================
1   2   3   4   5  6A  6B    7    8   9   10  11  12  13   14  15   16   17  18
                                     12Z  AVG MX 2MIN
DY MAX MIN AVG DEP HDD CDD  WTR  SNW DPTH SPD SPD DIR MIN PSBL S-S WX    SPD DR
================================================================================

 1  89  65  77   2   0  12 0.15    M    M  1.4 10 360   M    M   2 12     10 360
 2  92  67  80   5   0  15 0.00    M    M  2.4 12 160   M    M   1 128    20 110
 3  89  70  80   5   0  15 0.04    M    M  3.6  9 210   M    M   0 138    15 210
 4  90  70  80   5   0  15 0.00    M    M  3.5 15 200   M    M   3 1      20 200
 5  90  72  81   6   0  16 0.02    M    M  7.9 21 200   M    M   3        25 190
 6  85  72  79   4   0  14    T    M    M  1.0  8  30   M    M   4 1      43 320
 7  88  72  80   5   0  15    T    M    M  1.8 10 150   M    M   6 128    28 210
 8  90  69  80   5   0  15 0.00    M    M  2.0 16 170   M    M   3 1      23 160
 9  92  66  79   4   0  14    T    M    M  5.4 14 160   M    M   1 1      18 150
10  85  68  77   2   0  12 1.64    M    M  6.4 18 180   M    M   7 138    23 210
11  84  68  76   1   0  11 0.01    M    M  4.1 15 190   M    M   4 123    20 170
12  85  64  75   1   0  10 0.00    M    M  2.0  9 210   M    M   2        13 230
13  87  63  75   1   0  10 0.00    M    M  2.2 10 200   M    M   2        14 220
14  87  68  78   4   0  13 0.47    M    M  4.4 16 340   M    M   5 1      24 330
15  83  65  74   0   0   9 0.34    M    M  2.2  5 260   M    M   5 1238    7 260
16  86  62  74   0   0   9 0.00    M    M  1.6  7 330   M    M   1 1      12 360
17  88  63  76   2   0  11 0.16    M    M  2.3 18 180   M    M   3 1      22 170
18  83  65  74   0   0   9 0.00    M    M  1.9 10  50   M    M   3 1      13  80
19  70  64  67  -7   0   2 0.27    M    M  1.2  9 180   M    M   8 18     12 180
20  79  63  71  -3   0   6 0.01    M    M  1.9 10 170   M    M   8 12     20 220
21  80  63  72  -2   0   7 0.34    M    M  1.3 13 130   M    M   4 128    15 270
22  83  61  72  -2   0   7 0.05    M    M  1.4 13 350   M    M   2 123    18 350
23  85  63  74   1   0   9 0.00    M    M   M   M   M   M    M   0 1       M  M
24  83  64  74   1   0   9 0.00    M    M  1.6  9 150   M    M   1 18     13  90
25  73  66  70  -3   0   5 1.37    M    M  5.8 17  40   M    M   9 1      25  30
26  79  66  73   0   0   8 0.02    M    M  4.3 13  30   M    M   7 1      16  30
27  87  64  76   3   0  11 0.00    M    M  2.8 10 190   M    M   4 12     15 210
28  90  68  79   6   0  14 0.01    M    M  2.0  9 350   M    M   3        13 340
29  84  62  73   1   0   8 0.00    M    M  2.1  8  80   M    M   3 1      13 110
30  87  64  76   4   0  11 0.00    M    M  1.3  8 210   M    M   3 1      10 190
31  93  67  80   8   0  15 0.00    M    M  1.8  7 200   M    M   1 12     13 210
================================================================================
SM 2646 2044         0 337  4.90    M     83.6          M      108
================================================================================
AV 85.4 65.9                               2.8 FASTST   M    M   3    MAX(MPH)
                                 MISC ---->  # 21 200               # 43  320
================================================================================
NOTES:
# LAST OF SEVERAL OCCURRENCES

COLUMN 17 PEAK WIND IN M.P.H.

PRELIMINARY LOCAL CLIMATOLOGICAL DATA (WS FORM: F-6) , PAGE 2

                                          STATION:  CHARLOTTESVILLE VA
                                          MONTH:    AUGUST
                                          YEAR:     2012
                                          LATITUDE:   38  7 N
                                          LONGITUDE:  78 27 W

[TEMPERATURE DATA]      [PRECIPITATION DATA]       SYMBOLS USED IN COLUMN 16

AVERAGE MONTHLY: 75.6   TOTAL FOR MONTH:   4.90    1 = FOG OR MIST
DPTR FM NORMAL:   1.6   DPTR FM NORMAL:    1.28    2 = FOG REDUCING VISIBILITY
HIGHEST:    93 ON 31    GRTST 24HR  1.64 ON 10-10      TO 1/4 MILE OR LESS
LOWEST:     61 ON 22                               3 = THUNDER
                        SNOW, ICE PELLETS, HAIL    4 = ICE PELLETS
                        TOTAL MONTH:    M          5 = HAIL
                        GRTST 24HR    M  ON   M    6 = FREEZING RAIN OR DRIZZLE
                        GRTST DEPTH:  M  ON   M    7 = DUSTSTORM OR SANDSTORM:
                                                       VSBY 1/2 MILE OR LESS
                                                   8 = SMOKE OR HAZE
[NO. OF DAYS WITH]      [WEATHER - DAYS WITH]      9 = BLOWING SNOW
                                                   X = TORNADO
MAX 32 OR BELOW:   0    0.01 INCH OR MORE:  15
MAX 90 OR ABOVE:   7    0.10 INCH OR MORE:   8
MIN 32 OR BELOW:   0    0.50 INCH OR MORE:   2
MIN  0 OR BELOW:   0    1.00 INCH OR MORE:   2

[HDD (BASE 65) ]
TOTAL THIS MO.     0    CLEAR  (SCALE 0-3)  17
DPTR FM NORMAL    -2    PTCLDY (SCALE 4-7)  13
TOTAL FM JUL 1     0    CLOUDY (SCALE 8-10)  1
DPTR FM NORMAL    -3

[CDD (BASE 65) ]
TOTAL THIS MO.   337
DPTR FM NORMAL    57    [PRESSURE DATA]
TOTAL FM JAN 1  1452    HIGHEST SLP M ON M
DPTR FM NORMAL   542    LOWEST  SLP 29.73 ON 10

[REMARKS]
#FINAL-08-12#




U.S. Dept. of Commerce
NOAA National Weather Service
1325 East West Highway
Silver Spring, MD 20910
E-mail: w-nws.webmaster@noaa.gov
Page last modified: May 16, 2007
NATIONAL WEATHER SERVICE: for Safety, for Work, for Fun - FOR LIFE