801
CXUS51 KLWX 270620
CF6CHO
PRELIMINARY LOCAL CLIMATOLOGICAL DATA (WS FORM: F-6)

                                          STATION:   CHARLOTTESVILLE VA
                                          MONTH:     JANUARY
                                          YEAR:      2015
                                          LATITUDE:   38  7 N
                                          LONGITUDE:  78 27 W

  TEMPERATURE IN F:       :PCPN:    SNOW:  WIND      :SUNSHINE: SKY     :PK WND
================================================================================
1   2   3   4   5  6A  6B    7    8   9   10  11  12  13   14  15   16   17  18
                                     12Z  AVG MX 2MIN
DY MAX MIN AVG DEP HDD CDD  WTR  SNW DPTH SPD SPD DIR MIN PSBL S-S WX    SPD DR
================================================================================

 1  48  24  36   1  29   0 0.00    M    M  9.6 20 200   M    M   0        28 180
 2  49  38  44   9  21   0 0.00    M    M  3.6 15 210   M    M   3        20 220
 3  40  36  38   3  27   0 0.24    M    M  2.7 12  40   M    M  10 1      13  40
 4  62  39  51  16  14   0 0.04    M    M 11.2 23 200   M    M   7 1      36 310
 5  48  27  38   3  27   0 0.00    M    M  5.5 18 310   M    M   1        26 270
 6  40  24  32  -3  33   0 0.00    M    M  4.6 15 310   M    M   5        23 300
 7  30  12  21 -14  44   0 0.00    M    M  9.5 21 320   M    M   5        29 320
 8  25   6  16 -19  49   0 0.00    M    M  9.5 21 190   M    M   0        26 200
 9  40  21  31  -4  34   0 0.00    M    M  9.6 24 200   M    M   3        30 200
10  32  16  24 -11  41   0 0.00    M    M  3.9 10 200   M    M   0        14 200
11  42  10  26  -9  39   0    T    M    M  1.8 10 170   M    M   3        12 170
12  41  32  37   2  28   0 0.39    M    M  2.4 10  30   M    M   9 1      12  30
13  39  26  33  -2  32   0 0.00    M    M  9.6 17  40   M    M   8 1      21  50
14  34  22  28  -7  37   0 0.02    M    M  4.2 10  40   M    M  10 18     13  20
15  38  25  32  -3  33   0 0.00    M    M  4.2 12 200   M    M   6 1      15 190
16  50  30  40   5  25   0 0.00    M    M  4.4 12 320   M    M   2        21 350
17  43  25  34  -1  31   0 0.00    M    M  5.5 15 170   M    M   0        18 160
18  55  28  42   7  23   0 0.00    M    M  4.2 14 300   M    M   3        23 320
19  54  34  44   9  21   0 0.00    M    M  5.1 13 210   M    M   3        20 300
20  55  27  41   6  24   0 0.00    M    M  3.1 14  30   M    M   2        17  30
21  43  27  35   0  30   0    T    M    M  2.3  8  60   M    M   4 1       9  70
22  51  24  38   3  27   0 0.00    M    M  3.4 16  30   M    M   3 18     16  30
23  39  26  33  -2  32   0 0.72    M    M  3.7 13 200   M    M   6 1      15 180
24  46  32  39   4  26   0 0.08    M    M  3.6 12 220   M    M   7 1      17 280
25  49  32  41   5  24   0 0.00    M    M  4.9 12 190   M    M   3        15 190
26  39  31  35  -1  30   0 0.21    M    M  7.3 15  50   M    M  10 1      17  40
================================================================================
SM 1132  674       781   0  1.70    M    139.4          M      113
================================================================================
AV 43.5 25.9                               5.4 FASTST   M    M   4    MAX(MPH)
                                 MISC ---->  # 24 200               # 36  310
================================================================================
NOTES:
# LAST OF SEVERAL OCCURRENCES

COLUMN 17 PEAK WIND IN M.P.H.

PRELIMINARY LOCAL CLIMATOLOGICAL DATA (WS FORM: F-6) , PAGE 2

                                          STATION:  CHARLOTTESVILLE VA
                                          MONTH:    JANUARY
                                          YEAR:     2015
                                          LATITUDE:   38  7 N
                                          LONGITUDE:  78 27 W

[TEMPERATURE DATA]      [PRECIPITATION DATA]       SYMBOLS USED IN COLUMN 16

AVERAGE MONTHLY: 34.7   TOTAL FOR MONTH:   1.70    1 = FOG OR MIST
DPTR FM NORMAL:  -0.3   DPTR FM NORMAL:   -0.65    2 = FOG REDUCING VISIBILITY
HIGHEST:    62 ON  4    GRTST 24HR  0.80 ON 23-24      TO 1/4 MILE OR LESS
LOWEST:      6 ON  8                               3 = THUNDER
                        SNOW, ICE PELLETS, HAIL    4 = ICE PELLETS
                        TOTAL MONTH:    M          5 = HAIL
                        GRTST 24HR    M  ON   M    6 = FREEZING RAIN OR DRIZZLE
                        GRTST DEPTH:  M  ON   M    7 = DUSTSTORM OR SANDSTORM:
                                                       VSBY 1/2 MILE OR LESS
                                                   8 = SMOKE OR HAZE
[NO. OF DAYS WITH]      [WEATHER - DAYS WITH]      9 = BLOWING SNOW
                                                   X = TORNADO
MAX 32 OR BELOW:   3    0.01 INCH OR MORE:   7
MAX 90 OR ABOVE:   0    0.10 INCH OR MORE:   4
MIN 32 OR BELOW:  22    0.50 INCH OR MORE:   1
MIN  0 OR BELOW:   0    1.00 INCH OR MORE:   0

[HDD (BASE 65) ]
TOTAL THIS MO.   781    CLEAR  (SCALE 0-3)  13
DPTR FM NORMAL     2    PTCLDY (SCALE 4-7)   9
TOTAL FM JUL 1  2360    CLOUDY (SCALE 8-10)  4
DPTR FM NORMAL  -155

[CDD (BASE 65) ]
TOTAL THIS MO.     0
DPTR FM NORMAL     0    [PRESSURE DATA]
TOTAL FM JAN 1     0    HIGHEST SLP M ON M
DPTR FM NORMAL     0    LOWEST  SLP 29.46 ON 24

[REMARKS]




U.S. Dept. of Commerce
NOAA National Weather Service
1325 East West Highway
Silver Spring, MD 20910
E-mail: w-nws.webmaster@noaa.gov
Page last modified: May 16, 2007
NATIONAL WEATHER SERVICE: for Safety, for Work, for Fun - FOR LIFE