262
CXUS51 KLWX 010620
CF6CHO
PRELIMINARY LOCAL CLIMATOLOGICAL DATA (WS FORM: F-6)

                                          STATION:   CHARLOTTESVILLE VA
                                          MONTH:     NOVEMBER
                                          YEAR:      2014
                                          LATITUDE:   38  7 N
                                          LONGITUDE:  78 27 W

  TEMPERATURE IN F:       :PCPN:    SNOW:  WIND      :SUNSHINE: SKY     :PK WND
================================================================================
1   2   3   4   5  6A  6B    7    8   9   10  11  12  13   14  15   16   17  18
                                     12Z  AVG MX 2MIN
DY MAX MIN AVG DEP HDD CDD  WTR  SNW DPTH SPD SPD DIR MIN PSBL S-S WX    SPD DR
================================================================================

 1  50  42  46  -6  19   0    T    M    M  8.8 25 340   M    M   9        45 340
 2  51  38  45  -6  20   0 0.00    M    M 11.0 22 360   M    M   4        35  20
 3  66  38  52   1  13   0 0.00    M    M  6.0 14 200   M    M   0        17 170
 4  73  44  59   8   6   0 0.00    M    M  7.1 16 190   M    M   3        21 200
 5  70  51  61  11   4   0    T    M    M  5.1 14 190   M    M   4        18 200
 6  70  50  60  10   5   0 0.17    M    M  5.8 21 310   M    M   7 12     33 300
 7  58  35  47  -3  18   0 0.00    M    M  5.9 17 320   M    M   3        28 340
 8  52  27  40 -10  25   0 0.00    M    M  6.4 17 200   M    M   0        23 210
 9  60  34  47  -2  18   0 0.00    M    M  1.7 12 180   M    M   0        15 180
10  64  32  48  -1  17   0 0.00    M    M  3.5 14 190   M    M   0 18     17 190
11  70  34  52   4  13   0 0.00    M    M  2.6 13 200   M    M   0 1      16 180
12  70  41  56   8   9   0 0.00    M    M  6.4 17 330   M    M   0        26 310
13  44  37  41  -7  24   0    T    M    M  4.1 10  50   M    M  10 1      13  20
14  41  28  35 -13  30   0 0.00    M    M  6.7 15 340   M    M   2        22 340
15  44  22  33 -14  32   0 0.00    M    M  2.7  9 180   M    M   0        13 200
16  45  32  39  -8  26   0 0.01    M    M  4.2 12 200   M    M  10 1      17 160
17  51  37  44  -3  21   0 0.55    M    M  6.3 15 180   M    M   9 1      22 290
18  37  22  30 -16  35   0 0.00    M    M  8.6 20 290   M    M   0        29 290
19  37  16  27 -19  38   0 0.00    M    M  9.1 16 200   M    M   0        24 190
20  54  28  41  -5  24   0 0.00    M    M  8.8 16 260   M    M   1        28 260
21  40  23  32 -13  33   0 0.00    M    M  4.6 16 330   M    M   0        20 290
22  51  18  35 -10  30   0 0.00    M    M  7.3 16 200   M    M   0        21 180
23  56  33  45   1  20   0 0.83    M    M  5.8 12 200   M    M   5 1      13 190
24  71  49  60  16   5   0 0.17    M    M 11.6 26 190   M    M   4 1      35 200
25  63  46  55  11  10   0 0.00    M    M  2.9 10 190   M    M   0        14 270
26  46  33  40  -3  25   0 1.06    M    M  4.0 18  50   M    M  10 1      24  50
27  46  32  39  -4  26   0 0.00    M    M  3.2 10 310   M    M   7 128    18 350
28  39  28  34  -9  31   0 0.00    M    M  4.4 13 340   M    M   4        20 340
29  42  26  34  -8  31   0 0.00    M    M  2.7 10 190   M    M   3        13 190
30  66  33  50   8  15   0 0.00    M    M  9.7 20 200   M    M   3        30 200
================================================================================
SM 1627 1009       623   0  2.79    M    177.0          M       98
================================================================================
AV 54.2 33.6                               5.9 FASTST   M    M   3    MAX(MPH)
                                 MISC ---->  # 26 190               # 45  340
================================================================================
NOTES:
# LAST OF SEVERAL OCCURRENCES

COLUMN 17 PEAK WIND IN M.P.H.

PRELIMINARY LOCAL CLIMATOLOGICAL DATA (WS FORM: F-6) , PAGE 2

                                          STATION:  CHARLOTTESVILLE VA
                                          MONTH:    NOVEMBER
                                          YEAR:     2014
                                          LATITUDE:   38  7 N
                                          LONGITUDE:  78 27 W

[TEMPERATURE DATA]      [PRECIPITATION DATA]       SYMBOLS USED IN COLUMN 16

AVERAGE MONTHLY: 43.9   TOTAL FOR MONTH:   2.79    1 = FOG OR MIST
DPTR FM NORMAL:  -3.0   DPTR FM NORMAL:   -1.04    2 = FOG REDUCING VISIBILITY
HIGHEST:    73 ON  4    GRTST 24HR  1.06 ON 26-26      TO 1/4 MILE OR LESS
LOWEST:     16 ON 19                               3 = THUNDER
                        SNOW, ICE PELLETS, HAIL    4 = ICE PELLETS
                        TOTAL MONTH:    M          5 = HAIL
                        GRTST 24HR    M  ON   M    6 = FREEZING RAIN OR DRIZZLE
                        GRTST DEPTH:  M  ON   M    7 = DUSTSTORM OR SANDSTORM:
                                                       VSBY 1/2 MILE OR LESS
                                                   8 = SMOKE OR HAZE
[NO. OF DAYS WITH]      [WEATHER - DAYS WITH]      9 = BLOWING SNOW
                                                   X = TORNADO
MAX 32 OR BELOW:   0    0.01 INCH OR MORE:   6
MAX 90 OR ABOVE:   0    0.10 INCH OR MORE:   5
MIN 32 OR BELOW:  13    0.50 INCH OR MORE:   3
MIN  0 OR BELOW:   0    1.00 INCH OR MORE:   1

[HDD (BASE 65) ]
TOTAL THIS MO.   623    CLEAR  (SCALE 0-3)  17
DPTR FM NORMAL    81    PTCLDY (SCALE 4-7)   8
TOTAL FM JUL 1   854    CLOUDY (SCALE 8-10)  5
DPTR FM NORMAL   -37

[CDD (BASE 65) ]
TOTAL THIS MO.     0
DPTR FM NORMAL    -1    [PRESSURE DATA]
TOTAL FM JAN 1  1096    HIGHEST SLP M ON M
DPTR FM NORMAL    61    LOWEST  SLP 29.56 ON 17

[REMARKS]
#FINAL-11-14#




U.S. Dept. of Commerce
NOAA National Weather Service
1325 East West Highway
Silver Spring, MD 20910
E-mail: w-nws.webmaster@noaa.gov
Page last modified: May 16, 2007
NATIONAL WEATHER SERVICE: for Safety, for Work, for Fun - FOR LIFE