846
CXUS54 KMRX 011602
CF6CHA
PRELIMINARY LOCAL CLIMATOLOGICAL DATA (WS FORM: F-6)

                                          STATION:   CHATTANOOGA  ASOS
                                          MONTH:     MARCH
                                          YEAR:      2014
                                          LATITUDE:   35  1 N
                                          LONGITUDE:  85 12 W

  TEMPERATURE IN F:       :PCPN:    SNOW:  WIND      :SUNSHINE: SKY     :PK WND
================================================================================
1   2   3   4   5  6A  6B    7    8   9   10  11  12  13   14  15   16   17  18
                                     12Z  AVG MX 2MIN
DY MAX MIN AVG DEP HDD CDD  WTR  SNW DPTH SPD SPD DIR MIN PSBL S-S WX    SPD DR
================================================================================

 1  56  43  50   2  15   0    T  0.0    0  3.1 21 160   M    M   M        28 180
 2  74  42  58  10   7   0 0.00  0.0    0  6.6 21 220   M    M   M 8      27 220
 3  64  30  47  -2  18   0 0.32  0.0    0 13.1 45 290   M    M   M 1      58 290
 4  43  29  36 -13  29   0 0.00  0.0    0  5.8 16  30   M    M  10        21  30
 5  60  31  46  -3  19   0 0.00  0.0    0  3.3 10 330   M    M   M 1      16  30
 6  55  35  45  -4  20   0 0.02  0.0    0  2.9 17 130   M    M   M        21 130
 7  66  41  54   4  11   0    T  0.0    0  1.6  9  20   M    M   M 1      13 340
 8  70  36  53   3  12   0 0.00  0.0    0  3.7 16 230   M    M   M 1      21 230
 9  69  42  56   6   9   0 0.00  0.0    0  4.8 14 250   M    M   M        17 250
10  74  41  58   8   7   0 0.00  0.0    0  5.2 16 290   M    M   2        23 220
11  78  44  61  10   4   0 0.00  0.0    0  5.3 17 210   M    M   M        26 310
12  70  39  55   4  10   0    T  0.0    0 15.4 33 310   M    M   M        47 290
13  54  32  43  -8  22   0 0.00  0.0    0  8.2 20 320   M    M   M        25 290
14  66  30  48  -4  17   0 0.00  0.0    0  7.1 24 210   M    M   M        33 220
15  69  41  55   3  10   0 0.00  0.0    0  1.7  9  40   M    M   M        12  40
16  57  50  54   2  11   0 1.24  0.0    0  4.1 13 130   M    M  10 18     17 140
17  52  43  48  -4  17   0 0.02  0.0    0  8.0 15  10   M    M  10 1      20  10
18  54  43  49  -4  16   0    T  0.0    0  6.4 18 170   M    M   M 18     26 170
19  57  46  52  -1  13   0    T  0.0    0  6.7 17 180   M    M   M 1      23 180
20  65  41  53   0  12   0 0.00  0.0    0  5.1 15  10   M    M   1 1      19 360
21  68  33  51  -3  14   0 0.00  0.0    0  3.4 14 170   M    M   5        18 170
22  72  42  57   3   8   0 0.00  0.0    0  1.3  8 260   M    M   5        10 290
23  60  43  52  -2  13   0 0.16  0.0    0 11.4 22 330   M    M   5 1      27 320
24  58  35  47  -7  18   0 0.00  0.0    0  5.7 14 340   M    M   M        20 360
25  49  33  41 -14  24   0    T    T    0 12.9 29 350   M    M   6 1      37 320
26  52  26  39 -16  26   0 0.00  0.0    0  5.4 16  10   M    M   0        21  10
27  67  33  50  -5  15   0    T  0.0    0  8.4 20 150   M    M   6        27 160
28  64  51  58   2   7   0 0.22  0.0    0  5.1 15 180   M    M   9 18     20 180
29  62  45  54  -2  11   0 0.40  0.0    0  7.7 26 320   M    M  10 18     36 320
30  65  42  54  -2  11   0 0.00  0.0    0  9.9 22 340   M    M   4        26 350
31  77  34  56   0   9   0 0.00  0.0    0  1.5 12  10   M    M   M 1      16  20
================================================================================
SM 1947 1196       435   0  2.38    T    190.8          M       83
================================================================================
AV 62.8 38.6                               6.2 FASTST   M    M   6    MAX(MPH)
                                 MISC ---->  # 45 290               # 58  290
================================================================================
NOTES:
# LAST OF SEVERAL OCCURRENCES

COLUMN 17 PEAK WIND IN M.P.H.

PRELIMINARY LOCAL CLIMATOLOGICAL DATA (WS FORM: F-6) , PAGE 2

                                          STATION:  CHATTANOOGA  ASOS
                                          MONTH:    MARCH
                                          YEAR:     2014
                                          LATITUDE:   35  1 N
                                          LONGITUDE:  85 12 W

[TEMPERATURE DATA]      [PRECIPITATION DATA]       SYMBOLS USED IN COLUMN 16

AVERAGE MONTHLY: 50.7   TOTAL FOR MONTH:   2.38    1 = FOG OR MIST
DPTR FM NORMAL:  -1.5   DPTR FM NORMAL:   -2.60    2 = FOG REDUCING VISIBILITY
HIGHEST:    78 ON 11    GRTST 24HR  1.24 ON 16-16      TO 1/4 MILE OR LESS
LOWEST:     26 ON 26                               3 = THUNDER
                        SNOW, ICE PELLETS, HAIL    4 = ICE PELLETS
                        TOTAL MONTH:    T          5 = HAIL
                        GRTST 24HR    T  ON 25-25  6 = FREEZING RAIN OR DRIZZLE
                        GRTST DEPTH:   0           7 = DUSTSTORM OR SANDSTORM:
                                                       VSBY 1/2 MILE OR LESS
                                                   8 = SMOKE OR HAZE
[NO. OF DAYS WITH]      [WEATHER - DAYS WITH]      9 = BLOWING SNOW
                                                   X = TORNADO
MAX 32 OR BELOW:   0    0.01 INCH OR MORE:   7
MAX 90 OR ABOVE:   0    0.10 INCH OR MORE:   5
MIN 32 OR BELOW:   6    0.50 INCH OR MORE:   1
MIN  0 OR BELOW:   0    1.00 INCH OR MORE:   1

[HDD (BASE 65) ]
TOTAL THIS MO.   435    CLEAR  (SCALE 0-3)   3
DPTR FM NORMAL    31    PTCLDY (SCALE 4-7)   6
TOTAL FM JUL 1  3229    CLOUDY (SCALE 8-10)  5
DPTR FM NORMAL   203

[CDD (BASE 65) ]
TOTAL THIS MO.     0
DPTR FM NORMAL    -7    [PRESSURE DATA]
TOTAL FM JAN 1     0    HIGHEST SLP 30.40 ON 26
DPTR FM NORMAL    -7    LOWEST  SLP 29.52 ON 12

[REMARKS]
#FINAL-03-14#




U.S. Dept. of Commerce
NOAA National Weather Service
1325 East West Highway
Silver Spring, MD 20910
E-mail: w-nws.webmaster@noaa.gov
Page last modified: May 16, 2007
NATIONAL WEATHER SERVICE: for Safety, for Work, for Fun - FOR LIFE