688
CXUS54 KMRX 011740
CF6CHA
PRELIMINARY LOCAL CLIMATOLOGICAL DATA (WS FORM: F-6)

                                          STATION:   CHATTANOOGA  ASOS
                                          MONTH:     JUNE
                                          YEAR:      2014
                                          LATITUDE:   35  1 N
                                          LONGITUDE:  85 12 W

  TEMPERATURE IN F:       :PCPN:    SNOW:  WIND      :SUNSHINE: SKY     :PK WND
================================================================================
1   2   3   4   5  6A  6B    7    8   9   10  11  12  13   14  15   16   17  18
                                     12Z  AVG MX 2MIN
DY MAX MIN AVG DEP HDD CDD  WTR  SNW DPTH SPD SPD DIR MIN PSBL S-S WX    SPD DR
================================================================================

 1  83  71  77   4   0  12 0.01  0.0    0  7.2 16 150   M    M   M        24 140
 2  83  68  76   3   0  11 0.00  0.0    0  6.0 15 190   M    M   M        20 180
 3  87  65  76   2   0  11 0.00  0.0    0  2.2 13 360   M    M   M        15  10
 4  90  68  79   5   0  14 0.00  0.0    0  6.3 17 260   M    M   M 1      23 270
 5  87  70  79   5   0  14 0.32  0.0    0  8.8 25 230   M    M   M 13     34 280
 6  85  66  76   2   0  11 0.01  0.0    0  2.5 10 230   M    M   M 1      13 270
 7  90  68  79   4   0  14 0.11  0.0    0  3.8 12 210   M    M   M 13     14 250
 8  85  66  76   1   0  11 0.13  0.0    0  6.7 16 260   M    M   M 13     24 300
 9  84  65  75   0   0  10 0.34  0.0    0  4.7 23 270   M    M   M 138    30 270
10  84  66  75   0   0  10 1.32  0.0    0  4.2 32 230   M    M   M 138    41 210
11  80  67  74  -2   0   9 0.01  0.0    0  5.6 14 170   M    M   M 1      20 170
12  85  66  76   0   0  11 0.38  0.0    0  2.8 36  10   M    M   M 13     42 360
13  82  67  75  -1   0  10 0.10  0.0    0  2.4 30 210   M    M   M 13     35 220
14  86  64  75  -1   0  10 0.00  0.0    0  5.4 15  20   M    M   M 1      19  20
15  91  66  79   2   0  14 0.00  0.0    0  3.4 13 260   M    M   M        16 250
16  92  70  81   4   0  16 0.00  0.0    0  2.3 12 210   M    M   M        16 190
17  94  69  82   5   0  17 0.00  0.0    0  2.5 13 210   M    M   M 18     17 210
18  92  72  82   5   0  17    T  0.0    0  3.4 20 190   M    M   M 13     24 200
19  91  71  81   4   0  16    T  0.0    0  2.5 15 340   M    M   M 138    21 340
20  93  70  82   4   0  17 0.53  0.0    0  1.4 17  20   M    M   M 13     31 120
21  93  70  82   4   0  17 0.16  0.0    0  4.3 22  70   M    M   M 13     27  50
22  91  68  80   2   0  15 0.00  0.0    0  2.1 13  30   M    M   M 1      14  40
23  91  70  81   3   0  16 0.18  0.0    0  3.3 20  30   M    M   M 1238   24  50
24  86  71  79   1   0  14 0.20  0.0    0  5.1 32 210   M    M   M 138    42 210
25  90  72  81   3   0  16 0.07  0.0    0  6.9 15 290   M    M   M 1      20 260
26  86  70  78  -1   0  13 0.00  0.0    0  2.2 10 200   M    M   M        13 200
27  89  73  81   2   0  16 0.00  0.0    0  3.2 21 250   M    M   M 3      28 250
28  87  70  79   0   0  14 0.28  0.0    0  4.2 17 220   M    M   M 1      22 220
29  85  70  78  -1   0  13 0.23  0.0    0  3.3 29 210   M    M   M 138    34 210
30  85  69  77  -2   0  12 0.61  0.0    0  3.7 10  50   M    M   7 13     13  40
================================================================================
SM 2627 2058         0 401  4.99     0.0 122.4          M        7
================================================================================
AV 87.6 68.6                               4.1 FASTST   M    M   7    MAX(MPH)
                                 MISC ---->  # 36  10               # 42  360
================================================================================
NOTES:
# LAST OF SEVERAL OCCURRENCES

COLUMN 17 PEAK WIND IN M.P.H.

PRELIMINARY LOCAL CLIMATOLOGICAL DATA (WS FORM: F-6) , PAGE 2

                                          STATION:  CHATTANOOGA  ASOS
                                          MONTH:    JUNE
                                          YEAR:     2014
                                          LATITUDE:   35  1 N
                                          LONGITUDE:  85 12 W

[TEMPERATURE DATA]      [PRECIPITATION DATA]       SYMBOLS USED IN COLUMN 16

AVERAGE MONTHLY: 78.1   TOTAL FOR MONTH:   4.99    1 = FOG OR MIST
DPTR FM NORMAL:   1.6   DPTR FM NORMAL:    0.94    2 = FOG REDUCING VISIBILITY
HIGHEST:    94 ON 17    GRTST 24HR  1.32 ON 10-10      TO 1/4 MILE OR LESS
LOWEST:     64 ON 14                               3 = THUNDER
                        SNOW, ICE PELLETS, HAIL    4 = ICE PELLETS
                        TOTAL MONTH:   0.0 INCH    5 = HAIL
                        GRTST 24HR     0.0         6 = FREEZING RAIN OR DRIZZLE
                        GRTST DEPTH:   0           7 = DUSTSTORM OR SANDSTORM:
                                                       VSBY 1/2 MILE OR LESS
                                                   8 = SMOKE OR HAZE
[NO. OF DAYS WITH]      [WEATHER - DAYS WITH]      9 = BLOWING SNOW
                                                   X = TORNADO
MAX 32 OR BELOW:   0    0.01 INCH OR MORE:  18
MAX 90 OR ABOVE:  12    0.10 INCH OR MORE:  14
MIN 32 OR BELOW:   0    0.50 INCH OR MORE:   3
MIN  0 OR BELOW:   0    1.00 INCH OR MORE:   1

[HDD (BASE 65) ]
TOTAL THIS MO.     0    CLEAR  (SCALE 0-3)   0
DPTR FM NORMAL    -2    PTCLDY (SCALE 4-7)   1
TOTAL FM JUL 1  3396    CLOUDY (SCALE 8-10)  0
DPTR FM NORMAL   156

[CDD (BASE 65) ]
TOTAL THIS MO.   401
DPTR FM NORMAL    56    [PRESSURE DATA]
TOTAL FM JAN 1   659    HIGHEST SLP 30.23 ON  2
DPTR FM NORMAL   118    LOWEST  SLP 29.75 ON  5

[REMARKS]
#FINAL-06-14#




U.S. Dept. of Commerce
NOAA National Weather Service
1325 East West Highway
Silver Spring, MD 20910
E-mail: w-nws.webmaster@noaa.gov
Page last modified: May 16, 2007
NATIONAL WEATHER SERVICE: for Safety, for Work, for Fun - FOR LIFE