457
CXUS54 KMRX 261000
CF6CHA
PRELIMINARY LOCAL CLIMATOLOGICAL DATA (WS FORM: F-6)

                                          STATION:   CHATTANOOGA  ASOS
                                          MONTH:     JANUARY
                                          YEAR:      2015
                                          LATITUDE:   35  1 N
                                          LONGITUDE:  85 12 W

  TEMPERATURE IN F:       :PCPN:    SNOW:  WIND      :SUNSHINE: SKY     :PK WND
================================================================================
1   2   3   4   5  6A  6B    7    8   9   10  11  12  13   14  15   16   17  18
                                     12Z  AVG MX 2MIN
DY MAX MIN AVG DEP HDD CDD  WTR  SNW DPTH SPD SPD DIR MIN PSBL S-S WX    SPD DR
================================================================================

 1  45  28  37  -3  28   0 0.01  0.0    0  0.3  5 200   M    M   7         6 140
 2  45  42  44   4  21   0 0.29  0.0    0  1.6  8  10   M    M  10 18     10  10
 3  57  44  51  11  14   0 1.01  0.0    0  3.1 21 270   M    M   9 13     26 270
 4  62  42  52  12  13   0 0.75  0.0    0  9.8 23 280   M    M   8 1      32 260
 5  42  30  36  -4  29   0 0.00  0.0    0  7.6 20 340   M    M   6        23 340
 6  50  26  38  -2  27   0 0.00  0.0    0  5.7 14 260   M    M   4        18 270
 7  35  12  24 -16  41   0 0.00  0.0    0 14.3 31 330   M    M   4        37 330
 8  31   9  20 -20  45   0 0.00  0.0    0  7.6 18 340   M    M   3        24 330
 9  41  23  32  -8  33   0 0.00  0.0    0  7.1 15 360   M    M   3        19 360
10  39  19  29 -11  36   0 0.00  0.0    0  5.9 17 340   M    M   2        20 340
11  40  23  32  -8  33   0    T  0.0    0  2.2  7  10   M    M   8         9 340
12  47  37  42   2  23   0 0.44    M    M  2.5 14 320   M    M  10 12     16 320
13  45  38  42   2  23   0 0.01  0.0    0  9.4 18  20   M    M  10 18     21  10
14  47  31  39  -1  26   0    T  0.0    0  3.3  9 270   M    M   8 18     12 270
15  37  29  33  -7  32   0 0.08  0.7    0  0.3  6 350   M    M   M 124     7 350
16  51  28  40   0  25   0 0.00  0.0    0  0.4  6  10   M    M   5 12      8  10
17  58  26  42   2  23   0 0.00  0.0    0  4.1 20 200   M    M   M 1      25 190
18  59  33  46   6  19   0 0.00  0.0    0  6.5 18 270   M    M   M        24 290
19  66  29  48   8  17   0 0.00  0.0    0  3.3 18 210   M    M   5        22 240
20  67  36  52  12  13   0 0.00  0.0    0  5.4 15 210   M    M   5        24 220
21  62  34  48   8  17   0 0.00  0.0    0  3.5 14 320   M    M   4        19 320
22  50  31  41   1  24   0 0.00  0.0    0  3.7 10  30   M    M   7        12  40
23  44  39  42   1  23   0 0.83  0.0    0  6.8 15  10   M    M  10 1      19 360
24  48  33  41   0  24   0 0.06  0.0    0  7.7 16 310   M    M   5 1      21 280
25  57  28  43   2  22   0 0.01  0.0    0  5.3 20 210   M    M   5        26 150
================================================================================
SM 1225  750       631   0  3.49     0.7 127.4          M      138
================================================================================
AV 49.0 30.0                               5.1 FASTST   M    M   6    MAX(MPH)
                                 MISC ---->  # 31 330               # 37  330
================================================================================
NOTES:
# LAST OF SEVERAL OCCURRENCES

COLUMN 17 PEAK WIND IN M.P.H.

PRELIMINARY LOCAL CLIMATOLOGICAL DATA (WS FORM: F-6) , PAGE 2

                                          STATION:  CHATTANOOGA  ASOS
                                          MONTH:    JANUARY
                                          YEAR:     2015
                                          LATITUDE:   35  1 N
                                          LONGITUDE:  85 12 W

[TEMPERATURE DATA]      [PRECIPITATION DATA]       SYMBOLS USED IN COLUMN 16

AVERAGE MONTHLY: 39.5   TOTAL FOR MONTH:   3.49    1 = FOG OR MIST
DPTR FM NORMAL:  -0.6   DPTR FM NORMAL:   -0.48    2 = FOG REDUCING VISIBILITY
HIGHEST:    67 ON 20    GRTST 24HR  1.75 ON  3- 4      TO 1/4 MILE OR LESS
LOWEST:      9 ON  8                               3 = THUNDER
                        SNOW, ICE PELLETS, HAIL    4 = ICE PELLETS
                        TOTAL MONTH:   0.7 INCH    5 = HAIL
                        GRTST 24HR   0.7 ON   M    6 = FREEZING RAIN OR DRIZZLE
                        GRTST DEPTH:   0           7 = DUSTSTORM OR SANDSTORM:
                                                       VSBY 1/2 MILE OR LESS
                                                   8 = SMOKE OR HAZE
[NO. OF DAYS WITH]      [WEATHER - DAYS WITH]      9 = BLOWING SNOW
                                                   X = TORNADO
MAX 32 OR BELOW:   1    0.01 INCH OR MORE:  10
MAX 90 OR ABOVE:   0    0.10 INCH OR MORE:   5
MIN 32 OR BELOW:  15    0.50 INCH OR MORE:   3
MIN  0 OR BELOW:   0    1.00 INCH OR MORE:   1

[HDD (BASE 65) ]
TOTAL THIS MO.   631    CLEAR  (SCALE 0-3)   3
DPTR FM NORMAL    10    PTCLDY (SCALE 4-7)  13
TOTAL FM JUL 1  1893    CLOUDY (SCALE 8-10)  6
DPTR FM NORMAL   -12

[CDD (BASE 65) ]
TOTAL THIS MO.     0
DPTR FM NORMAL     0    [PRESSURE DATA]
TOTAL FM JAN 1     0    HIGHEST SLP M ON M
DPTR FM NORMAL     0    LOWEST  SLP 29.69 ON 25

[REMARKS]




U.S. Dept. of Commerce
NOAA National Weather Service
1325 East West Highway
Silver Spring, MD 20910
E-mail: w-nws.webmaster@noaa.gov
Page last modified: May 16, 2007
NATIONAL WEATHER SERVICE: for Safety, for Work, for Fun - FOR LIFE