423
CXUS54 KMRX 011000
CF6CHA
PRELIMINARY LOCAL CLIMATOLOGICAL DATA (WS FORM: F-6)

                                          STATION:   CHATTANOOGA  ASOS
                                          MONTH:     SEPTEMBER
                                          YEAR:      2014
                                          LATITUDE:   35  1 N
                                          LONGITUDE:  85 12 W

  TEMPERATURE IN F:       :PCPN:    SNOW:  WIND      :SUNSHINE: SKY     :PK WND
================================================================================
1   2   3   4   5  6A  6B    7    8   9   10  11  12  13   14  15   16   17  18
                                     12Z  AVG MX 2MIN
DY MAX MIN AVG DEP HDD CDD  WTR  SNW DPTH SPD SPD DIR MIN PSBL S-S WX    SPD DR
================================================================================

 1  92  72  82   5   0  17    T  0.0    0  3.6 14 260   M    M   M 13     20 210
 2  93  72  83   6   0  18 0.58  0.0    0  5.4 17  20   M    M   M 13     22 230
 3  87  71  79   2   0  14 0.37  0.0    0  3.2 12  70   M    M   M 13     14  30
 4  88  73  81   5   0  16 0.00  0.0    0  2.7  9 200   M    M   M        17 160
 5  86  72  79   3   0  14    T  0.0    0  1.4 17 100   M    M   M 3      22 100
 6  91  73  82   6   0  17 0.00  0.0    0  3.8 13 350   M    M   M 18     15 350
 7  88  71  80   4   0  15 0.03  0.0    0  6.9 16  30   M    M   M 3      20  10
 8  89  70  80   5   0  15 0.00  0.0    0  4.0 12 190   M    M   M        15 190
 9  86  72  79   4   0  14    T  0.0    0  4.1 10 160   M    M   M        15 160
10  87  74  81   6   0  16 0.00  0.0    0  6.7 15 180   M    M   M        19 180
11  91  74  83   9   0  18 0.47  0.0    0  5.3 18 220   M    M   M 1      22 230
12  86  73  80   6   0  15 0.08  0.0    0  3.6 15 330   M    M   M 138    17 350
13  80  66  73  -1   0   8 0.00  0.0    0  9.8 17  10   M    M   M        21  20
14  83  65  74   1   0   9 0.00  0.0    0  4.5 15  10   M    M   M        19  10
15  79  67  73   0   0   8 0.78  0.0    0  3.5 13  10   M    M   M 138    15 360
16  86  70  78   6   0  13    T  0.0    0  4.2 14  10   M    M   M 123    17  40
17  79  64  72   0   0   7 0.00  0.0    0  4.4 12  10   M    M   M        14  10
18  83  60  72   0   0   7 0.00  0.0    0  3.0 10  30   M    M   M        14 330
19  86  63  75   4   0  10 0.00  0.0    0  4.1 12  20   M    M   M        15 140
20  85  63  74   3   0   9 0.00  0.0    0  1.6 10 190   M    M   M        14 180
21  87  63  75   4   0  10 0.04  0.0    0  5.6 17 260   M    M   M 138    24 260
22  77  60  69  -1   0   4 0.00  0.0    0  9.9 20  20   M    M   M        25  30
23  80  58  69  -1   0   4 0.00  0.0    0  6.4 15  30   M    M   M        20  30
24  81  55  68  -1   0   3 0.00  0.0    0  2.3 13  30   M    M   M        16 360
25  84  57  71   2   0   6 0.00  0.0    0  4.3 17  20   M    M   M        22  10
26  84  65  75   6   0  10 0.00  0.0    0  3.2 12  20   M    M   M        14  20
27  78  64  71   3   0   6 0.00  0.0    0  1.0  9 150   M    M   M        12 170
28  77  62  70   2   0   5 0.07  0.0    0  1.7 10 100   M    M   M 1      12 100
29  83  65  74   6   0   9 0.06  0.0    0  1.0  8 120   M    M   M 1      11 140
30  85  61  73   6   0   8 0.00  0.0    0  1.3  8 360   M    M   5 128    11  30
================================================================================
SM 2541 1995         0 325  2.48     0.0 122.5          M        5
================================================================================
AV 84.7 66.5                               4.1 FASTST   M    M   5    MAX(MPH)
                                 MISC ---->  # 20  20               # 25   30
================================================================================
NOTES:
# LAST OF SEVERAL OCCURRENCES

COLUMN 17 PEAK WIND IN M.P.H.

PRELIMINARY LOCAL CLIMATOLOGICAL DATA (WS FORM: F-6) , PAGE 2

                                          STATION:  CHATTANOOGA  ASOS
                                          MONTH:    SEPTEMBER
                                          YEAR:     2014
                                          LATITUDE:   35  1 N
                                          LONGITUDE:  85 12 W

[TEMPERATURE DATA]      [PRECIPITATION DATA]       SYMBOLS USED IN COLUMN 16

AVERAGE MONTHLY: 75.6   TOTAL FOR MONTH:   2.48    1 = FOG OR MIST
DPTR FM NORMAL:   3.1   DPTR FM NORMAL:   -1.56    2 = FOG REDUCING VISIBILITY
HIGHEST:    93 ON  2    GRTST 24HR  0.95 ON  2- 3      TO 1/4 MILE OR LESS
LOWEST:     55 ON 24                               3 = THUNDER
                        SNOW, ICE PELLETS, HAIL    4 = ICE PELLETS
                        TOTAL MONTH:   0.0 INCH    5 = HAIL
                        GRTST 24HR     0.0         6 = FREEZING RAIN OR DRIZZLE
                        GRTST DEPTH:   0           7 = DUSTSTORM OR SANDSTORM:
                                                       VSBY 1/2 MILE OR LESS
                                                   8 = SMOKE OR HAZE
[NO. OF DAYS WITH]      [WEATHER - DAYS WITH]      9 = BLOWING SNOW
                                                   X = TORNADO
MAX 32 OR BELOW:   0    0.01 INCH OR MORE:   9
MAX 90 OR ABOVE:   4    0.10 INCH OR MORE:   4
MIN 32 OR BELOW:   0    0.50 INCH OR MORE:   2
MIN  0 OR BELOW:   0    1.00 INCH OR MORE:   0

[HDD (BASE 65) ]
TOTAL THIS MO.     0    CLEAR  (SCALE 0-3)   0
DPTR FM NORMAL   -15    PTCLDY (SCALE 4-7)   1
TOTAL FM JUL 1     0    CLOUDY (SCALE 8-10)  0
DPTR FM NORMAL   -15

[CDD (BASE 65) ]
TOTAL THIS MO.   325
DPTR FM NORMAL    86    [PRESSURE DATA]
TOTAL FM JAN 1  1826    HIGHEST SLP 30.32 ON 24
DPTR FM NORMAL   137    LOWEST  SLP 29.87 ON 30

[REMARKS]
#FINAL-09-14#




U.S. Dept. of Commerce
NOAA National Weather Service
1325 East West Highway
Silver Spring, MD 20910
E-mail: w-nws.webmaster@noaa.gov
Page last modified: May 16, 2007
NATIONAL WEATHER SERVICE: for Safety, for Work, for Fun - FOR LIFE