649
CXUS54 KMRX 301000
CF6CHA
PRELIMINARY LOCAL CLIMATOLOGICAL DATA (WS FORM: F-6)

                                          STATION:   CHATTANOOGA  ASOS
                                          MONTH:     JULY
                                          YEAR:      2014
                                          LATITUDE:   35  1 N
                                          LONGITUDE:  85 12 W

  TEMPERATURE IN F:       :PCPN:    SNOW:  WIND      :SUNSHINE: SKY     :PK WND
================================================================================
1   2   3   4   5  6A  6B    7    8   9   10  11  12  13   14  15   16   17  18
                                     12Z  AVG MX 2MIN
DY MAX MIN AVG DEP HDD CDD  WTR  SNW DPTH SPD SPD DIR MIN PSBL S-S WX    SPD DR
================================================================================

 1  92  71  82   3   0  17 0.00  0.0    0  4.1 15 210   M    M   M 18     19 200
 2  94  72  83   4   0  18 0.00  0.0    0  4.3 13 290   M    M   M 1      16 310
 3  85  70  78  -1   0  13 0.00  0.0    0 10.1 18 360   M    M   4        22 330
 4  83  65  74  -6   0   9 0.00  0.0    0 11.9 22  10   M    M   4        28  10
 5  86  66  76  -4   0  11 0.00  0.0    0  4.1 12  30   M    M   3        15  40
 6  89  63  76  -4   0  11 0.00  0.0    0  2.3 10 140   M    M   4 1      16 120
 7  91  68  80   0   0  15 0.00  0.0    0  5.6 18 220   M    M   M 18     23 250
 8  91  71  81   1   0  16 0.39  0.0    0  7.0 32 270   M    M   6 13     49 280
 9  87  73  80   0   0  15 0.09  0.0    0  4.5 24 260   M    M   M 138    30 260
10  89  71  80   0   0  15 0.00  0.0    0  2.2 16  20   M    M   M 18     20  10
11  91  69  80   0   0  15 0.00  0.0    0  3.0 12  10   M    M   M        16  20
12  92  70  81   1   0  16 0.00  0.0    0  2.8 12 200   M    M   M        14 210
13  93  72  83   3   0  18 0.00  0.0    0  3.1 17 270   M    M   6 18     23 270
14  94  73  84   4   0  19 0.03  0.0    0  6.3 17 330   M    M   M 13     24 210
15  85  70  78  -2   0  13 0.01  0.0    0  6.3 17 340   M    M   M        22 270
16  83  61  72  -8   0   7 0.00  0.0    0  7.8 16  20   M    M   M        23 310
17  83  59  71  -9   0   6 0.00  0.0    0  3.6 14  30   M    M   7        18  20
18  72  64  68 -12   0   3 0.73  0.0    0  4.6 10  10   M    M   M 1      13  10
19  78  65  72  -8   0   7 0.70  0.0    0  5.4 13 360   M    M   M 18     16  20
20  83  71  77  -3   0  12 0.00  0.0    0  3.9 10 160   M    M   M 1      14 170
21  84  73  79  -1   0  14 0.05  0.0    0  4.8 15  40   M    M   M 18     19  50
22  90  71  81   1   0  16    T  0.0    0  1.5 18  50   M    M   M 3      24  40
23  90  71  81   1   0  16 0.00  0.0    0  2.5 13 350   M    M   5 13     15 340
24  89  72  81   1   0  16    T  0.0    0  4.8 15 350   M    M   M        19 350
25  89  65  77  -3   0  12 0.00  0.0    0  3.8 13 330   M    M   M        17 310
26  92  66  79  -1   0  14 0.00  0.0    0  3.5 12 230   M    M   M 1      16 260
27  94  72  83   3   0  18 0.00  0.0    0  7.6 23 230   M    M   M        30 210
28  86  70  78  -2   0  13 0.57  0.0    0  7.9 26 340   M    M   5 13     32 330
29  89  63  76  -4   0  11 0.00  0.0    0  7.9 21 340   M    M   M        24 340
================================================================================
SM 2544 1987         0 386  2.57     0.0 147.2          M       44
================================================================================
AV 87.7 68.5                               5.1 FASTST   M    M   5    MAX(MPH)
                                 MISC ---->  # 32 270               # 49  280
================================================================================
NOTES:
# LAST OF SEVERAL OCCURRENCES

COLUMN 17 PEAK WIND IN M.P.H.

PRELIMINARY LOCAL CLIMATOLOGICAL DATA (WS FORM: F-6) , PAGE 2

                                          STATION:  CHATTANOOGA  ASOS
                                          MONTH:    JULY
                                          YEAR:     2014
                                          LATITUDE:   35  1 N
                                          LONGITUDE:  85 12 W

[TEMPERATURE DATA]      [PRECIPITATION DATA]       SYMBOLS USED IN COLUMN 16

AVERAGE MONTHLY: 78.1   TOTAL FOR MONTH:   2.57    1 = FOG OR MIST
DPTR FM NORMAL:  -1.8   DPTR FM NORMAL:   -2.05    2 = FOG REDUCING VISIBILITY
HIGHEST:    94 ON 27,14 GRTST 24HR  1.37 ON 18-19      TO 1/4 MILE OR LESS
LOWEST:     59 ON 17                               3 = THUNDER
                        SNOW, ICE PELLETS, HAIL    4 = ICE PELLETS
                        TOTAL MONTH:   0.0 INCH    5 = HAIL
                        GRTST 24HR     0.0         6 = FREEZING RAIN OR DRIZZLE
                        GRTST DEPTH:   0           7 = DUSTSTORM OR SANDSTORM:
                                                       VSBY 1/2 MILE OR LESS
                                                   8 = SMOKE OR HAZE
[NO. OF DAYS WITH]      [WEATHER - DAYS WITH]      9 = BLOWING SNOW
                                                   X = TORNADO
MAX 32 OR BELOW:   0    0.01 INCH OR MORE:   8
MAX 90 OR ABOVE:  12    0.10 INCH OR MORE:   4
MIN 32 OR BELOW:   0    0.50 INCH OR MORE:   3
MIN  0 OR BELOW:   0    1.00 INCH OR MORE:   0

[HDD (BASE 65) ]
TOTAL THIS MO.     0    CLEAR  (SCALE 0-3)   1
DPTR FM NORMAL     0    PTCLDY (SCALE 4-7)   8
TOTAL FM JUL 1     0    CLOUDY (SCALE 8-10)  0
DPTR FM NORMAL     0

[CDD (BASE 65) ]
TOTAL THIS MO.   386
DPTR FM NORMAL   -45    [PRESSURE DATA]
TOTAL FM JAN 1  1045    HIGHEST SLP M ON M
DPTR FM NORMAL    73    LOWEST  SLP 29.82 ON 15

[REMARKS]




U.S. Dept. of Commerce
NOAA National Weather Service
1325 East West Highway
Silver Spring, MD 20910
E-mail: w-nws.webmaster@noaa.gov
Page last modified: May 16, 2007
NATIONAL WEATHER SERVICE: for Safety, for Work, for Fun - FOR LIFE