000
CXUS55 KPSR 191540
CF6CGZ
PRELIMINARY LOCAL CLIMATOLOGICAL DATA (WS FORM: F-6)

                                          STATION:   CASA GRANDE AZ
                                          MONTH:     APRIL
                                          YEAR:      2011
                                          LATITUDE:   32 54 N
                                          LONGITUDE: 111 42 W

  TEMPERATURE IN F:       :PCPN:    SNOW:  WIND      :SUNSHINE: SKY     :PK WND
================================================================================
1   2   3   4   5  6A  6B    7    8   9   10  11  12  13   14  15   16   17  18
                                     12Z  AVG MX 2MIN
DY MAX MIN AVG DEP HDD CDD  WTR  SNW DPTH SPD SPD DIR MIN PSBL S-S WX    SPD DR
================================================================================

 1  93  57  75   M   0  10 0.00  0.0    M  3.3  7  50   M    M   0         M  M
 2  93  63  78   M   0  13 0.00  0.0    M  7.3 17 220   M    M   0        22 220
 3  84  64  74   M   0   9 0.00  0.0    M 13.4 21 280   M    M   0        25 260
 4  79  61  70   M   0   5 0.00  0.0    0  6.2 14 330   M    M   0        20 330
 5  88  48  68   M   0   3 0.00  0.0    M  5.9 16 280   M    M   0        16 290
 6  79  61  70   M   0   5 0.00  0.0    M  5.9 18 210   M    M   1        28 210
 7  81  66  74   M   0   9 0.00  0.0    M 14.8 20 230   M    M   0        27 180
 8  72  54  63   M   2   0 0.00  0.0    M 14.5 23 210   M    M   1        32 210
 9  57  41  49   M  16   0 0.19    M    0  8.3 18 270   M    M   8        24 270
10  64  37  51   M  14   0 0.00  0.0    0  2.9 12 310   M    M   1         M  M
11  81  43  62   M   3   0 0.00  0.0    0  4.5 10  90   M    M   0        18  90
12  82  54  68   M   0   3 0.00  0.0    0  4.5 10 290   M    M   0        18 270
13  84  52  68   M   0   3 0.00  0.0    0  5.4 16 260   M    M   0        24 270
14  79  55  67   M   0   2 0.00  0.0    0 10.0 16 310   M    M   0        24 290
15  84  48  66   M   0   1 0.00  0.0    0  3.5 10 350   M    M   0         M  M
16  91  52  72   M   0   7 0.00  0.0    0  2.1 10 320   M    M   0        16 320
17  95  59  77   M   0  12 0.00  0.0    0  5.6 15 270   M    M   0        18 310
18  93  61  77   M   0  12 0.00  0.0    0  9.4 17 250   M    M   0        24 230
================================================================================
SM 1479  976        35  94  0.19     0.0 127.5          M       11
================================================================================
AV 82.2 54.2                               7.1 FASTST   M    M   1    MAX(MPH)
                                 MISC ---->  # 23 210                 32    M
================================================================================
NOTES:
# LAST OF SEVERAL OCCURRENCES

COLUMN 17 PEAK WIND IN M.P.H.

PRELIMINARY LOCAL CLIMATOLOGICAL DATA (WS FORM: F-6) , PAGE 2

                                          STATION:  CASA GRANDE AZ
                                          MONTH:    APRIL
                                          YEAR:     2011
                                          LATITUDE:   32 54 N
                                          LONGITUDE: 111 42 W

[TEMPERATURE DATA]      [PRECIPITATION DATA]       SYMBOLS USED IN COLUMN 16

AVERAGE MONTHLY: 68.2   TOTAL FOR MONTH:   0.19    1 = FOG OR MIST
DPTR FM NORMAL:     M   DPTR FM NORMAL:       M    2 = FOG REDUCING VISIBILITY
HIGHEST:    95 ON 17    GRTST 24HR  0.19 ON  9- 9      TO 1/4 MILE OR LESS
LOWEST:     37 ON 10                               3 = THUNDER
                        SNOW, ICE PELLETS, HAIL    4 = ICE PELLETS
                        TOTAL MONTH:   0.0 INCH    5 = HAIL
                        GRTST 24HR     0.0         6 = FREEZING RAIN OR DRIZZLE
                        GRTST DEPTH:   0           7 = DUSTSTORM OR SANDSTORM:
                                                       VSBY 1/2 MILE OR LESS
                                                   8 = SMOKE OR HAZE
[NO. OF DAYS WITH]      [WEATHER - DAYS WITH]      9 = BLOWING SNOW
                                                   X = TORNADO
MAX 32 OR BELOW:   0    0.01 INCH OR MORE:   1
MAX 90 OR ABOVE:   5    0.10 INCH OR MORE:   1
MIN 32 OR BELOW:   0    0.50 INCH OR MORE:   0
MIN  0 OR BELOW:   0    1.00 INCH OR MORE:   0

[HDD (BASE 65) ]
TOTAL THIS MO.    35    CLEAR  (SCALE 0-3)  17
DPTR FM NORMAL     M    PTCLDY (SCALE 4-7)   1
TOTAL FM JUL 1  1482    CLOUDY (SCALE 8-10)  0
DPTR FM NORMAL     M

[CDD (BASE 65) ]
TOTAL THIS MO.    94
DPTR FM NORMAL     M    [PRESSURE DATA]
TOTAL FM JAN 1   132    HIGHEST SLP M ON M
DPTR FM NORMAL     M    LOWEST  SLP M ON M

[REMARKS]




U.S. Dept. of Commerce
NOAA National Weather Service
1325 East West Highway
Silver Spring, MD 20910
E-mail: w-nws.webmaster@noaa.gov
Page last modified: May 16, 2007
NATIONAL WEATHER SERVICE: for Safety, for Work, for Fun - FOR LIFE