087
CXUS55 KPAH 012302
CF6CGI
PRELIMINARY LOCAL CLIMATOLOGICAL DATA (WS FORM: F-6)

                                          STATION:   CAPE GIRARDEAU MO
                                          MONTH:     NOVEMBER
                                          YEAR:      2014
                                          LATITUDE:   37 13 N
                                          LONGITUDE:  89 35 W

  TEMPERATURE IN F:       :PCPN:    SNOW:  WIND      :SUNSHINE: SKY     :PK WND
================================================================================
1   2   3   4   5  6A  6B    7    8   9   10  11  12  13   14  15   16   17  18
                                     12Z  AVG MX 2MIN
DY MAX MIN AVG DEP HDD CDD  WTR  SNW DPTH SPD SPD DIR MIN PSBL S-S WX    SPD DR
================================================================================

 1  51  27  39 -14  26   0 0.00  0.0    0  8.0 21  10   M    M   0        27  20
 2  52  24  38 -14  27   0 0.00  0.0    0  5.0 12 170   M    M   4 1      16 160
 3  67  40  54   2  11   0 0.00  0.0    0 10.7 21 200   M    M   0        28 200
 4  56  50  53   1  12   0 0.71  0.0    0  5.7 14 190   M    M   8 1      17 200
 5  53  43  48  -3  17   0 0.00  0.0    0  3.8 13 250   M    M   5 12     17 250
 6  56  31  44  -7  21   0 0.00  0.0    0  9.9 25 300   M    M   1        34 300
 7  51  28  40 -10  25   0 0.00  0.0    0  4.6 12 210   M    M   0 1      17 220
 8  56  31  44  -6  21   0 0.00  0.0    0  6.9 21 360   M    M   2 1      28 340
 9  57  27  42  -8  23   0 0.00  0.0    0  6.4 16 180   M    M   1 12     23 210
10  68  39  54   5  11   0 0.00  0.0    0 11.5 30 190   M    M   0        39 190
11  59  34  47  -2  18   0 0.04  0.0    0 14.6 25 340   M    M   8 1      33 330
12  36  29  33 -15  32   0 0.00  0.0    0 11.2 18  20   M    M   8        23  20
13  35  20  28 -20  37   0 0.00  0.0    0 10.6 20 360   M    M   3        25 330
14  36  17  27 -21  38   0 0.00  0.0    0  3.5 12 350   M    M   0        15  40
15  39  20  30 -17  35   0    T    M    M  2.3 12 150   M    M   4        15 150
16  39  32  36 -11  29   0 0.26    M    M  3.2 12 350   M    M  10 18     13 340
17  32  14  23 -23  42   0 0.03    M    M 12.7 22 300   M    M   6 1      29 310
18  29   8  19 -27  46   0 0.00    M    M  8.0 14 260   M    M   0        18 180
19  48  26  37  -8  28   0 0.00  0.0    M 11.2 21 220   M    M   1        26 240
20  42  20  31 -14  34   0 0.00  0.0    0  2.8  9 230   M    M   0        13 340
21  45  26  36  -8  29   0    T    M    0  6.5 16  90   M    M   8        20  90
22  64  44  54  10  11   0 0.02    M    0 10.2 25 200   M    M   9 1      34 200
23  59  46  53   9  12   0 0.82    M    0 11.0 22 210   M    M   8 1      27 220
24  60  36  48   5  17   0 0.22  0.0    0 14.8 33 280   M    M   5 1      43 210
25  44  26  35  -8  30   0 0.00  0.0    0  4.7 15 310   M    M   0        20 310
26  41  23  32 -10  33   0 0.12  0.0    0  6.8 20 310   M    M   6 1      24 300
27  38  27  33  -9  32   0 0.00  0.0    0  8.8 21 330   M    M   6        29 320
28  48  27  38  -3  27   0 0.00  0.0    0 11.3 24 200   M    M   0 1      30 210
29  60  41  51  10  14   0 0.00  0.0    0 15.5 25 200   M    M   5        35 200
30  70  42  56  15   9   0 0.04  0.0    0 16.1 22 350   M    M   7 1      31 190
================================================================================
SM 1491  898       747   0  2.26     0.0 258.3          M      115
================================================================================
AV 49.7 29.9                               8.6 FASTST   M    M   4    MAX(MPH)
                                 MISC ---->  # 33 280               # 43  210
================================================================================
NOTES:
# LAST OF SEVERAL OCCURRENCES

COLUMN 17 PEAK WIND IN M.P.H.

PRELIMINARY LOCAL CLIMATOLOGICAL DATA (WS FORM: F-6) , PAGE 2

                                          STATION:  CAPE GIRARDEAU MO
                                          MONTH:    NOVEMBER
                                          YEAR:     2014
                                          LATITUDE:   37 13 N
                                          LONGITUDE:  89 35 W

[TEMPERATURE DATA]      [PRECIPITATION DATA]       SYMBOLS USED IN COLUMN 16

AVERAGE MONTHLY: 39.8   TOTAL FOR MONTH:   2.26    1 = FOG OR MIST
DPTR FM NORMAL:  -7.0   DPTR FM NORMAL:   -2.18    2 = FOG REDUCING VISIBILITY
HIGHEST:    70 ON 30    GRTST 24HR  1.04 ON 23-24      TO 1/4 MILE OR LESS
LOWEST:      8 ON 18                               3 = THUNDER
                        SNOW, ICE PELLETS, HAIL    4 = ICE PELLETS
                        TOTAL MONTH:   0.0 INCH    5 = HAIL
                        GRTST 24HR     0.0         6 = FREEZING RAIN OR DRIZZLE
                        GRTST DEPTH:   0           7 = DUSTSTORM OR SANDSTORM:
                                                       VSBY 1/2 MILE OR LESS
                                                   8 = SMOKE OR HAZE
[NO. OF DAYS WITH]      [WEATHER - DAYS WITH]      9 = BLOWING SNOW
                                                   X = TORNADO
MAX 32 OR BELOW:   2    0.01 INCH OR MORE:   9
MAX 90 OR ABOVE:   0    0.10 INCH OR MORE:   5
MIN 32 OR BELOW:  20    0.50 INCH OR MORE:   2
MIN  0 OR BELOW:   0    1.00 INCH OR MORE:   0

[HDD (BASE 65) ]
TOTAL THIS MO.   747    CLEAR  (SCALE 0-3)  14
DPTR FM NORMAL   199    PTCLDY (SCALE 4-7)  12
TOTAL FM JUL 1   996    CLOUDY (SCALE 8-10)  4
DPTR FM NORMAL   145

[CDD (BASE 65) ]
TOTAL THIS MO.     0
DPTR FM NORMAL    -2    [PRESSURE DATA]
TOTAL FM JAN 1  1424    HIGHEST SLP 30.52 ON 27
DPTR FM NORMAL   -29    LOWEST  SLP 29.26 ON 24

[REMARKS]
#FINAL-11-14#




U.S. Dept. of Commerce
NOAA National Weather Service
1325 East West Highway
Silver Spring, MD 20910
E-mail: w-nws.webmaster@noaa.gov
Page last modified: May 16, 2007
NATIONAL WEATHER SERVICE: for Safety, for Work, for Fun - FOR LIFE