485
CXUS55 KPAH 240632
CF6CGI
PRELIMINARY LOCAL CLIMATOLOGICAL DATA (WS FORM: F-6)

                                          STATION:   CAPE GIRARDEAU MO
                                          MONTH:     APRIL
                                          YEAR:      2014
                                          LATITUDE:   37 13 N
                                          LONGITUDE:  89 35 W

  TEMPERATURE IN F:       :PCPN:    SNOW:  WIND      :SUNSHINE: SKY     :PK WND
================================================================================
1   2   3   4   5  6A  6B    7    8   9   10  11  12  13   14  15   16   17  18
                                     12Z  AVG MX 2MIN
DY MAX MIN AVG DEP HDD CDD  WTR  SNW DPTH SPD SPD DIR MIN PSBL S-S WX    SPD DR
================================================================================

 1  74  45  60   8   5   0 0.00  0.0    0  6.3 15  30   M    M   3        19  30
 2  76  54  65  12   0   0 0.07  0.0    0  8.9 21 200   M    M  10 1      26 180
 3  76  62  69  16   0   4 1.49  0.0    0 13.0 46 230   M    M   8 13     57 230
 4  58  45  52  -1  13   0 0.40  0.0    0 16.8 32 280   M    M   5 3      40 280
 5  57  42  50  -4  15   0 0.00  0.0    0  7.3 17  10   M    M   4        21  20
 6  62  39  51  -3  14   0 0.00  0.0    0  5.8 13  60   M    M   2        19  30
 7  54  42  48  -6  17   0 0.65  0.0    0 10.7 24 330   M    M  10 18     33 320
 8  62  39  51  -4  14   0 0.05    M    M  6.8 21 350   M    M   5 1      27 320
 9  67  38  53  -2  12   0 0.00  0.0    0  8.8 16 200   M    M   0        26 290
10  76  51  64   9   1   0 0.00  0.0    0 17.8 30 210   M    M   0        41 200
11  72  52  62   6   3   0    T  0.0    0  4.6 21 210   M    M   1        28 210
12  76  56  66  10   0   1 0.00  0.0    0 15.7 31 220   M    M   1        41 190
13  73  60  67  11   0   2 0.81  0.0    0 17.9 31 210   M    M   7 138    43 200
14  61  38  50  -7  15   0 0.24    M    0 13.8 28 340   M    M   8 1      37 340
15  50  31  41 -16  24   0 0.00  0.0    0 11.4 25 350   M    M   1        32 360
16  56  32  44 -13  21   0 0.00  0.0    0  7.9 17 140   M    M   0        23 150
17  67  34  51  -7  14   0 0.00  0.0    0  5.6 16 170   M    M   0        23 220
18  75  44  60   2   5   0 0.00  0.0    0  4.2 13  30   M    M   3        16  20
19  77  44  61   3   4   0 0.00  0.0    0  2.3 12 150   M    M   0 1      16 120
20  78  45  62   3   3   0 0.00  0.0    0  4.2 13 180   M    M   0 1      18 170
21  73  53  63   4   2   0 0.09  0.0    0  5.5 15 210   M    M   4 1      19 210
22  72  47  60   1   5   0 0.01    M    0 10.6 21 340   M    M   2 1      26 340
23  70  40  55  -5  10   0 0.00  0.0    0  5.6 13  80   M    M   0        16 130
================================================================================
SM 1562 1033       197   7  3.81     0.0 211.5          M       74
================================================================================
AV 67.9 44.9                               9.2 FASTST   M    M   3    MAX(MPH)
                                 MISC ---->  # 46 230               # 57  230
================================================================================
NOTES:
# LAST OF SEVERAL OCCURRENCES

COLUMN 17 PEAK WIND IN M.P.H.

PRELIMINARY LOCAL CLIMATOLOGICAL DATA (WS FORM: F-6) , PAGE 2

                                          STATION:  CAPE GIRARDEAU MO
                                          MONTH:    APRIL
                                          YEAR:     2014
                                          LATITUDE:   37 13 N
                                          LONGITUDE:  89 35 W

[TEMPERATURE DATA]      [PRECIPITATION DATA]       SYMBOLS USED IN COLUMN 16

AVERAGE MONTHLY: 56.4   TOTAL FOR MONTH:   3.81    1 = FOG OR MIST
DPTR FM NORMAL:   0.4   DPTR FM NORMAL:    0.59    2 = FOG REDUCING VISIBILITY
HIGHEST:    78 ON 20    GRTST 24HR  1.49 ON  3- 3      TO 1/4 MILE OR LESS
LOWEST:     31 ON 15                               3 = THUNDER
                        SNOW, ICE PELLETS, HAIL    4 = ICE PELLETS
                        TOTAL MONTH:   0.0 INCH    5 = HAIL
                        GRTST 24HR     0.0         6 = FREEZING RAIN OR DRIZZLE
                        GRTST DEPTH:   0           7 = DUSTSTORM OR SANDSTORM:
                                                       VSBY 1/2 MILE OR LESS
                                                   8 = SMOKE OR HAZE
[NO. OF DAYS WITH]      [WEATHER - DAYS WITH]      9 = BLOWING SNOW
                                                   X = TORNADO
MAX 32 OR BELOW:   0    0.01 INCH OR MORE:   9
MAX 90 OR ABOVE:   0    0.10 INCH OR MORE:   5
MIN 32 OR BELOW:   2    0.50 INCH OR MORE:   3
MIN  0 OR BELOW:   0    1.00 INCH OR MORE:   1

[HDD (BASE 65) ]
TOTAL THIS MO.   197    CLEAR  (SCALE 0-3)  14
DPTR FM NORMAL   -29    PTCLDY (SCALE 4-7)   7
TOTAL FM JUL 1  4840    CLOUDY (SCALE 8-10)  2
DPTR FM NORMAL   558

[CDD (BASE 65) ]
TOTAL THIS MO.     7
DPTR FM NORMAL   -10    [PRESSURE DATA]
TOTAL FM JAN 1     7    HIGHEST SLP M ON M
DPTR FM NORMAL   -14    LOWEST  SLP 29.46 ON  7

[REMARKS]




U.S. Dept. of Commerce
NOAA National Weather Service
1325 East West Highway
Silver Spring, MD 20910
E-mail: w-nws.webmaster@noaa.gov
Page last modified: May 16, 2007
NATIONAL WEATHER SERVICE: for Safety, for Work, for Fun - FOR LIFE