327
CXUS55 KPAH 300629
CF6CGI
PRELIMINARY LOCAL CLIMATOLOGICAL DATA (WS FORM: F-6)

                                          STATION:   CAPE GIRARDEAU MO
                                          MONTH:     JANUARY
                                          YEAR:      2015
                                          LATITUDE:   37 13 N
                                          LONGITUDE:  89 35 W

  TEMPERATURE IN F:       :PCPN:    SNOW:  WIND      :SUNSHINE: SKY     :PK WND
================================================================================
1   2   3   4   5  6A  6B    7    8   9   10  11  12  13   14  15   16   17  18
                                     12Z  AVG MX 2MIN
DY MAX MIN AVG DEP HDD CDD  WTR  SNW DPTH SPD SPD DIR MIN PSBL S-S WX    SPD DR
================================================================================

 1  36  25  31  -2  34   0 0.00  0.0    0  7.0 15 210   M    M   8        19 210
 2  39  34  37   4  28   0 0.45  0.0    0  4.0 13 110   M    M  10 1      16 110
 3  52  39  46  13  19   0 3.19  0.0    0  7.5 22 120   M    M  10 12     27 120
 4  48  20  34   1  31   0 0.00  0.0    0 14.3 25 310   M    M   7 1      35 310
 5  28  16  22 -11  43   0 0.00  0.0    0  6.7 13 180   M    M   0        17 180
 6  35  24  30  -3  35   0 0.00  0.0    0  8.4 21 330   M    M   0        24 330
 7  27   7  17 -16  48   0    T    M    0 16.4 31 340   M    M   4        38 340
 8  26   5  16 -17  49   0 0.00  0.0    0 11.8 25 210   M    M   2        33 180
 9  29  14  22 -11  43   0 0.00  0.0    0 10.3 21 340   M    M   3        26 350
10  31   7  19 -14  46   0 0.00  0.0    0  6.0 14 180   M    M   2        17 170
11  37  30  34   1  31   0 0.28    M    0  6.0 14 180   M    M  10 16     17 210
12  37  25  31  -2  34   0 0.28    M    0 13.2 26  10   M    M   8 1      31  10
13  26  18  22 -11  43   0 0.00  0.0    0 10.9 22  10   M    M   9        27  10
14  31  16  24  -9  41   0 0.00  0.0    0  2.6  7  60   M    M   5 1       8  70
15  38  29  34   1  31   0 0.01    M    M  3.3 10 190   M    M   6 1      11 200
16  49  22  36   3  29   0 0.00  0.0    0  2.4  9 180   M    M   0 1      11 170
17  52  35  44  11  21   0 0.00  0.0    0 12.4 26 200   M    M   1        34 200
18  57  32  45  12  20   0 0.00  0.0    0  9.0 18 240   M    M   0        25 240
19  58  27  43  10  22   0 0.00  0.0    0  1.8  8 130   M    M   0         9 130
20  58  28  43  10  22   0    T    M    0  4.3 17 300   M    M   3        24 300
21  57  25  41   8  24   0 0.00  0.0    0  5.9 18 260   M    M   0 1      23 270
22  42  26  34   1  31   0 0.00  0.0    0  5.1 14 350   M    M   1 1      17 340
23  42  24  33   0  32   0 0.00  0.0    0  7.2 14  40   M    M   3 18     17  30
24  52  21  37   4  28   0 0.00  0.0    0  6.2 16 190   M    M   0 1      19 190
25  47  34  41   7  24   0 0.56    M    0 11.9 28 360   M    M   8 1      35 350
26  40  29  35   1  30   0 0.00  0.0    0  8.0 24 330   M    M   6        32 330
27  47  29  38   4  27   0 0.00  0.0    0  7.5 16 360   M    M   3 1      21 340
28  47  25  36   2  29   0 0.00  0.0    0  7.5 16 160   M    M   0 1      19 150
29  51  38  45  11  20   0 0.00  0.0    M 10.7 24 340   M    M   8        31 320
================================================================================
SM 1219  704       915   0  4.77     0.0 228.3          M      117
================================================================================
AV 42.0 24.3                               7.9 FASTST   M    M   4    MAX(MPH)
                                 MISC ---->  # 31 340               # 38  340
================================================================================
NOTES:
# LAST OF SEVERAL OCCURRENCES

COLUMN 17 PEAK WIND IN M.P.H.

PRELIMINARY LOCAL CLIMATOLOGICAL DATA (WS FORM: F-6) , PAGE 2

                                          STATION:  CAPE GIRARDEAU MO
                                          MONTH:    JANUARY
                                          YEAR:     2015
                                          LATITUDE:   37 13 N
                                          LONGITUDE:  89 35 W

[TEMPERATURE DATA]      [PRECIPITATION DATA]       SYMBOLS USED IN COLUMN 16

AVERAGE MONTHLY: 33.2   TOTAL FOR MONTH:   4.77    1 = FOG OR MIST
DPTR FM NORMAL:  -0.0   DPTR FM NORMAL:    1.55    2 = FOG REDUCING VISIBILITY
HIGHEST:    58 ON 20,19 GRTST 24HR  3.59 ON  2- 3      TO 1/4 MILE OR LESS
LOWEST:      5 ON  8                               3 = THUNDER
                        SNOW, ICE PELLETS, HAIL    4 = ICE PELLETS
                        TOTAL MONTH:   0.0 INCH    5 = HAIL
                        GRTST 24HR     0.0         6 = FREEZING RAIN OR DRIZZLE
                        GRTST DEPTH:   0           7 = DUSTSTORM OR SANDSTORM:
                                                       VSBY 1/2 MILE OR LESS
                                                   8 = SMOKE OR HAZE
[NO. OF DAYS WITH]      [WEATHER - DAYS WITH]      9 = BLOWING SNOW
                                                   X = TORNADO
MAX 32 OR BELOW:   7    0.01 INCH OR MORE:   6
MAX 90 OR ABOVE:   0    0.10 INCH OR MORE:   5
MIN 32 OR BELOW:  24    0.50 INCH OR MORE:   2
MIN  0 OR BELOW:   0    1.00 INCH OR MORE:   1

[HDD (BASE 65) ]
TOTAL THIS MO.   915    CLEAR  (SCALE 0-3)  14
DPTR FM NORMAL    -9    PTCLDY (SCALE 4-7)   9
TOTAL FM JUL 1  2652    CLOUDY (SCALE 8-10)  6
DPTR FM NORMAL   -23

[CDD (BASE 65) ]
TOTAL THIS MO.     0
DPTR FM NORMAL     0    [PRESSURE DATA]
TOTAL FM JAN 1     0    HIGHEST SLP M ON M
DPTR FM NORMAL     0    LOWEST  SLP 29.60 ON 25

[REMARKS]




U.S. Dept. of Commerce
NOAA National Weather Service
1325 East West Highway
Silver Spring, MD 20910
E-mail: w-nws.webmaster@noaa.gov
Page last modified: May 16, 2007
NATIONAL WEATHER SERVICE: for Safety, for Work, for Fun - FOR LIFE