169
CXUS55 KPAH 010630
CF6CGI
PRELIMINARY LOCAL CLIMATOLOGICAL DATA (WS FORM: F-6)

                                          STATION:   CAPE GIRARDEAU MO
                                          MONTH:     SEPTEMBER
                                          YEAR:      2014
                                          LATITUDE:   37 13 N
                                          LONGITUDE:  89 35 W

  TEMPERATURE IN F:       :PCPN:    SNOW:  WIND      :SUNSHINE: SKY     :PK WND
================================================================================
1   2   3   4   5  6A  6B    7    8   9   10  11  12  13   14  15   16   17  18
                                     12Z  AVG MX 2MIN
DY MAX MIN AVG DEP HDD CDD  WTR  SNW DPTH SPD SPD DIR MIN PSBL S-S WX    SPD DR
================================================================================

 1  86  74  80   6   0  15 0.00  0.0    0 11.5 22 210   M    M   5        31 190
 2  83  67  75   1   0  10 0.00  0.0    0  5.0 14 230   M    M   2 1      19 230
 3  87  63  75   1   0  10 0.00  0.0    0  2.5  9 110   M    M   3 12     12 130
 4  91  66  79   6   0  14 0.00  0.0    0  5.7 14 180   M    M   1 1      19 210
 5  93  72  83  10   0  18 0.00  0.0    0  4.5 14 150   M    M   1 3      19 150
 6  78  65  72  -1   0   7 0.00  0.0    0  9.0 18 330   M    M   4 13     23 330
 7  81  58  70  -2   0   5 0.00  0.0    0  6.7 15  60   M    M   0 1      20  20
 8  84  53  69  -3   0   4 0.00  0.0    0  2.6  9  50   M    M   0 12     17  60
 9  88  58  73   1   0   8 0.00  0.0    0  6.1 14 170   M    M   3 8      19 200
10  89  73  81  10   0  16 1.41  0.0    0 11.3 22 210   M    M   4 13     30 190
11  73  58  66  -5   0   1 0.60  0.0    0 10.3 18  10   M    M  10 13     24  30
12  62  57  60 -10   5   0 0.00  0.0    0 11.0 16 350   M    M  10 1      21 350
13  66  47  57 -13   8   0 0.00  0.0    0  9.5 20  10   M    M   3        24  10
14  73  45  59 -11   6   0 0.00  0.0    0  2.3 10  80   M    M   0        13  70
15  77  52  65  -4   0   0 0.00  0.0    0  4.6 14 360   M    M   4 1      19 190
16  70  49  60  -9   5   0 0.00  0.0    0  8.7 15  30   M    M   6 1      19  20
17  67  47  57 -11   8   0 0.04  0.0    0  2.9 16 280   M    M   6 12     21 280
18  76  54  65  -3   0   0 0.00  0.0    0  3.8 12  70   M    M   7 12     16  50
19  81  53  67   0   0   2 0.00  0.0    0  2.3  9 140   M    M   1 1      14  80
20  85  56  71   4   0   6 0.00  0.0    0  3.9 14 220   M    M   1 1      18 230
21  82  59  71   4   0   6    T  0.0    0  7.8 17 340   M    M   1 1      22 330
22  74  45  60  -6   5   0 0.00  0.0    0  4.9 15  40   M    M   0 1      19  40
23  76  42  59  -7   6   0 0.00  0.0    0  3.6 12  50   M    M   1 12     14  60
24  81  43  62  -3   3   0 0.00  0.0    0  2.4  9  70   M    M   0 12     11  90
25  83  49  66   1   0   1 0.00  0.0    0  1.4 10  80   M    M   2 12     13 100
26  84  52  68   4   0   3 0.00  0.0    0  1.1 10  60   M    M   3 128    14  70
27  86  55  71   7   0   6 0.00  0.0    0  2.4 12  90   M    M   1 128    14  90
28  86  56  71   7   0   6 0.00  0.0    0  1.5  9  60   M    M   1 1      11  70
29  87  51  69   6   0   4 0.00  0.0    0  2.1 15  70   M    M   3 128    20  70
30  86  50  68   5   0   3 0.00  0.0    0  2.3 12  70   M    M   1 12     15  60
================================================================================
SM 2415 1669        46 145  2.05     0.0 153.7          M       84
================================================================================
AV 80.5 55.6                               5.1 FASTST   M    M   3    MAX(MPH)
                                 MISC ---->  # 22 210               # 31  190
================================================================================
NOTES:
# LAST OF SEVERAL OCCURRENCES

COLUMN 17 PEAK WIND IN M.P.H.

PRELIMINARY LOCAL CLIMATOLOGICAL DATA (WS FORM: F-6) , PAGE 2

                                          STATION:  CAPE GIRARDEAU MO
                                          MONTH:    SEPTEMBER
                                          YEAR:     2014
                                          LATITUDE:   37 13 N
                                          LONGITUDE:  89 35 W

[TEMPERATURE DATA]      [PRECIPITATION DATA]       SYMBOLS USED IN COLUMN 16

AVERAGE MONTHLY: 68.1   TOTAL FOR MONTH:   2.05    1 = FOG OR MIST
DPTR FM NORMAL:  -0.7   DPTR FM NORMAL:   -1.23    2 = FOG REDUCING VISIBILITY
HIGHEST:    93 ON  5    GRTST 24HR  2.01 ON 10-11      TO 1/4 MILE OR LESS
LOWEST:     42 ON 23                               3 = THUNDER
                        SNOW, ICE PELLETS, HAIL    4 = ICE PELLETS
                        TOTAL MONTH:   0.0 INCH    5 = HAIL
                        GRTST 24HR     0.0         6 = FREEZING RAIN OR DRIZZLE
                        GRTST DEPTH:   0           7 = DUSTSTORM OR SANDSTORM:
                                                       VSBY 1/2 MILE OR LESS
                                                   8 = SMOKE OR HAZE
[NO. OF DAYS WITH]      [WEATHER - DAYS WITH]      9 = BLOWING SNOW
                                                   X = TORNADO
MAX 32 OR BELOW:   0    0.01 INCH OR MORE:   3
MAX 90 OR ABOVE:   2    0.10 INCH OR MORE:   2
MIN 32 OR BELOW:   0    0.50 INCH OR MORE:   2
MIN  0 OR BELOW:   0    1.00 INCH OR MORE:   1

[HDD (BASE 65) ]
TOTAL THIS MO.    46    CLEAR  (SCALE 0-3)  20
DPTR FM NORMAL    -2    PTCLDY (SCALE 4-7)   8
TOTAL FM JUL 1    46    CLOUDY (SCALE 8-10)  2
DPTR FM NORMAL    -3

[CDD (BASE 65) ]
TOTAL THIS MO.   145
DPTR FM NORMAL   -17    [PRESSURE DATA]
TOTAL FM JAN 1  1384    HIGHEST SLP M ON M
DPTR FM NORMAL   -38    LOWEST  SLP 29.74 ON 10

[REMARKS]
#FINAL-09-14#




U.S. Dept. of Commerce
NOAA National Weather Service
1325 East West Highway
Silver Spring, MD 20910
E-mail: w-nws.webmaster@noaa.gov
Page last modified: May 16, 2007
NATIONAL WEATHER SERVICE: for Safety, for Work, for Fun - FOR LIFE