277
CXUS55 KGJT 231000
CF6CEZ
PRELIMINARY LOCAL CLIMATOLOGICAL DATA (WS FORM: F-6)

                                          STATION:   CORTEZ CO
                                          MONTH:     APRIL
                                          YEAR:      2014
                                          LATITUDE:   37 17 N
                                          LONGITUDE: 108 38 W

  TEMPERATURE IN F:       :PCPN:    SNOW:  WIND      :SUNSHINE: SKY     :PK WND
================================================================================
1   2   3   4   5  6A  6B    7    8   9   10  11  12  13   14  15   16   17  18
                                     12Z  AVG MX 2MIN
DY MAX MIN AVG DEP HDD CDD  WTR  SNW DPTH SPD SPD DIR MIN PSBL S-S WX    SPD DR
================================================================================

 1  65  38  52   9  13   0 0.00    M    M 13.3 33 210   M    M   5        43 200
 2  46  28  37  -6  28   0 0.17    M    M  6.5 21 310   M    M   9 1      27 300
 3  50  26  38  -6  27   0 0.12    M    M  8.1 18 330   M    M   4 1      31 330
 4  56  21  39  -5  26   0 0.00    M    M  3.7 16 210   M    M   0 8      25 100
 5  58  25  42  -2  23   0 0.00    M    M  6.5 22 210   M    M   1        27 320
 6  56  23  40  -4  25   0 0.00    M    M 10.8 24 350   M    M   4        33 330
 7  62  23  43  -2  22   0 0.00    M    M  9.9 25 320   M    M   0        39  20
 8  70  25  48   3  17   0 0.00    M    M  8.1 18 290   M    M   0        28 260
 9  74  26  50   5  15   0 0.00    M    M  7.0 26 280   M    M   0        33 270
10  75  32  54   8  11   0 0.00    M    M  8.5 22 270   M    M   0        28 280
11  76  27  52   6  13   0 0.00    M    M  8.8 22 190   M    M   0        27 270
12  69  40  55   9  10   0    T    M    M  7.2 29 180   M    M   5 3      39 160
13  56  34  45  -1  20   0 0.14    M    M  8.4 32 350   M    M   7 13     42 360
14  53  25  39  -7  26   0 0.00    M    M 11.0 22 310   M    M   0        36 310
15  63  18  41  -6  24   0 0.00    M    M  6.4 16 290   M    M   0        22 190
16  63  24  44  -3  21   0 0.00    M    M  7.6 22 260   M    M   2        31 280
17  67  24  46  -1  19   0 0.00    M    M  5.6 15 310   M    M   0        20 300
18  76  30  53   5  12   0    T    M    M  7.4 26 250   M    M   3        35 250
19  67  41  54   6  11   0 0.04    M    M  4.9 16 290   M    M   6        21 220
20  73  36  55   7  10   0 0.00    M    M  8.5 21 340   M    M   1        29  20
21  76  35  56   8   9   0 0.00    M    M  5.4 18 300   M    M   3        26 350
22  79  37  58   9   7   0 0.00    M    M 11.6 26 210   M    M   3        35 210
================================================================================
SM 1430  638       389   0  0.47    M    175.2          M       53
================================================================================
AV 65.0 29.0                               8.0 FASTST   M    M   2    MAX(MPH)
                                 MISC ---->  # 33 210               # 43  200
================================================================================
NOTES:
# LAST OF SEVERAL OCCURRENCES

COLUMN 17 PEAK WIND IN M.P.H.

PRELIMINARY LOCAL CLIMATOLOGICAL DATA (WS FORM: F-6) , PAGE 2

                                          STATION:  CORTEZ CO
                                          MONTH:    APRIL
                                          YEAR:     2014
                                          LATITUDE:   37 17 N
                                          LONGITUDE: 108 38 W

[TEMPERATURE DATA]      [PRECIPITATION DATA]       SYMBOLS USED IN COLUMN 16

AVERAGE MONTHLY: 47.0   TOTAL FOR MONTH:   0.47    1 = FOG OR MIST
DPTR FM NORMAL:   1.1   DPTR FM NORMAL:   -0.41    2 = FOG REDUCING VISIBILITY
HIGHEST:    79 ON 22    GRTST 24HR  0.29 ON  2- 3      TO 1/4 MILE OR LESS
LOWEST:     18 ON 15                               3 = THUNDER
                        SNOW, ICE PELLETS, HAIL    4 = ICE PELLETS
                        TOTAL MONTH:    M          5 = HAIL
                        GRTST 24HR    M  ON   M    6 = FREEZING RAIN OR DRIZZLE
                        GRTST DEPTH:  M  ON   M    7 = DUSTSTORM OR SANDSTORM:
                                                       VSBY 1/2 MILE OR LESS
                                                   8 = SMOKE OR HAZE
[NO. OF DAYS WITH]      [WEATHER - DAYS WITH]      9 = BLOWING SNOW
                                                   X = TORNADO
MAX 32 OR BELOW:   0    0.01 INCH OR MORE:   4
MAX 90 OR ABOVE:   0    0.10 INCH OR MORE:   3
MIN 32 OR BELOW:  15    0.50 INCH OR MORE:   0
MIN  0 OR BELOW:   0    1.00 INCH OR MORE:   0

[HDD (BASE 65) ]
TOTAL THIS MO.   389    CLEAR  (SCALE 0-3)  15
DPTR FM NORMAL   -32    PTCLDY (SCALE 4-7)   6
TOTAL FM JUL 1  5723    CLOUDY (SCALE 8-10)  1
DPTR FM NORMAL  -228

[CDD (BASE 65) ]
TOTAL THIS MO.     0
DPTR FM NORMAL     0    [PRESSURE DATA]
TOTAL FM JAN 1     0    HIGHEST SLP M ON M
DPTR FM NORMAL     0    LOWEST  SLP 29.45 ON 22

[REMARKS]




U.S. Dept. of Commerce
NOAA National Weather Service
1325 East West Highway
Silver Spring, MD 20910
E-mail: w-nws.webmaster@noaa.gov
Page last modified: May 16, 2007
NATIONAL WEATHER SERVICE: for Safety, for Work, for Fun - FOR LIFE