382
CXUS55 KGJT 241000
CF6CEZ
PRELIMINARY LOCAL CLIMATOLOGICAL DATA (WS FORM: F-6)

                                          STATION:   CORTEZ CO
                                          MONTH:     NOVEMBER
                                          YEAR:      2014
                                          LATITUDE:   37 17 N
                                          LONGITUDE: 108 38 W

  TEMPERATURE IN F:       :PCPN:    SNOW:  WIND      :SUNSHINE: SKY     :PK WND
================================================================================
1   2   3   4   5  6A  6B    7    8   9   10  11  12  13   14  15   16   17  18
                                     12Z  AVG MX 2MIN
DY MAX MIN AVG DEP HDD CDD  WTR  SNW DPTH SPD SPD DIR MIN PSBL S-S WX    SPD DR
================================================================================

 1  71  44  58  16   7   0 0.00    M    M 15.0 32 140   M    M   2 3      40 140
 2  59  39  49   7  16   0 0.03    M    M  9.0 23 200   M    M   6 13     29 190
 3  52  26  39  -3  26   0 0.00    M    M  5.3 14 320   M    M   5        17 320
 4  55  18  37  -4  28   0 0.00    M    M  5.7 13 190   M    M   0        15 210
 5  60  20  40  -1  25   0 0.00    M    M  7.4 20 220   M    M   0        23 210
 6  63  22  43   2  22   0 0.00    M    M  5.0 13 200   M    M   0 8      26 310
 7  63  22  43   3  22   0 0.00    M    M  7.1 22 290   M    M   0        26 280
 8  66  21  44   4  21   0 0.00    M    M  6.7 14 200   M    M   0        16 200
 9  65  23  44   5  21   0 0.00    M    M  3.9 14 200   M    M   0        17 200
10  67  23  45   6  20   0 0.00    M    M  8.3 26 330   M    M   0        37 240
11  63  19  41   2  24   0 0.00    M    M  6.8 23 220   M    M   0        30 210
12  58  32  45   7  20   0 0.00    M    M  8.9 20 210   M    M   3        29 320
13  51  33  42   4  23   0    T    M    M  4.6 14 210   M    M   6        16 210
14  49  32  41   4  24   0 0.33    M    M  4.6 24 310   M    M   7 3      29 310
15  50  33  42   5  23   0 0.06    M    M  5.1 17 280   M    M   7        23 280
16  35  20  28  -9  37   0    T    M    M 12.9 31 340   M    M   2        39 340
17  43  11  27  -9  38   0 0.00    M    M  7.0 20 280   M    M   0        25 280
18  43  13  28  -8  37   0 0.00    M    M  7.6 15 290   M    M   0        21 290
19  48  14  31  -5  34   0 0.00    M    M  3.6 10 220   M    M   0        12 220
20  50  19  35   0  30   0 0.00    M    M  2.8  9  70   M    M   5        10 210
21  53  19  36   1  29   0 0.00    M    M  4.3 17 210   M    M   0 8      20 210
22  52  16  34   0  31   0 0.02    M    M  4.1 18 220   M    M   3 1      23 220
23  42  18  30  -4  35   0 0.00    M    M 12.2 26 330   M    M   7        37 330
================================================================================
SM 1258  537       593   0  0.44    M    157.9          M       53
================================================================================
AV 54.7 23.3                               6.9 FASTST   M    M   2    MAX(MPH)
                                 MISC ---->  # 32 140               # 40  140
================================================================================
NOTES:
# LAST OF SEVERAL OCCURRENCES

COLUMN 17 PEAK WIND IN M.P.H.

PRELIMINARY LOCAL CLIMATOLOGICAL DATA (WS FORM: F-6) , PAGE 2

                                          STATION:  CORTEZ CO
                                          MONTH:    NOVEMBER
                                          YEAR:     2014
                                          LATITUDE:   37 17 N
                                          LONGITUDE: 108 38 W

[TEMPERATURE DATA]      [PRECIPITATION DATA]       SYMBOLS USED IN COLUMN 16

AVERAGE MONTHLY: 39.0   TOTAL FOR MONTH:   0.44    1 = FOG OR MIST
DPTR FM NORMAL:   0.8   DPTR FM NORMAL:   -0.60    2 = FOG REDUCING VISIBILITY
HIGHEST:    71 ON  1    GRTST 24HR  0.33 ON 14-14      TO 1/4 MILE OR LESS
LOWEST:     11 ON 17                               3 = THUNDER
                        SNOW, ICE PELLETS, HAIL    4 = ICE PELLETS
                        TOTAL MONTH:    M          5 = HAIL
                        GRTST 24HR    M  ON   M    6 = FREEZING RAIN OR DRIZZLE
                        GRTST DEPTH:  M  ON   M    7 = DUSTSTORM OR SANDSTORM:
                                                       VSBY 1/2 MILE OR LESS
                                                   8 = SMOKE OR HAZE
[NO. OF DAYS WITH]      [WEATHER - DAYS WITH]      9 = BLOWING SNOW
                                                   X = TORNADO
MAX 32 OR BELOW:   0    0.01 INCH OR MORE:   4
MAX 90 OR ABOVE:   0    0.10 INCH OR MORE:   1
MIN 32 OR BELOW:  19    0.50 INCH OR MORE:   0
MIN  0 OR BELOW:   0    1.00 INCH OR MORE:   0

[HDD (BASE 65) ]
TOTAL THIS MO.   593    CLEAR  (SCALE 0-3)  16
DPTR FM NORMAL   -23    PTCLDY (SCALE 4-7)   7
TOTAL FM JUL 1  1057    CLOUDY (SCALE 8-10)  0
DPTR FM NORMAL  -241

[CDD (BASE 65) ]
TOTAL THIS MO.     0
DPTR FM NORMAL     0    [PRESSURE DATA]
TOTAL FM JAN 1   537    HIGHEST SLP M ON M
DPTR FM NORMAL   111    LOWEST  SLP 29.41 ON 10

[REMARKS]




U.S. Dept. of Commerce
NOAA National Weather Service
1325 East West Highway
Silver Spring, MD 20910
E-mail: w-nws.webmaster@noaa.gov
Page last modified: May 16, 2007
NATIONAL WEATHER SERVICE: for Safety, for Work, for Fun - FOR LIFE