000
CXUS55 KGJT 291000
CF6CEZ
PRELIMINARY LOCAL CLIMATOLOGICAL DATA (WS FORM: F-6)

                                          STATION:   CORTEZ CO
                                          MONTH:     JANUARY
                                          YEAR:      2015
                                          LATITUDE:   37 17 N
                                          LONGITUDE: 108 38 W

  TEMPERATURE IN F:       :PCPN:    SNOW:  WIND      :SUNSHINE: SKY     :PK WND
================================================================================
1   2   3   4   5  6A  6B    7    8   9   10  11  12  13   14  15   16   17  18
                                     12Z  AVG MX 2MIN
DY MAX MIN AVG DEP HDD CDD  WTR  SNW DPTH SPD SPD DIR MIN PSBL S-S WX    SPD DR
================================================================================

 1  38  -1  19  -8  46   0 0.21    M    M  6.1 20 220   M    M   9 12     29 130
 2  26 -12   7 -20  58   0 0.00    M    M  5.0 12 200   M    M   0 1      12  60
 3  32  -4  14 -13  51   0 0.00    M    M  7.5 24 290   M    M   1        31 290
 4  36   0  18  -9  47   0 0.00    M    M  4.7 12  60   M    M   0        12  60
 5  41   6  24  -3  41   0 0.00    M    M  3.9 17 350   M    M   0 1      17 350
 6  45  13  29   2  36   0 0.00    M    M  2.7 10 250   M    M   0 1      13 270
 7  48  16  32   5  33   0 0.00    M    M  3.6 14 190   M    M   0 1      21 200
 8  48  19  34   7  31   0 0.00    M    M  4.1 14 210   M    M   0 1      15 210
 9  50  21  36   8  29   0 0.00    M    M  5.5 14 210   M    M   0 1      18 210
10  47  24  36   8  29   0    T    M    M  2.9 12 290   M    M   6        22 240
11  42  27  35   7  30   0 0.04    M    M  3.9 13 290   M    M   7 1      15 290
12  46  25  36   8  29   0 0.09    M    M  3.3 13 130   M    M   7 1      17 130
13  40  32  36   8  29   0 0.30    M    M  1.1  7 130   M    M  10 1       9 230
14  43  25  34   6  31   0    T    M    M  2.8 12 280   M    M   7 1      14 280
15  44  19  32   4  33   0 0.00    M    M  3.9 12 220   M    M   0 1      14 220
16  42  18  30   2  35   0 0.00    M    M  3.0  9 230   M    M   2 12     12 210
17  40  21  31   3  34   0 0.00    M    M  5.4 17 220   M    M   7 12     20 220
18  47  22  35   7  30   0 0.00    M    M  4.0 13 210   M    M   2 1      15 220
19  50  21  36   8  29   0 0.00    M    M  3.5 13 290   M    M   2 1      15 280
20  49  23  36   8  29   0 0.00    M    M  6.5 16 210   M    M   0        19 210
21  46  26  36   8  29   0 0.00    M    M  8.4 23 350   M    M   2        35 340
22  39  13  26  -2  39   0    T    M    M  4.9 13 220   M    M   1        18 250
23  43  14  29   1  36   0 0.00    M    M  6.2 14 290   M    M   0        18 290
24  45  14  30   2  35   0 0.00    M    M  5.8 14 290   M    M   0        16 290
25  52  17  35   6  30   0 0.00    M    M  5.2 18 180   M    M   0        23 190
26  57  19  38   9  27   0 0.00    M    M  4.6 16 210   M    M   0        21 220
27  57  22  40  11  25   0    T    M    M  4.2 12  50   M    M   4        13  40
28  54  24  39  10  26   0 0.00    M    M  5.8 14 290   M    M   2 8      25 150
================================================================================
SM 1247  464       957   0  0.64    M    128.5          M       69
================================================================================
AV 44.5 16.6                               4.6 FASTST   M    M   2    MAX(MPH)
                                 MISC ---->  # 24 290               # 35  340
================================================================================
NOTES:
# LAST OF SEVERAL OCCURRENCES

COLUMN 17 PEAK WIND IN M.P.H.

PRELIMINARY LOCAL CLIMATOLOGICAL DATA (WS FORM: F-6) , PAGE 2

                                          STATION:  CORTEZ CO
                                          MONTH:    JANUARY
                                          YEAR:     2015
                                          LATITUDE:   37 17 N
                                          LONGITUDE: 108 38 W

[TEMPERATURE DATA]      [PRECIPITATION DATA]       SYMBOLS USED IN COLUMN 16

AVERAGE MONTHLY: 30.6   TOTAL FOR MONTH:   0.64    1 = FOG OR MIST
DPTR FM NORMAL:   2.7   DPTR FM NORMAL:   -0.24    2 = FOG REDUCING VISIBILITY
HIGHEST:    57 ON 27,26 GRTST 24HR  0.39 ON 12-13      TO 1/4 MILE OR LESS
LOWEST:    -12 ON  2                               3 = THUNDER
                        SNOW, ICE PELLETS, HAIL    4 = ICE PELLETS
                        TOTAL MONTH:    M          5 = HAIL
                        GRTST 24HR    M  ON   M    6 = FREEZING RAIN OR DRIZZLE
                        GRTST DEPTH:  M  ON   M    7 = DUSTSTORM OR SANDSTORM:
                                                       VSBY 1/2 MILE OR LESS
                                                   8 = SMOKE OR HAZE
[NO. OF DAYS WITH]      [WEATHER - DAYS WITH]      9 = BLOWING SNOW
                                                   X = TORNADO
MAX 32 OR BELOW:   2    0.01 INCH OR MORE:   4
MAX 90 OR ABOVE:   0    0.10 INCH OR MORE:   2
MIN 32 OR BELOW:  28    0.50 INCH OR MORE:   0
MIN  0 OR BELOW:   4    1.00 INCH OR MORE:   0

[HDD (BASE 65) ]
TOTAL THIS MO.   957    CLEAR  (SCALE 0-3)  20
DPTR FM NORMAL   -83    PTCLDY (SCALE 4-7)   6
TOTAL FM JUL 1  3236    CLOUDY (SCALE 8-10)  2
DPTR FM NORMAL  -462

[CDD (BASE 65) ]
TOTAL THIS MO.     0
DPTR FM NORMAL     0    [PRESSURE DATA]
TOTAL FM JAN 1     0    HIGHEST SLP M ON M
DPTR FM NORMAL     0    LOWEST  SLP 29.92 ON M

[REMARKS]




U.S. Dept. of Commerce
NOAA National Weather Service
1325 East West Highway
Silver Spring, MD 20910
E-mail: w-nws.webmaster@noaa.gov
Page last modified: May 16, 2007
NATIONAL WEATHER SERVICE: for Safety, for Work, for Fun - FOR LIFE