335
CXUS55 KGJT 221000
CF6CEZ
PRELIMINARY LOCAL CLIMATOLOGICAL DATA (WS FORM: F-6)

                                          STATION:   CORTEZ CO
                                          MONTH:     AUGUST
                                          YEAR:      2014
                                          LATITUDE:   37 17 N
                                          LONGITUDE: 108 38 W

  TEMPERATURE IN F:       :PCPN:    SNOW:  WIND      :SUNSHINE: SKY     :PK WND
================================================================================
1   2   3   4   5  6A  6B    7    8   9   10  11  12  13   14  15   16   17  18
                                     12Z  AVG MX 2MIN
DY MAX MIN AVG DEP HDD CDD  WTR  SNW DPTH SPD SPD DIR MIN PSBL S-S WX    SPD DR
================================================================================

 1  87  58  73   1   0   8 0.00    M    M  4.9 23  80   M    M   2 3      28  80
 2  85  56  71  -1   0   6    T    M    M  6.2 20 200   M    M   2 3       2 220
 3  88  65  77   5   0  12 0.00    M    M  9.8 30 220   M    M   4        38 210
 4  84  62  73   1   0   8    T    M    M  5.1 21 100   M    M   5 3      27  90
 5  87  55  71  -1   0   6 0.03    M    M  7.2 18 190   M    M   3 13     24 220
 6  89  47  68  -3   0   3 0.00    M    M  5.2 16 290   M    M   0        23 210
 7  89  49  69  -2   0   4 0.00    M    M  6.2 18 290   M    M   0 8      24 300
 8  88  44  66  -5   0   1 0.00    M    M  5.8 20 290   M    M   0        25 290
 9  92  43  68  -3   0   3 0.00    M    M  6.1 22 290   M    M   0 8      27 290
10  92  47  70  -1   0   5 0.00    M    M  4.0 17  10   M    M   0 3      24 350
11  89  61  75   4   0  10 0.00    M    M  6.6 24   6   M    M   M        30   6
12  86  61  74   4   0   9 0.05    M    M  5.8 17  20   M    M   M 3      23  30
13  81  59  70   0   0   5 0.30    M    M  7.3 25 130   M    M  10 13     31 140
14  81  60  71   1   0   6 0.30    M    M  6.7 17 150   M    M   5 1      23 160
15  88  54  71   1   0   6 0.00    M    M  6.1 17 350   M    M   0        25 280
16  88  52  70   0   0   5    T    M    M  4.4 18  10   M    M   1 3      24 360
17  92  51  72   2   0   7 0.00    M    M  3.5 14 290   M    M   0        17 290
18  93  49  71   2   0   6    T    M    M  3.7 25 190   M    M   0 3      31 200
19  83  59  71   2   0   6 0.03    M    M  7.1 28 210   M    M   5 1      34 220
20  82  53  68  -1   0   3    T    M    M  6.1 18 280   M    M   2        25 300
21  82  48  65  -3   0   0 0.05    M    M  5.9 18 290   M    M   2        21 290
================================================================================
SM 1826 1133         0 119  0.76    M    123.7          M       41
================================================================================
AV 87.0 54.0                               5.9 FASTST   M    M   2    MAX(MPH)
                                 MISC ---->  # 30 220               # 38  210
================================================================================
NOTES:
# LAST OF SEVERAL OCCURRENCES

COLUMN 17 PEAK WIND IN M.P.H.

PRELIMINARY LOCAL CLIMATOLOGICAL DATA (WS FORM: F-6) , PAGE 2

                                          STATION:  CORTEZ CO
                                          MONTH:    AUGUST
                                          YEAR:     2014
                                          LATITUDE:   37 17 N
                                          LONGITUDE: 108 38 W

[TEMPERATURE DATA]      [PRECIPITATION DATA]       SYMBOLS USED IN COLUMN 16

AVERAGE MONTHLY: 70.5   TOTAL FOR MONTH:   0.76    1 = FOG OR MIST
DPTR FM NORMAL:  -0.1   DPTR FM NORMAL:   -0.27    2 = FOG REDUCING VISIBILITY
HIGHEST:    93 ON 18    GRTST 24HR  0.59 ON 13-14      TO 1/4 MILE OR LESS
LOWEST:     43 ON  9                               3 = THUNDER
                        SNOW, ICE PELLETS, HAIL    4 = ICE PELLETS
                        TOTAL MONTH:    M          5 = HAIL
                        GRTST 24HR    M  ON   M    6 = FREEZING RAIN OR DRIZZLE
                        GRTST DEPTH:  M  ON   M    7 = DUSTSTORM OR SANDSTORM:
                                                       VSBY 1/2 MILE OR LESS
                                                   8 = SMOKE OR HAZE
[NO. OF DAYS WITH]      [WEATHER - DAYS WITH]      9 = BLOWING SNOW
                                                   X = TORNADO
MAX 32 OR BELOW:   0    0.01 INCH OR MORE:   6
MAX 90 OR ABOVE:   4    0.10 INCH OR MORE:   2
MIN 32 OR BELOW:   0    0.50 INCH OR MORE:   0
MIN  0 OR BELOW:   0    1.00 INCH OR MORE:   0

[HDD (BASE 65) ]
TOTAL THIS MO.     0    CLEAR  (SCALE 0-3)  13
DPTR FM NORMAL     0    PTCLDY (SCALE 4-7)   5
TOTAL FM JUL 1     0    CLOUDY (SCALE 8-10)  1
DPTR FM NORMAL    -3

[CDD (BASE 65) ]
TOTAL THIS MO.   119
DPTR FM NORMAL     1    [PRESSURE DATA]
TOTAL FM JAN 1   500    HIGHEST SLP M ON M
DPTR FM NORMAL   118    LOWEST  SLP 29.69 ON 19

[REMARKS]




U.S. Dept. of Commerce
NOAA National Weather Service
1325 East West Highway
Silver Spring, MD 20910
E-mail: w-nws.webmaster@noaa.gov
Page last modified: May 16, 2007
NATIONAL WEATHER SERVICE: for Safety, for Work, for Fun - FOR LIFE