725
CXUS56 KEKA 221230
CF6CEC
PRELIMINARY LOCAL CLIMATOLOGICAL DATA (WS FORM: F-6)

                                          STATION:   CRESCENT CITY CA
                                          MONTH:     APRIL
                                          YEAR:      2014
                                          LATITUDE:   41 46 N
                                          LONGITUDE: 124 14 W

  TEMPERATURE IN F:       :PCPN:    SNOW:  WIND      :SUNSHINE: SKY     :PK WND
================================================================================
1   2   3   4   5  6A  6B    7    8   9   10  11  12  13   14  15   16   17  18
                                     12Z  AVG MX 2MIN
DY MAX MIN AVG DEP HDD CDD  WTR  SNW DPTH SPD SPD DIR MIN PSBL S-S WX    SPD DR
================================================================================

 1  56  41  49   0  16   0 0.02    M    0  9.4 22 170   M    M   4 8      27 170
 2  55  37  46  -3  19   0 0.00  0.0    0  4.9 10 320   M    M   0 1      13 190
 3  58  42  50   1  15   0 0.00  0.0    0  6.5 18 150   M    M   5        23 140
 4  56  45  51   2  14   0 0.00    M    0  5.7 13 300   M    M   6 1      15 300
 5  56  48  52   3  13   0 0.01    M    0  6.7 14 170   M    M   9 18     16 160
 6  59  50  55   6  10   0    T  0.0    0  4.8 13 340   M    M   8 18     16 340
 7  54  48  51   2  14   0 0.00  0.0    0  5.7 15 330   M    M  10 2      18 330
 8  53  47  50   1  15   0 0.00  0.0    0  6.1 15 320   M    M  10 2      20 320
 9  58  47  53   4  12   0 0.00  0.0    0  6.5 17 320   M    M   7 1      22 320
10  59  46  53   4  12   0 0.00  0.0    0  7.8 18 160   M    M   3 28     23 160
11  58  43  51   2  14   0 0.00  0.0    0  7.3 16 320   M    M   3 28     21 330
12  57  41  49   0  16   0 0.00  0.0    0 11.1 25 340   M    M   5 28     34 340
13  69  38  54   5  11   0 0.00  0.0    0  4.7 12 340   M    M   1 18     14 340
14  56  47  52   3  13   0 0.00  0.0    0 10.7 23 330   M    M   6 1      31 330
15  55  46  51   2  14   0 0.00  0.0    0 14.5 29 320   M    M   3 1      40 320
16  56  43  50   1  15   0 0.00  0.0    0  9.0 20 310   M    M   1 1      25 320
17  53  46  50   1  15   0 0.05    M    0  3.3  9 240   M    M  10 1      11 310
18  56  40  48  -1  17   0 0.00  0.0    0  4.5 13 330   M    M   2 12     15 320
19  56  43  50   1  15   0 0.09    M    0  8.1 18 150   M    M   7 1      23 150
20  56  39  48  -2  17   0 0.00  0.0    0  4.8 12 300   M    M   3 18     14 310
21  55  43  49  -1  16   0 0.44    M    0  5.5 14 320   M    M   6 18     19 310
================================================================================
SM 1191  920       303   0  0.61     0.0 147.6          M      109
================================================================================
AV 56.7 43.8                               7.0 FASTST   M    M   5    MAX(MPH)
                                 MISC ---->  # 29 320               # 40  320
================================================================================
NOTES:
# LAST OF SEVERAL OCCURRENCES

COLUMN 17 PEAK WIND IN M.P.H.

PRELIMINARY LOCAL CLIMATOLOGICAL DATA (WS FORM: F-6) , PAGE 2

                                          STATION:  CRESCENT CITY CA
                                          MONTH:    APRIL
                                          YEAR:     2014
                                          LATITUDE:   41 46 N
                                          LONGITUDE: 124 14 W

[TEMPERATURE DATA]      [PRECIPITATION DATA]       SYMBOLS USED IN COLUMN 16

AVERAGE MONTHLY: 50.3   TOTAL FOR MONTH:   0.61    1 = FOG OR MIST
DPTR FM NORMAL:   1.2   DPTR FM NORMAL:   -3.44    2 = FOG REDUCING VISIBILITY
HIGHEST:    69 ON 13    GRTST 24HR  0.48 ON 31- 1      TO 1/4 MILE OR LESS
LOWEST:     37 ON  2                               3 = THUNDER
                        SNOW, ICE PELLETS, HAIL    4 = ICE PELLETS
                        TOTAL MONTH:   0.0 INCH    5 = HAIL
                        GRTST 24HR     0.0         6 = FREEZING RAIN OR DRIZZLE
                        GRTST DEPTH:   0           7 = DUSTSTORM OR SANDSTORM:
                                                       VSBY 1/2 MILE OR LESS
                                                   8 = SMOKE OR HAZE
[NO. OF DAYS WITH]      [WEATHER - DAYS WITH]      9 = BLOWING SNOW
                                                   X = TORNADO
MAX 32 OR BELOW:   0    0.01 INCH OR MORE:   5
MAX 90 OR ABOVE:   0    0.10 INCH OR MORE:   1
MIN 32 OR BELOW:   0    0.50 INCH OR MORE:   0
MIN  0 OR BELOW:   0    1.00 INCH OR MORE:   0

[HDD (BASE 65) ]
TOTAL THIS MO.   303    CLEAR  (SCALE 0-3)   7
DPTR FM NORMAL   -32    PTCLDY (SCALE 4-7)  10
TOTAL FM JUL 1  3900    CLOUDY (SCALE 8-10)  4
DPTR FM NORMAL  -121

[CDD (BASE 65) ]
TOTAL THIS MO.     0
DPTR FM NORMAL     0    [PRESSURE DATA]
TOTAL FM JAN 1     0    HIGHEST SLP M ON M
DPTR FM NORMAL     0    LOWEST  SLP 29.76 ON  1

[REMARKS]




U.S. Dept. of Commerce
NOAA National Weather Service
1325 East West Highway
Silver Spring, MD 20910
E-mail: w-nws.webmaster@noaa.gov
Page last modified: May 16, 2007
NATIONAL WEATHER SERVICE: for Safety, for Work, for Fun - FOR LIFE