509
CXUS56 KEKA 281230
CF6CEC
PRELIMINARY LOCAL CLIMATOLOGICAL DATA (WS FORM: F-6)

                                          STATION:   CRESCENT CITY CA
                                          MONTH:     JANUARY
                                          YEAR:      2015
                                          LATITUDE:   41 46 N
                                          LONGITUDE: 124 14 W

  TEMPERATURE IN F:       :PCPN:    SNOW:  WIND      :SUNSHINE: SKY     :PK WND
================================================================================
1   2   3   4   5  6A  6B    7    8   9   10  11  12  13   14  15   16   17  18
                                     12Z  AVG MX 2MIN
DY MAX MIN AVG DEP HDD CDD  WTR  SNW DPTH SPD SPD DIR MIN PSBL S-S WX    SPD DR
================================================================================

 1  55  34  45  -3  20   0 0.00  0.0    0  5.2 12  90   M    M   0        16  70
 2  54  38  46  -2  19   0 0.00  0.0    0  5.1  9 310   M    M   1        11 240
 3  54  38  46  -2  19   0 0.00  0.0    0  5.7 14 190   M    M   5        19 160
 4  56  46  51   3  14   0    T    M    0  6.4 15 160   M    M   6        19 160
 5  57  44  51   3  14   0 0.00  0.0    0  3.9  8 100   M    M   1 1      10 100
 6  67  42  55   7  10   0 0.00  0.0    0  3.3  8 100   M    M   0 18     12  80
 7  69  47  58  10   7   0 0.00  0.0    0  6.0 10  10   M    M   0 8      13 350
 8  65  46  56   8   9   0 0.00  0.0    0  4.9 10 250   M    M   0 8      13 250
 9  57  44  51   3  14   0 0.00  0.0    0  4.9 12 330   M    M   3 2      15 330
10  54  47  51   3  14   0 0.00  0.0    0  4.5 15 340   M    M  10 1      19 340
11  53  43  48   0  17   0 0.01    M    0  4.9  9 180   M    M   8 1      11 200
12  55  45  50   2  15   0 0.04    M    0  2.3  7 340   M    M   9 2      12 120
13  58  41  50   2  15   0 0.00  0.0    0  5.0  9 100   M    M   0 1      12 100
14  56  40  48   0  17   0 0.00  0.0    0  5.6 14 160   M    M   1        17 160
15  59  48  54   6  11   0 0.38    M    0 15.9 32 180   M    M  10 1      42 170
16  58  47  53   5  12   0 0.46    M    0  4.0 30 180   M    M   6 2      41 170
17  58  54  56   8   9   0 0.74  0.0    0 18.7 36 180   M    M  10 1      43 180
18  58  44  51   3  14   0 0.10  0.0    0  4.1 28 200   M    M   6 18     36 200
19  55  39  47  -1  18   0 0.00  0.0    0  7.0 17 340   M    M   0 18     23 350
20  55  38  47  -1  18   0 0.00  0.0    0  5.1 13 320   M    M   0 1      15 320
21  54  37  46  -2  19   0    T  0.0    0  5.1 10 320   M    M   0        13 330
22  61  42  52   4  13   0 0.00  0.0    0  3.4 10  50   M    M   1 1      14  60
23  60  42  51   3  14   0 0.00  0.0    0  4.8 12 330   M    M   1 18     16 330
24  62  43  53   5  12   0 0.00  0.0    0  4.2 14 340   M    M   3 18     18 350
25  71  44  58  10   7   0 0.00  0.0    0  5.9 12 170   M    M   0 18     16  80
26  58  43  51   3  14   0 0.00  0.0    0  4.6 10 180   M    M   5 2      13 180
27  55  46  51   3  14   0 0.00  0.0    0  4.3  9 150   M    M   3 1      11 170
================================================================================
SM 1574 1162       379   0  1.73     0.0 154.8          M       89
================================================================================
AV 58.3 43.0                               5.7 FASTST   M    M   3    MAX(MPH)
                                 MISC ---->  # 36 180               # 43  180
================================================================================
NOTES:
# LAST OF SEVERAL OCCURRENCES

COLUMN 17 PEAK WIND IN M.P.H.

PRELIMINARY LOCAL CLIMATOLOGICAL DATA (WS FORM: F-6) , PAGE 2

                                          STATION:  CRESCENT CITY CA
                                          MONTH:    JANUARY
                                          YEAR:     2015
                                          LATITUDE:   41 46 N
                                          LONGITUDE: 124 14 W

[TEMPERATURE DATA]      [PRECIPITATION DATA]       SYMBOLS USED IN COLUMN 16

AVERAGE MONTHLY: 50.7   TOTAL FOR MONTH:   1.73    1 = FOG OR MIST
DPTR FM NORMAL:   2.7   DPTR FM NORMAL:   -7.64    2 = FOG REDUCING VISIBILITY
HIGHEST:    71 ON 25    GRTST 24HR  0.81 ON 17-18      TO 1/4 MILE OR LESS
LOWEST:     34 ON  1                               3 = THUNDER
                        SNOW, ICE PELLETS, HAIL    4 = ICE PELLETS
                        TOTAL MONTH:   0.0 INCH    5 = HAIL
                        GRTST 24HR     0.0         6 = FREEZING RAIN OR DRIZZLE
                        GRTST DEPTH:   0           7 = DUSTSTORM OR SANDSTORM:
                                                       VSBY 1/2 MILE OR LESS
                                                   8 = SMOKE OR HAZE
[NO. OF DAYS WITH]      [WEATHER - DAYS WITH]      9 = BLOWING SNOW
                                                   X = TORNADO
MAX 32 OR BELOW:   0    0.01 INCH OR MORE:   6
MAX 90 OR ABOVE:   0    0.10 INCH OR MORE:   4
MIN 32 OR BELOW:   0    0.50 INCH OR MORE:   1
MIN  0 OR BELOW:   0    1.00 INCH OR MORE:   0

[HDD (BASE 65) ]
TOTAL THIS MO.   379    CLEAR  (SCALE 0-3)  17
DPTR FM NORMAL   -80    PTCLDY (SCALE 4-7)   5
TOTAL FM JUL 1  1848    CLOUDY (SCALE 8-10)  5
DPTR FM NORMAL  -767

[CDD (BASE 65) ]
TOTAL THIS MO.     0
DPTR FM NORMAL     0    [PRESSURE DATA]
TOTAL FM JAN 1     0    HIGHEST SLP M ON M
DPTR FM NORMAL     0    LOWEST  SLP 29.98 ON 26

[REMARKS]




U.S. Dept. of Commerce
NOAA National Weather Service
1325 East West Highway
Silver Spring, MD 20910
E-mail: w-nws.webmaster@noaa.gov
Page last modified: May 16, 2007
NATIONAL WEATHER SERVICE: for Safety, for Work, for Fun - FOR LIFE