270
CXUS56 KEKA 301230
CF6CEC
PRELIMINARY LOCAL CLIMATOLOGICAL DATA (WS FORM: F-6)

                                          STATION:   CRESCENT CITY CA
                                          MONTH:     AUGUST
                                          YEAR:      2014
                                          LATITUDE:   41 46 N
                                          LONGITUDE: 124 14 W

  TEMPERATURE IN F:       :PCPN:    SNOW:  WIND      :SUNSHINE: SKY     :PK WND
================================================================================
1   2   3   4   5  6A  6B    7    8   9   10  11  12  13   14  15   16   17  18
                                     12Z  AVG MX 2MIN
DY MAX MIN AVG DEP HDD CDD  WTR  SNW DPTH SPD SPD DIR MIN PSBL S-S WX    SPD DR
================================================================================

 1  62  54  58   1   7   0 0.00  0.0    0  5.6 14 150   M    M  10 2       M  M
 2  63  54  59   2   6   0 0.00  0.0    0  7.6 20 160   M    M   8 28     26 150
 3  59  54  57   0   8   0 0.00  0.0    0  5.0 12 170   M    M  10 1      15 170
 4  59  53  56  -1   9   0 0.00  0.0    0  6.1 13 170   M    M  10 2      16 170
 5  62  54  58   1   7   0 0.00  0.0    0  5.8 12 180   M    M   9 1      14 180
 6  61  53  57   0   8   0 0.00  0.0    0  6.0 16 170   M    M  10 2      18 170
 7  63  55  59   2   6   0 0.00  0.0    0  8.1 20 150   M    M   7 18     26 150
 8  64  54  59   2   6   0 0.00  0.0    0  7.6 23 160   M    M   4 18     27 160
 9  60  49  55  -2  10   0 0.00  0.0    0  7.4 20 170   M    M   6 18     26 160
10  61  53  57   0   8   0 0.00  0.0    0  8.1 18 170   M    M   9 28      M  M
11  58  52  55  -2  10   0 0.00  0.0    0  4.4 10 160   M    M  10 1       M  M
12  59  51  55  -2  10   0 0.01  0.0    0  8.1 16 170   M    M   9 1      20 160
13  64  55  60   3   5   0 0.02  0.0    0  3.7 10 270   M    M   8 18     13 270
14  66  54  60   3   5   0 0.00  0.0    0  5.5 17 330   M    M   8 2      23 330
15  66  57  62   5   3   0 0.00  0.0    0  4.9 12 310   M    M   8 2      15 320
16  61  55  58   1   7   0 0.00  0.0    0  4.8 12 190   M    M  10 28     14 180
17  61  55  58   1   7   0 0.00  0.0    0  5.6 14 170   M    M  10 2      17 180
18  60  55  58   1   7   0 0.01  0.0    0  4.5 14 140   M    M  10 13     16 140
19  63  55  59   2   6   0 0.00  0.0    0  7.7 15 150   M    M   9 28     19 160
20  65  56  61   4   4   0 0.00  0.0    0  9.2 21 330   M    M   6 28     32 330
21  65  49  57   0   8   0 0.00  0.0    0  4.9 13 310   M    M   2 2      17 320
22  65  55  60   3   5   0 0.00  0.0    0  6.3 20 340   M    M   4 1      27 340
23  66  52  59   2   6   0 0.00  0.0    0  6.4 18 330   M    M   4 28     23 330
24  63  49  56  -1   9   0 0.00  0.0    0  8.9 22 170   M    M   5 28     25 170
25  60  54  57   0   8   0 0.00  0.0    0  8.2 22 170   M    M  10 18     25 160
26  62  54  58   1   7   0 0.00  0.0    0  3.0  9 230   M    M   9 2      12 240
27  65  52  59   2   6   0 0.00  0.0    0  3.7  9 160   M    M   8 2      12 200
28  62  54  58   1   7   0 0.00  0.0    0  5.5 15 170   M    M  10 28     26 140
29  65  55  60   3   5   0 0.00  0.0    0  4.0 12 150   M    M   9 2      14 160
================================================================================
SM 1810 1552       200   0  0.04     0.0 176.6          M      232
================================================================================
AV 62.4 53.5                               6.1 FASTST   M    M   8    MAX(MPH)
                                 MISC ---->  # 23 160               # 32  330
================================================================================
NOTES:
# LAST OF SEVERAL OCCURRENCES

COLUMN 17 PEAK WIND IN M.P.H.

PRELIMINARY LOCAL CLIMATOLOGICAL DATA (WS FORM: F-6) , PAGE 2

                                          STATION:  CRESCENT CITY CA
                                          MONTH:    AUGUST
                                          YEAR:     2014
                                          LATITUDE:   41 46 N
                                          LONGITUDE: 124 14 W

[TEMPERATURE DATA]      [PRECIPITATION DATA]       SYMBOLS USED IN COLUMN 16

AVERAGE MONTHLY: 58.0   TOTAL FOR MONTH:   0.04    1 = FOG OR MIST
DPTR FM NORMAL:   1.0   DPTR FM NORMAL:   -0.43    2 = FOG REDUCING VISIBILITY
HIGHEST:    66 ON 23,15 GRTST 24HR  0.03 ON 12-13      TO 1/4 MILE OR LESS
LOWEST:     49 ON 24,21                            3 = THUNDER
                        SNOW, ICE PELLETS, HAIL    4 = ICE PELLETS
                        TOTAL MONTH:   0.0 INCH    5 = HAIL
                        GRTST 24HR     0.0         6 = FREEZING RAIN OR DRIZZLE
                        GRTST DEPTH:   0           7 = DUSTSTORM OR SANDSTORM:
                                                       VSBY 1/2 MILE OR LESS
                                                   8 = SMOKE OR HAZE
[NO. OF DAYS WITH]      [WEATHER - DAYS WITH]      9 = BLOWING SNOW
                                                   X = TORNADO
MAX 32 OR BELOW:   0    0.01 INCH OR MORE:   3
MAX 90 OR ABOVE:   0    0.10 INCH OR MORE:   0
MIN 32 OR BELOW:   0    0.50 INCH OR MORE:   0
MIN  0 OR BELOW:   0    1.00 INCH OR MORE:   0

[HDD (BASE 65) ]
TOTAL THIS MO.   200    CLEAR  (SCALE 0-3)   1
DPTR FM NORMAL   -32    PTCLDY (SCALE 4-7)  11
TOTAL FM JUL 1   413    CLOUDY (SCALE 8-10) 17
DPTR FM NORMAL   -93

[CDD (BASE 65) ]
TOTAL THIS MO.     0
DPTR FM NORMAL     0    [PRESSURE DATA]
TOTAL FM JAN 1     0    HIGHEST SLP M ON M
DPTR FM NORMAL     0    LOWEST  SLP 29.81 ON 19

[REMARKS]




U.S. Dept. of Commerce
NOAA National Weather Service
1325 East West Highway
Silver Spring, MD 20910
E-mail: w-nws.webmaster@noaa.gov
Page last modified: May 16, 2007
NATIONAL WEATHER SERVICE: for Safety, for Work, for Fun - FOR LIFE