635
CXUS56 KEKA 011230
CF6CEC
PRELIMINARY LOCAL CLIMATOLOGICAL DATA (WS FORM: F-6)

                                          STATION:   CRESCENT CITY CA
                                          MONTH:     NOVEMBER
                                          YEAR:      2014
                                          LATITUDE:   41 46 N
                                          LONGITUDE: 124 14 W

  TEMPERATURE IN F:       :PCPN:    SNOW:  WIND      :SUNSHINE: SKY     :PK WND
================================================================================
1   2   3   4   5  6A  6B    7    8   9   10  11  12  13   14  15   16   17  18
                                     12Z  AVG MX 2MIN
DY MAX MIN AVG DEP HDD CDD  WTR  SNW DPTH SPD SPD DIR MIN PSBL S-S WX    SPD DR
================================================================================

 1  60  41  51  -1  14   0 0.00  0.0    0  4.8 15 340   M    M   2 18     20 340
 2  60  42  51  -1  14   0 0.00  0.0    0  5.5 15 320   M    M   0        17 320
 3  62  48  55   3  10   0 0.00    M    0  4.6 10 160   M    M   2        13 150
 4  62  53  58   6   7   0    T  0.0    0  9.6 22 180   M    M   8        26 160
 5  66  53  60   8   5   0 0.00  0.0    0  5.8 16 160   M    M   5 2      20 170
 6  61  50  56   5   9   0 0.29  0.0    0 10.0 22 180   M    M   8 1      28 180
 7  62  46  54   3  11   0 0.00  0.0    0  5.1 12 350   M    M   1 28     16  20
 8  61  46  54   3  11   0 0.00  0.0    0  3.3 10 170   M    M   4 2      26 170
 9  61  49  55   4  10   0 0.00  0.0    0  4.8 20 340   M    M   7 2      25 340
10  62  46  54   3  11   0 0.00  0.0    0  8.1 15 330   M    M   0 18     22 360
11  60  45  53   2  12   0 0.00  0.0    0  6.2 10 180   M    M   7        13 170
12  61  49  55   5  10   0 0.19    M    0  6.0 14 160   M    M   8 1      18 170
13  61  55  58   8   7   0 0.46  0.0    0 11.9 28 180   M    M  10 1      34 180
14  59  51  55   5  10   0 0.16  0.0    0  6.8 15 270   M    M  10 1      18 270
15  60  50  55   5  10   0    T  0.0    0  4.9 10  50   M    M   6 1      14  60
16  62  44  53   3  12   0 0.00  0.0    0  5.9 10  90   M    M   0        13  90
17  63  43  53   3  12   0 0.00  0.0    0  6.2 10  90   M    M   0        13  90
18  64  45  55   5  10   0 0.00  0.0    0  5.3 12  90   M    M   0        13  80
19  65  52  59  10   6   0 0.35  0.0    0 10.5 25 150   M    M   9 1      33 160
20  61  50  56   7   9   0 0.28  0.0    0 10.1 22 180   M    M   8 1      28 190
21  59  53  56   7   9   0 1.04  0.0    0 20.2 36 180   M    M   9 1      46 170
22  60  48  54   5  11   0 0.05    M    0  5.9 15 270   M    M   7 18     20 270
23  55  44  50   1  15   0 0.00  0.0    0  4.2  9  80   M    M   1 1      12  90
24  59  44  52   3  13   0 0.00  0.0    0  5.4 12 180   M    M   7        13 180
25  61  47  54   6  11   0 0.01    M    0  2.6  8 340   M    M   3 18      9 330
26  64  46  55   7  10   0 0.00  0.0    0  7.0 17 180   M    M   0 1      21 190
27  63  53  58  10   7   0    T  0.0    0 14.5 23 150   M    M   5        31 160
28  59  55  57   9   8   0 0.79  0.0    0 19.6 29 160   M    M   9 1      39 160
29  57  44  51   3  14   0 0.22    M    0  9.8 25 190   M    M   5 1      31 190
30  62  46  54   6  11   0    T    M    0  6.4 14  70   M    M   4        19  80
================================================================================
SM 1832 1438       309   0  3.84     0.0 231.0          M      145
================================================================================
AV 61.1 47.9                               7.7 FASTST   M    M   5    MAX(MPH)
                                 MISC ---->  # 36 180               # 46  170
================================================================================
NOTES:
# LAST OF SEVERAL OCCURRENCES

COLUMN 17 PEAK WIND IN M.P.H.

PRELIMINARY LOCAL CLIMATOLOGICAL DATA (WS FORM: F-6) , PAGE 2

                                          STATION:  CRESCENT CITY CA
                                          MONTH:    NOVEMBER
                                          YEAR:     2014
                                          LATITUDE:   41 46 N
                                          LONGITUDE: 124 14 W

[TEMPERATURE DATA]      [PRECIPITATION DATA]       SYMBOLS USED IN COLUMN 16

AVERAGE MONTHLY: 54.5   TOTAL FOR MONTH:   3.84    1 = FOG OR MIST
DPTR FM NORMAL:   4.6   DPTR FM NORMAL:   -5.89    2 = FOG REDUCING VISIBILITY
HIGHEST:    66 ON  5    GRTST 24HR  1.04 ON 21-21      TO 1/4 MILE OR LESS
LOWEST:     41 ON  1                               3 = THUNDER
                        SNOW, ICE PELLETS, HAIL    4 = ICE PELLETS
                        TOTAL MONTH:   0.0 INCH    5 = HAIL
                        GRTST 24HR     0.0         6 = FREEZING RAIN OR DRIZZLE
                        GRTST DEPTH:   0           7 = DUSTSTORM OR SANDSTORM:
                                                       VSBY 1/2 MILE OR LESS
                                                   8 = SMOKE OR HAZE
[NO. OF DAYS WITH]      [WEATHER - DAYS WITH]      9 = BLOWING SNOW
                                                   X = TORNADO
MAX 32 OR BELOW:   0    0.01 INCH OR MORE:  11
MAX 90 OR ABOVE:   0    0.10 INCH OR MORE:   9
MIN 32 OR BELOW:   0    0.50 INCH OR MORE:   2
MIN  0 OR BELOW:   0    1.00 INCH OR MORE:   1

[HDD (BASE 65) ]
TOTAL THIS MO.   309    CLEAR  (SCALE 0-3)  11
DPTR FM NORMAL  -144    PTCLDY (SCALE 4-7)  13
TOTAL FM JUL 1  1107    CLOUDY (SCALE 8-10)  6
DPTR FM NORMAL  -510

[CDD (BASE 65) ]
TOTAL THIS MO.     0
DPTR FM NORMAL     0    [PRESSURE DATA]
TOTAL FM JAN 1     1    HIGHEST SLP 30.47 ON 25
DPTR FM NORMAL     1    LOWEST  SLP 29.69 ON 29

[REMARKS]
#FINAL-11-14#




U.S. Dept. of Commerce
NOAA National Weather Service
1325 East West Highway
Silver Spring, MD 20910
E-mail: w-nws.webmaster@noaa.gov
Page last modified: May 16, 2007
NATIONAL WEATHER SERVICE: for Safety, for Work, for Fun - FOR LIFE