974
CXUS56 KEKA 301230
CF6CEC
PRELIMINARY LOCAL CLIMATOLOGICAL DATA (WS FORM: F-6)

                                          STATION:   CRESCENT CITY CA
                                          MONTH:     JULY
                                          YEAR:      2014
                                          LATITUDE:   41 46 N
                                          LONGITUDE: 124 14 W

  TEMPERATURE IN F:       :PCPN:    SNOW:  WIND      :SUNSHINE: SKY     :PK WND
================================================================================
1   2   3   4   5  6A  6B    7    8   9   10  11  12  13   14  15   16   17  18
                                     12Z  AVG MX 2MIN
DY MAX MIN AVG DEP HDD CDD  WTR  SNW DPTH SPD SPD DIR MIN PSBL S-S WX    SPD DR
================================================================================

 1  60  52  56   0   9   0 0.00  0.0    0  5.5 12 140   M    M   6 2      15 170
 2  62  53  58   2   7   0 0.00  0.0    0  7.1 17 170   M    M   7 1      21 320
 3  63  52  58   2   7   0 0.00  0.0    0  8.7 20 320   M    M   5 1      26 320
 4  59  52  56   0   9   0 0.00  0.0    0  3.8 12 150   M    M   8 1      15 150
 5  61  53  57   1   8   0 0.00  0.0    0  4.0  8 330   M    M   9 2      12 180
 6  62  55  59   3   6   0 0.00  0.0    0  6.4 15 140   M    M  10 1      19 140
 7  60  55  58   2   7   0 0.00  0.0    0  7.4 20 160   M    M  10 2      25 140
 8  64  55  60   4   5   0 0.00  0.0    0  4.3 12 180   M    M   6 2      16 190
 9  60  52  56   0   9   0 0.00  0.0    0  6.5 13 170   M    M   9 2      16 160
10  62  52  57   1   8   0 0.00  0.0    0  7.1 21 170   M    M   9 2      25 170
11  62  53  58   2   7   0 0.00  0.0    0  5.9 12 180   M    M  10 1      14 180
12  61  53  57   1   8   0 0.00  0.0    0  5.2 12 310   M    M  10 1      14 310
13  60  53  57   1   8   0 0.00  0.0    0  4.8 13 320   M    M  10 1      17 320
14  62  54  58   2   7   0 0.00  0.0    0  5.0 15 170   M    M  10 2      18 180
15  60  51  56   0   9   0 0.00  0.0    0  9.2 18 170   M    M   7 2      23 170
16  63  53  58   2   7   0 0.00  0.0    0  5.6 15 170   M    M   3 2      17 180
17  59  52  56   0   9   0 0.00  0.0    0  6.9 16 170   M    M   8 1      19 170
18   M   M   M   M   M   M 0.00  0.0    0  5.4  9 170   M    M   9 28      M  M
19   M   M   M   M   M   M 0.00  0.0    0  7.9 15 180   M    M  10 2       M  M
20   M   M   M   M   M   M 0.00  0.0    0  6.0 14 170   M    M   7 18      M  M
21  64  56  60   4   5   0    T  0.0    0  9.8 18 170   M    M   9        23 160
22  60  53  57   1   8   0 0.00  0.0    0  4.3 13 170   M    M   9 1      16 160
23  64  53  59   3   6   0 0.20  0.0    0  5.8 10 320   M    M   7 1      14 170
24  65  48  57   1   8   0 0.00  0.0    0 14.8 31 320   M    M   0 18     41 320
25  64  52  58   2   7   0 0.00  0.0    0 12.1 22 330   M    M   0 1      30 330
26  62  49  56  -1   9   0 0.00  0.0    0  5.5 16 160   M    M   1 18     21 150
27  67  52  60   3   5   0 0.00  0.0    0  4.2 12 180   M    M   1 1      14 170
28  61  52  57   0   8   0 0.00  0.0    0  6.4 14 150   M    M   9 2      18 140
29  58  54  56  -1   9   0 0.00  0.0    0  5.5 13 170   M    M  10 1      17 160
================================================================================
SM 1605 1369       195   0  0.20     0.0 191.1          M      209
================================================================================
AV 61.7 52.7                               6.6 FASTST   M    M   7    MAX(MPH)
                                 MISC ---->  # 31 320               # 41  320
================================================================================
NOTES:
# LAST OF SEVERAL OCCURRENCES

COLUMN 17 PEAK WIND IN M.P.H.

PRELIMINARY LOCAL CLIMATOLOGICAL DATA (WS FORM: F-6) , PAGE 2

                                          STATION:  CRESCENT CITY CA
                                          MONTH:    JULY
                                          YEAR:     2014
                                          LATITUDE:   41 46 N
                                          LONGITUDE: 124 14 W

[TEMPERATURE DATA]      [PRECIPITATION DATA]       SYMBOLS USED IN COLUMN 16

AVERAGE MONTHLY: 57.2   TOTAL FOR MONTH:   0.20    1 = FOG OR MIST
DPTR FM NORMAL:   1.1   DPTR FM NORMAL:   -0.20    2 = FOG REDUCING VISIBILITY
HIGHEST:    67 ON 27    GRTST 24HR  0.20 ON 23-23      TO 1/4 MILE OR LESS
LOWEST:     48 ON 24                               3 = THUNDER
                        SNOW, ICE PELLETS, HAIL    4 = ICE PELLETS
                        TOTAL MONTH:   0.0 INCH    5 = HAIL
                        GRTST 24HR     0.0         6 = FREEZING RAIN OR DRIZZLE
                        GRTST DEPTH:   0           7 = DUSTSTORM OR SANDSTORM:
                                                       VSBY 1/2 MILE OR LESS
                                                   8 = SMOKE OR HAZE
[NO. OF DAYS WITH]      [WEATHER - DAYS WITH]      9 = BLOWING SNOW
                                                   X = TORNADO
MAX 32 OR BELOW:   0    0.01 INCH OR MORE:   1
MAX 90 OR ABOVE:   0    0.10 INCH OR MORE:   1
MIN 32 OR BELOW:   0    0.50 INCH OR MORE:   0
MIN  0 OR BELOW:   0    1.00 INCH OR MORE:   0

[HDD (BASE 65) ]
TOTAL THIS MO.   195    CLEAR  (SCALE 0-3)   4
DPTR FM NORMAL   -61    PTCLDY (SCALE 4-7)  10
TOTAL FM JUL 1   195    CLOUDY (SCALE 8-10) 15
DPTR FM NORMAL   -61

[CDD (BASE 65) ]
TOTAL THIS MO.     0
DPTR FM NORMAL     0    [PRESSURE DATA]
TOTAL FM JAN 1     0    HIGHEST SLP M ON M
DPTR FM NORMAL     0    LOWEST  SLP 29.78 ON  1

[REMARKS]




U.S. Dept. of Commerce
NOAA National Weather Service
1325 East West Highway
Silver Spring, MD 20910
E-mail: w-nws.webmaster@noaa.gov
Page last modified: May 16, 2007
NATIONAL WEATHER SERVICE: for Safety, for Work, for Fun - FOR LIFE