471
CXUS54 KLUB 300812
CF6CDS
PRELIMINARY LOCAL CLIMATOLOGICAL DATA (WS FORM: F-6)

                                          STATION:   CHILDRESS
                                          MONTH:     SEPTEMBER
                                          YEAR:      2014
                                          LATITUDE:   34 25 N
                                          LONGITUDE: 100 17 W

  TEMPERATURE IN F:       :PCPN:    SNOW:  WIND      :SUNSHINE: SKY     :PK WND
================================================================================
1   2   3   4   5  6A  6B    7    8   9   10  11  12  13   14  15   16   17  18
                                     12Z  AVG MX 2MIN
DY MAX MIN AVG DEP HDD CDD  WTR  SNW DPTH SPD SPD DIR MIN PSBL S-S WX    SPD DR
================================================================================

 1 100  73  87   8   0  22 0.00  0.0    0 12.6 23 190   M    M   0        30 190
 2  97  73  85   6   0  20 0.00  0.0    0 11.1 23 190   M    M   0        33 160
 3  96  72  84   5   0  19 0.00  0.0    0 13.7 25 190   M    M   0        32 170
 4  95  73  84   6   0  19 0.00  0.0    0 15.4 28 190   M    M   M        37 180
 5  92  65  79   1   0  14 0.49  0.0    0  8.8 24  20   M    M   2 1      31  10
 6  67  60  64 -14   1   0 0.68  0.0    0  9.0 18  10   M    M  10 1      22  30
 7  83  65  74  -4   0   9 0.00  0.0    0  4.5  9 140   M    M   4        11 140
 8  90  67  79   2   0  14 0.00  0.0    0  9.9 20 200   M    M   1 1      24 210
 9  96  70  83   6   0  18 0.00  0.0    0 14.2 24 210   M    M   0        33 210
10  88  71  80   4   0  15 0.00  0.0    0 12.0 21  20   M    M   2        27  20
11  75  63  69  -7   0   4 0.01  0.0    0  7.8 17  50   M    M   3        22  50
12  68  55  62 -14   3   0 0.20  0.0    0 14.6 25  20   M    M   9 1      31  10
13  66  52  59 -16   6   0 0.00  0.0    0  7.2 16  30   M    M   6        21  30
14  75  57  66  -9   0   1    T  0.0    0  9.1 15 190   M    M   2        19 200
15  86  65  76   2   0  11    T  0.0    0  7.2 16 180   M    M   9        21 220
16  86  65  76   2   0  11 0.00  0.0    0  6.2 13 360   M    M   4        16 160
17  86  69  78   4   0  13 0.02  0.0    0  7.0 14 230   M    M   1        17 230
18  79  70  75   2   0  10 0.03  0.0    0  3.4 10 130   M    M   3 1      12 150
19  86  70  78   5   0  13 0.00  0.0    0  5.9 15 140   M    M   4 128    20 180
20  87  68  78   5   0  13    T  0.0    0  5.3 18 140   M    M   6        22 140
21  92  69  81   9   0  16 0.01  0.0    0  6.9 18  60   M    M   4 123    26  50
22  82  67  75   3   0  10 0.00  0.0    0  6.9 15 140   M    M   5        19 140
23  88  61  75   4   0  10 0.00  0.0    0 11.0 18 190   M    M   0        23 180
24  83  62  73   2   0   8 0.19  0.0    0  6.9 15 200   M    M   4 3      20 240
25  81  61  71   0   0   6 0.00  0.0    0  5.3 14 190   M    M   0        18 180
26  85  58  72   2   0   7 0.00  0.0    0  6.1 15 200   M    M   0        21 190
27  85  62  74   4   0   9 0.00  0.0    0  7.6 18 200   M    M   4        23 210
28  85  61  73   4   0   8 0.00  0.0    0  5.8 14 200   M    M   2        18 190
29  86  61  74   5   0   9 0.00  0.0    0  7.3 16 160   M    M   1        24 200
================================================================================
SM 2465 1885        10 309  1.63     0.0 248.7          M       86
================================================================================
AV 85.0 65.0                               8.6 FASTST   M    M   3    MAX(MPH)
                                 MISC ---->  # 28 190               # 37  180
================================================================================
NOTES:
# LAST OF SEVERAL OCCURRENCES

COLUMN 17 PEAK WIND IN M.P.H.

PRELIMINARY LOCAL CLIMATOLOGICAL DATA (WS FORM: F-6) , PAGE 2

                                          STATION:  CHILDRESS
                                          MONTH:    SEPTEMBER
                                          YEAR:     2014
                                          LATITUDE:   34 25 N
                                          LONGITUDE: 100 17 W

[TEMPERATURE DATA]      [PRECIPITATION DATA]       SYMBOLS USED IN COLUMN 16

AVERAGE MONTHLY: 75.0   TOTAL FOR MONTH:   1.63    1 = FOG OR MIST
DPTR FM NORMAL:   0.6   DPTR FM NORMAL:   -0.73    2 = FOG REDUCING VISIBILITY
HIGHEST:   100 ON  1    GRTST 24HR  1.17 ON  5- 6      TO 1/4 MILE OR LESS
LOWEST:     52 ON 13                               3 = THUNDER
                        SNOW, ICE PELLETS, HAIL    4 = ICE PELLETS
                        TOTAL MONTH:   0.0 INCH    5 = HAIL
                        GRTST 24HR     0.0         6 = FREEZING RAIN OR DRIZZLE
                        GRTST DEPTH:   0           7 = DUSTSTORM OR SANDSTORM:
                                                       VSBY 1/2 MILE OR LESS
                                                   8 = SMOKE OR HAZE
[NO. OF DAYS WITH]      [WEATHER - DAYS WITH]      9 = BLOWING SNOW
                                                   X = TORNADO
MAX 32 OR BELOW:   0    0.01 INCH OR MORE:   8
MAX 90 OR ABOVE:   8    0.10 INCH OR MORE:   4
MIN 32 OR BELOW:   0    0.50 INCH OR MORE:   1
MIN  0 OR BELOW:   0    1.00 INCH OR MORE:   0

[HDD (BASE 65) ]
TOTAL THIS MO.    10    CLEAR  (SCALE 0-3)  15
DPTR FM NORMAL    -4    PTCLDY (SCALE 4-7)  10
TOTAL FM JUL 1    10    CLOUDY (SCALE 8-10)  3
DPTR FM NORMAL    -4

[CDD (BASE 65) ]
TOTAL THIS MO.   309
DPTR FM NORMAL    20    [PRESSURE DATA]
TOTAL FM JAN 1  2168    HIGHEST SLP M ON M
DPTR FM NORMAL    48    LOWEST  SLP 29.62 ON 10

[REMARKS]




U.S. Dept. of Commerce
NOAA National Weather Service
1325 East West Highway
Silver Spring, MD 20910
E-mail: w-nws.webmaster@noaa.gov
Page last modified: May 16, 2007
NATIONAL WEATHER SERVICE: for Safety, for Work, for Fun - FOR LIFE