157
CXUS54 KLUB 012055
CF6CDS
PRELIMINARY LOCAL CLIMATOLOGICAL DATA (WS FORM: F-6)

                                          STATION:   CHILDRESS
                                          MONTH:     NOVEMBER
                                          YEAR:      2014
                                          LATITUDE:   34 25 N
                                          LONGITUDE: 100 17 W

  TEMPERATURE IN F:       :PCPN:    SNOW:  WIND      :SUNSHINE: SKY     :PK WND
================================================================================
1   2   3   4   5  6A  6B    7    8   9   10  11  12  13   14  15   16   17  18
                                     12Z  AVG MX 2MIN
DY MAX MIN AVG DEP HDD CDD  WTR  SNW DPTH SPD SPD DIR MIN PSBL S-S WX    SPD DR
================================================================================

 1  65  33  49  -9  16   0 0.00  0.0    0 12.0 20 170   M    M   0        28 150
 2  73  52  63   6   2   0 0.00  0.0    0 14.4 24 170   M    M   0        30 170
 3  72  58  65   8   0   0 0.05  0.0    0  9.1 29 330   M    M   8 13     36 340
 4  59  46  53  -4  12   0 0.59  0.0    0 10.2 23  20   M    M   6 1      31  20
 5  63  44  54  -2  11   0 0.00  0.0    0  3.6  9 180   M    M   0        11 350
 6  69  42  56   0   9   0 0.00  0.0    0  6.9 14  50   M    M   0        18  50
 7  73  42  58   3   7   0 0.00  0.0    0 12.1 26 210   M    M   0        34 200
 8  69  49  59   4   6   0 0.00  0.0    0 10.8 24  20   M    M   0        29  30
 9  82  45  64  10   1   0 0.00  0.0    0 14.1 23 220   M    M   0        30 230
10  87  37  62   8   3   0 0.00  0.0    0 18.3 43  10   M    M   0 8      56  10
11  42  29  36 -18  29   0 0.00  0.0    0 16.9 36 360   M    M   0        44  10
12  29  24  27 -26  38   0 0.00  0.0    0 15.5 24  10   M    M   8        31  10
13  34  23  29 -24  36   0 0.00  0.0    0  9.9 22  10   M    M   8        26 360
14  43  25  34 -18  31   0 0.00  0.0    0 10.9 18 130   M    M   5        23 190
15  64  31  48  -4  17   0 0.00  0.0    0 13.9 22 200   M    M   0        27 190
16  42  17  30 -22  35   0 0.15  2.0    1 14.6 29  20   M    M   9 1269   37  20
17  43  13  28 -23  37   0 0.00  0.0    0  7.1 13 330   M    M   0        16 310
18  55  25  40 -11  25   0 0.00  0.0    0  9.3 18 210   M    M   0        31 200
19  60  31  46  -4  19   0 0.00  0.0    0  6.7 14 210   M    M   0        18 210
20  62  32  47  -3  18   0 0.00  0.0    0  5.2 12  20   M    M   0        15  30
21  57  33  45  -4  20   0 0.00  0.0    0  4.8 12 330   M    M   3 128    14 330
22  60  41  51   2  14   0 0.00  0.0    0  8.2 22 140   M    M   8 12     26 130
23  64  39  52   4  13   0    T  0.0    0 17.2 37 340   M    M   3 1      46 330
24  58  33  46  -2  19   0 0.00  0.0    0  6.5 12 350   M    M   3        20 280
25  59  33  46  -2  19   0 0.00  0.0    0 10.3 22 230   M    M   1        30 220
26  60  36  48   1  17   0 0.00  0.0    0 10.2 22  10   M    M   0        26 360
27  57  28  43  -4  22   0 0.00  0.0    0  8.2 17 180   M    M   0        22 190
28  82  34  58  12   7   0 0.00  0.0    0 13.2 23 220   M    M   0        32 230
29  84  47  66  20   0   1 0.00  0.0    0 13.4 23 210   M    M   0        29 210
30  81  30  56  10   9   0 0.00  0.0    0 12.8 24  10   M    M   0        31  10
================================================================================
SM 1848 1052       492   1  0.79     2.0 326.3          M       62
================================================================================
AV 61.6 35.1                              10.9 FASTST   M    M   2    MAX(MPH)
                                 MISC ---->  # 43  10               # 56   10
================================================================================
NOTES:
# LAST OF SEVERAL OCCURRENCES

COLUMN 17 PEAK WIND IN M.P.H.

PRELIMINARY LOCAL CLIMATOLOGICAL DATA (WS FORM: F-6) , PAGE 2

                                          STATION:  CHILDRESS
                                          MONTH:    NOVEMBER
                                          YEAR:     2014
                                          LATITUDE:   34 25 N
                                          LONGITUDE: 100 17 W

[TEMPERATURE DATA]      [PRECIPITATION DATA]       SYMBOLS USED IN COLUMN 16

AVERAGE MONTHLY: 48.3   TOTAL FOR MONTH:   0.79    1 = FOG OR MIST
DPTR FM NORMAL:  -3.3   DPTR FM NORMAL:   -0.46    2 = FOG REDUCING VISIBILITY
HIGHEST:    87 ON 10    GRTST 24HR  0.64 ON  3- 4      TO 1/4 MILE OR LESS
LOWEST:     13 ON 17                               3 = THUNDER
                        SNOW, ICE PELLETS, HAIL    4 = ICE PELLETS
                        TOTAL MONTH:   2.0 INCHES  5 = HAIL
                        GRTST 24HR   2.0 ON 16-16  6 = FREEZING RAIN OR DRIZZLE
                        GRTST DEPTH:   1 ON 16     7 = DUSTSTORM OR SANDSTORM:
                                                       VSBY 1/2 MILE OR LESS
                                                   8 = SMOKE OR HAZE
[NO. OF DAYS WITH]      [WEATHER - DAYS WITH]      9 = BLOWING SNOW
                                                   X = TORNADO
MAX 32 OR BELOW:   1    0.01 INCH OR MORE:   3
MAX 90 OR ABOVE:   0    0.10 INCH OR MORE:   2
MIN 32 OR BELOW:  12    0.50 INCH OR MORE:   1
MIN  0 OR BELOW:   0    1.00 INCH OR MORE:   0

[HDD (BASE 65) ]
TOTAL THIS MO.   492    CLEAR  (SCALE 0-3)  23
DPTR FM NORMAL    84    PTCLDY (SCALE 4-7)   6
TOTAL FM JUL 1   555    CLOUDY (SCALE 8-10)  1
DPTR FM NORMAL    -5

[CDD (BASE 65) ]
TOTAL THIS MO.     1
DPTR FM NORMAL    -6    [PRESSURE DATA]
TOTAL FM JAN 1  2317    HIGHEST SLP M ON M
DPTR FM NORMAL   110    LOWEST  SLP 29.38 ON 10

[REMARKS]
#FINAL-11-14#




U.S. Dept. of Commerce
NOAA National Weather Service
1325 East West Highway
Silver Spring, MD 20910
E-mail: w-nws.webmaster@noaa.gov
Page last modified: May 16, 2007
NATIONAL WEATHER SERVICE: for Safety, for Work, for Fun - FOR LIFE