544
CXUS54 KLUB 240812
CF6CDS
PRELIMINARY LOCAL CLIMATOLOGICAL DATA (WS FORM: F-6)

                                          STATION:   CHILDRESS
                                          MONTH:     APRIL
                                          YEAR:      2014
                                          LATITUDE:   34 25 N
                                          LONGITUDE: 100 17 W

  TEMPERATURE IN F:       :PCPN:    SNOW:  WIND      :SUNSHINE: SKY     :PK WND
================================================================================
1   2   3   4   5  6A  6B    7    8   9   10  11  12  13   14  15   16   17  18
                                     12Z  AVG MX 2MIN
DY MAX MIN AVG DEP HDD CDD  WTR  SNW DPTH SPD SPD DIR MIN PSBL S-S WX    SPD DR
================================================================================

 1  76  44  60   2   5   0 0.00  0.0    0 10.2 26  60   M    M   1        35  50
 2  92  52  72  14   0   7 0.00  0.0    0 12.8 26 200   M    M   0        31 220
 3  82  44  63   4   2   0 0.00  0.0    0 18.1 41 350   M    M   1 8      51 360
 4  67  33  50  -9  15   0 0.00  0.0    0  8.1 15 150   M    M   0        19 130
 5  60  43  52  -7  13   0    T  0.0    0 11.8 23 130   M    M   4        30 130
 6  56  42  49 -11  16   0    T    M    0  6.6 13 110   M    M   5        16 110
 7  70  39  55  -5  10   0 0.00  0.0    0 13.8 29 340   M    M   2        39 360
 8  79  37  58  -2   7   0 0.00  0.0    0 11.8 28 350   M    M   0        37 350
 9  92  43  68   8   0   3 0.00  0.0    0 13.9 29 200   M    M   0        40 190
10  89  62  76  15   0  11 0.00  0.0    0 14.1 26 220   M    M   0        34 210
11  85  49  67   6   0   2 0.00  0.0    0  7.0 15  20   M    M   0        19  20
12  97  51  74  13   0   9 0.00  0.0    0 12.8 25 220   M    M   0        37 260
13  90  42  66   4   0   1 0.00  0.0    0 24.1 37 240   M    M   1 7      45  20
14  53  33  43 -19  22   0 0.00  0.0    0 22.9 38 350   M    M   5        46 360
15  68  26  47 -15  18   0 0.00  0.0    0 11.0 24 200   M    M   0        33 220
16  79  43  61  -1   4   0 0.00  0.0    0 17.0 29 210   M    M   0        35 190
17  57  47  52 -11  13   0 0.01    M    0 10.5 16  30   M    M   7 1      24 120
18  70  47  59  -4   6   0 0.00  0.0    0  7.9 17 160   M    M   6 18     26 140
19  82  49  66   3   0   1    T    M    0 12.9 23 180   M    M   1        31 190
20  78  57  68   4   0   3 1.44  0.0    0 10.5 37 350   M    M   8 135    46 330
21  80  60  70   6   0   5 0.00  0.0    0  8.3 15  20   M    M   5 1      20  50
22  83  53  68   4   0   3 0.00  0.0    0  9.0 21 160   M    M   0        28 160
23  90  56  73   9   0   8 0.06  0.0    0 16.5 32 170   M    M   1 38     42 170
================================================================================
SM 1775 1052       131  53  1.51     0.0 291.6          M       47
================================================================================
AV 77.2 45.7                              12.7 FASTST   M    M   2    MAX(MPH)
                                 MISC ---->  # 41 350               # 51  360
================================================================================
NOTES:
# LAST OF SEVERAL OCCURRENCES

COLUMN 17 PEAK WIND IN M.P.H.

PRELIMINARY LOCAL CLIMATOLOGICAL DATA (WS FORM: F-6) , PAGE 2

                                          STATION:  CHILDRESS
                                          MONTH:    APRIL
                                          YEAR:     2014
                                          LATITUDE:   34 25 N
                                          LONGITUDE: 100 17 W

[TEMPERATURE DATA]      [PRECIPITATION DATA]       SYMBOLS USED IN COLUMN 16

AVERAGE MONTHLY: 61.5   TOTAL FOR MONTH:   1.51    1 = FOG OR MIST
DPTR FM NORMAL:   0.2   DPTR FM NORMAL:    0.00    2 = FOG REDUCING VISIBILITY
HIGHEST:    97 ON 12    GRTST 24HR  1.44 ON 20-20      TO 1/4 MILE OR LESS
LOWEST:     26 ON 15                               3 = THUNDER
                        SNOW, ICE PELLETS, HAIL    4 = ICE PELLETS
                        TOTAL MONTH:   0.0 INCH    5 = HAIL
                        GRTST 24HR     0.0         6 = FREEZING RAIN OR DRIZZLE
                        GRTST DEPTH:   0           7 = DUSTSTORM OR SANDSTORM:
                                                       VSBY 1/2 MILE OR LESS
                                                   8 = SMOKE OR HAZE
[NO. OF DAYS WITH]      [WEATHER - DAYS WITH]      9 = BLOWING SNOW
                                                   X = TORNADO
MAX 32 OR BELOW:   0    0.01 INCH OR MORE:   3
MAX 90 OR ABOVE:   5    0.10 INCH OR MORE:   1
MIN 32 OR BELOW:   1    0.50 INCH OR MORE:   1
MIN  0 OR BELOW:   0    1.00 INCH OR MORE:   1

[HDD (BASE 65) ]
TOTAL THIS MO.   131    CLEAR  (SCALE 0-3)  16
DPTR FM NORMAL    -2    PTCLDY (SCALE 4-7)   7
TOTAL FM JUL 1  3405    CLOUDY (SCALE 8-10)  0
DPTR FM NORMAL   337

[CDD (BASE 65) ]
TOTAL THIS MO.    53
DPTR FM NORMAL     6    [PRESSURE DATA]
TOTAL FM JAN 1    63    HIGHEST SLP M ON M
DPTR FM NORMAL    -3    LOWEST  SLP 29.44 ON 13

[REMARKS]




U.S. Dept. of Commerce
NOAA National Weather Service
1325 East West Highway
Silver Spring, MD 20910
E-mail: w-nws.webmaster@noaa.gov
Page last modified: May 16, 2007
NATIONAL WEATHER SERVICE: for Safety, for Work, for Fun - FOR LIFE