508
CXUS55 KCYS 022010
CF6CDR
PRELIMINARY LOCAL CLIMATOLOGICAL DATA (WS FORM: F-6)     ...CORRECTED...

                                          STATION:   CHADRON NEBRASKA AIRPORT
                                          MONTH:     NOVEMBER
                                          YEAR:      2014
                                          LATITUDE:   42 50 N
                                          LONGITUDE: 103  6 W

  TEMPERATURE IN F:       :PCPN:    SNOW:  WIND      :SUNSHINE: SKY     :PK WND
================================================================================
1   2   3   4   5  6A  6B    7    8   9   10  11  12  13   14  15   16   17  18
                                     12Z  AVG MX 2MIN
DY MAX MIN AVG DEP HDD CDD  WTR  SNW DPTH SPD SPD DIR MIN PSBL S-S WX    SPD DR
================================================================================

 1  69  36  53  12  12   0 0.00    M    M 12.5 30 190   M    M   0        39 180
 2  64  36  50  10  15   0    T    M    M  4.9 14  20   M    M   3        18  20
 3  51  27  39  -1  26   0 0.10    M    M  8.7 18  30   M    M   6 1      25  40
 4  59  25  42   2  23   0 0.00    M    M  7.8 20 250   M    M   0        26 250
 5  58  29  44   5  21   0 0.00    M    M 12.3 31 320   M    M   0        43 310
 6  66  24  45   6  20   0 0.00    M    M  6.0 14 220   M    M   0 8      17 230
 7  64  39  52  14  13   0 0.00    M    M 11.4 33 310   M    M   3        43 300
 8  62  29  46   8  19   0 0.00    M    M  4.6 13 280   M    M   2        16 280
 9  64  28  46   9  19   0 0.00    M    M  3.8 16 250   M    M   1        19 250
10  42  13  28  -9  37   0 0.03    M    M 15.3 30  10   M    M  10 128    36  10
11  14  -3   6 -30  59   0 0.11    M    M  6.7 18  20   M    M  10 8      22  30
12  11  -8   2 -34  63   0 0.00    M    M 11.8 22 300   M    M   2        28 300
13  19 -13   3 -32  62   0 0.00    M    M  6.3 17 200   M    M   M        23 180
14  26   7  17 -18  48   0 0.05    M    M  7.1 15  30   M    M  10 18     18  30
15  12  -3   5 -29  60   0 0.13    M    M  8.0 16 290   M    M   7 18     20 280
16  27  -6  11 -23  54   0 0.00    M    M 15.0 38 310   M    M   1 89     48 310
17  21   8  15 -18  50   0 0.00    M    M 14.6 26 300   M    M   1        36 300
18  43   2  23 -10  42   0 0.00    M    M 10.3 22 280   M    M   2        28 280
19  35  12  24  -8  41   0 0.00    M    M 12.4 24 290   M    M   2        30 300
20  45   5  25  -7  40   0 0.00    M    M  2.6  7 250   M    M   0         8 260
21  50  21  36   5  29   0 0.00    M    M  4.0  9 240   M    M   1 8      12 280
22  60  24  42  11  23   0 0.00    M    M 10.1 24 310   M    M   1        34 300
23  45  28  37   7  28   0 0.00    M    M 16.4 35 310   M    M   4        45 320
24  41  23  32   2  33   0    T    M    M 15.3 32 310   M    M   6 1      43 310
25  42  22  32   3  33   0 0.00    M    M 14.8 30 300   M    M   7        40 300
26  34  24  29   0  36   0    T    M    M  5.3 24 310   M    M  10 18     32 310
27  63  18  41  13  24   0 0.00    M    M  3.5 17 270   M    M   M        20 260
28  69  34  52  24  13   0 0.00    M    M  9.8 25 270   M    M   M        31 250
29  66  12  39  11  26   0    T    M    M 12.7 30  40   M    M   M        36  40
30  18   5  12 -15  53   0    T    M    M  6.7 17  20   M    M   6        20  10
================================================================================
SM 1340  498      1022   0  0.42    M    280.7            0     95
================================================================================
AV 44.7 16.6                               9.4 FASTST    0   0   3    MAX(MPH)
                                 MISC ---->    38 310                 48  310
================================================================================
NOTES:
# LAST OF SEVERAL OCCURRENCES

COLUMN 17 PEAK WIND IN M.P.H.

PRELIMINARY LOCAL CLIMATOLOGICAL DATA (WS FORM: F-6) , PAGE 2

                                          STATION:  CHADRON NEBRASKA AIRPORT
                                          MONTH:    NOVEMBER
                                          YEAR:     2014
                                          LATITUDE:   42 50 N
                                          LONGITUDE: 103  6 W

[TEMPERATURE DATA]      [PRECIPITATION DATA]       SYMBOLS USED IN COLUMN 16

AVERAGE MONTHLY: 30.6   TOTAL FOR MONTH:   0.42    1 = FOG OR MIST
DPTR FM NORMAL:  -3.4   DPTR FM NORMAL:   -0.20    2 = FOG REDUCING VISIBILITY
HIGHEST:    69 ON 28, 1 GRTST 24HR  0.18 ON 14-15      TO 1/4 MILE OR LESS
LOWEST:    -13 ON 13                               3 = THUNDER
                        SNOW, ICE PELLETS, HAIL    4 = ICE PELLETS
                        TOTAL MONTH:    M          5 = HAIL
                        GRTST 24HR    M  ON   M    6 = FREEZING RAIN OR DRIZZLE
                        GRTST DEPTH:  M  ON   M    7 = DUSTSTORM OR SANDSTORM:
                                                       VSBY 1/2 MILE OR LESS
                                                   8 = SMOKE OR HAZE
[NO. OF DAYS WITH]      [WEATHER - DAYS WITH]      9 = BLOWING SNOW
                                                   X = TORNADO
MAX 32 OR BELOW:   8    0.01 INCH OR MORE:   5
MAX 90 OR ABOVE:   0    0.10 INCH OR MORE:   3
MIN 32 OR BELOW:  26    0.50 INCH OR MORE:   0
MIN  0 OR BELOW:   5    1.00 INCH OR MORE:   0

[HDD (BASE 65) ]
TOTAL THIS MO.  1022    CLEAR  (SCALE 0-3)  18
DPTR FM NORMAL    91    PTCLDY (SCALE 4-7)   7
TOTAL FM JUL 1  1605    CLOUDY (SCALE 8-10)  4
DPTR FM NORMAL   -79

[CDD (BASE 65) ]
TOTAL THIS MO.     0
DPTR FM NORMAL     0    [PRESSURE DATA]
TOTAL FM JAN 1   647    HIGHEST SLP 30.89 ON 12
DPTR FM NORMAL   -65    LOWEST  SLP 29.33 ON 10

[REMARKS]
...NOVEMBER 2014 TIED FOR THE 9TH COLDEST NOVEMBER ON RECORD...

Precipitation data for the 10th, 11th, 14th and 15th determined using ASOS 5
minute observations, Chadron 3SW (25-1575) Cooperative Observing Site and nearby
CoCoRaHS sites. Snowfall of 2-3 inches was reported for 10th and 11th and
snowfall of around 5 inches was reported for the 14th and 15th.

Temperature data for the 25th through the 30th was determined using Chadron 3SW
(25-1575) Cooperative Observing Site and Chadron (DW6827 Chadron) APRSWXNET/CWOP
site. ASOS temperature sensor fan Outage.
#FINAL-11-14#




U.S. Dept. of Commerce
NOAA National Weather Service
1325 East West Highway
Silver Spring, MD 20910
E-mail: w-nws.webmaster@noaa.gov
Page last modified: May 16, 2007
NATIONAL WEATHER SERVICE: for Safety, for Work, for Fun - FOR LIFE