843
CXUS55 KCYS 311000
CF6CDR
PRELIMINARY LOCAL CLIMATOLOGICAL DATA (WS FORM: F-6)

                                          STATION:   CHADRON NEBRASKA AIRPORT
                                          MONTH:     JULY
                                          YEAR:      2014
                                          LATITUDE:   42 50 N
                                          LONGITUDE: 103  6 W

  TEMPERATURE IN F:       :PCPN:    SNOW:  WIND      :SUNSHINE: SKY     :PK WND
================================================================================
1   2   3   4   5  6A  6B    7    8   9   10  11  12  13   14  15   16   17  18
                                     12Z  AVG MX 2MIN
DY MAX MIN AVG DEP HDD CDD  WTR  SNW DPTH SPD SPD DIR MIN PSBL S-S WX    SPD DR
================================================================================

 1  75  48  62  -9   3   0 0.00    M    M 12.5 25 310   M    M   2        32 290
 2  80  42  61 -10   4   0 0.00    M    M  5.2 15  70   M    M   0 8      20  70
 3  89  51  70  -1   0   5 0.00    M    M  9.7 24 160   M    M   0        32 160
 4  95  63  79   7   0  14 0.00    M    M  7.1 24 170   M    M   0        32 170
 5 100  54  77   5   0  12 0.00    M    M  4.0 12 240   M    M   0        13 240
 6  90  60  75   3   0  10 0.00    M    M  6.3 17  60   M    M   0        23  30
 7  92  56  74   2   0   9 0.00    M    M  9.8 32  20   M    M   3        39  40
 8  85  49  67  -6   0   2 0.00    M    M  6.1 16  40   M    M   1        21  10
 9  89  56  73   0   0   8 0.00    M    M  6.5 20  90   M    M   1        25  90
10  94  59  77   4   0  12 0.13    M    M 10.0 29 230   M    M   3 1      36 230
11  91  64  78   5   0  13 0.07    M    M  7.0 24 120   M    M   4 13     27 110
12  86  60  73   0   0   8    T    M    M  5.8 22  40   M    M   4        32  20
13  93  53  73  -1   0   8 0.00    M    M  5.7 15  60   M    M   1 3      18  70
14  76  49  63 -11   2   0 0.00    M    M  8.1 18  60   M    M   0        23  30
15  80  45  63 -11   2   0 0.00  0.0    M  8.7 20 140   M    M   3        24 140
16  76  53  65  -9   0   0 0.00    M    M  6.6 16 170   M    M   7 3      20 160
17  85  50  68  -6   0   3 0.00    M    M 10.7 26 180   M    M   0        34 180
18  97  60  79   5   0  14 0.00    M    M  8.2 28 180   M    M   0        34 180
19  93  62  78   4   0  13 0.00    M    M 11.3 29  50   M    M   0 8      37 170
20 102  60  81   7   0  16 0.00    M    M  7.9 16 150   M    M   0 18     18 150
21 104  62  83   8   0  18 0.00    M    M 13.0 30 260   M    M   0        38 270
22  95  63  79   4   0  14 0.43    M    M 10.9 56 300   M    M   0 138    73 300
23  95  66  81   6   0  16 0.01    M    M 16.7 29 160   M    M   0        38 170
24 108  71  90  15   0  25    T    M    M 13.2 39 260   M    M   0 3      48 260
25  90  62  76   1   0  11 0.00    M    M 10.7 29 180   M    M   0        37 190
26  89  55  72  -3   0   7 0.00    M    M  8.0 20  10   M    M   0        24  20
27  89  49  69  -6   0   4 0.00    M    M  5.5 18  50   M    M   0        23  40
28  89  54  72  -3   0   7 0.00    M    M  8.0 16  80   M    M   0        22 100
29  78  56  67  -8   0   2 0.02    M    M  8.1 22  40   M    M   4 3      27  30
30  85  52  69  -6   0   4 0.00    M    M  5.3 12 250   M    M   0 18     16 190
================================================================================
SM 2690 1684        11 255  0.66     0.0 256.6          M       33
================================================================================
AV 89.7 56.1                               8.6 FASTST   M    M   1    MAX(MPH)
                                 MISC ---->  # 56 300               # 73  300
================================================================================
NOTES:
# LAST OF SEVERAL OCCURRENCES

COLUMN 17 PEAK WIND IN M.P.H.

PRELIMINARY LOCAL CLIMATOLOGICAL DATA (WS FORM: F-6) , PAGE 2

                                          STATION:  CHADRON NEBRASKA AIRPORT
                                          MONTH:    JULY
                                          YEAR:     2014
                                          LATITUDE:   42 50 N
                                          LONGITUDE: 103  6 W

[TEMPERATURE DATA]      [PRECIPITATION DATA]       SYMBOLS USED IN COLUMN 16

AVERAGE MONTHLY: 72.9   TOTAL FOR MONTH:   0.66    1 = FOG OR MIST
DPTR FM NORMAL:  -0.7   DPTR FM NORMAL:   -1.39    2 = FOG REDUCING VISIBILITY
HIGHEST:   108 ON 24    GRTST 24HR  0.44 ON 22-23      TO 1/4 MILE OR LESS
LOWEST:     42 ON  2                               3 = THUNDER
                        SNOW, ICE PELLETS, HAIL    4 = ICE PELLETS
                        TOTAL MONTH:   0.0 INCH    5 = HAIL
                        GRTST 24HR     0.0         6 = FREEZING RAIN OR DRIZZLE
                        GRTST DEPTH:  M  ON   M    7 = DUSTSTORM OR SANDSTORM:
                                                       VSBY 1/2 MILE OR LESS
                                                   8 = SMOKE OR HAZE
[NO. OF DAYS WITH]      [WEATHER - DAYS WITH]      9 = BLOWING SNOW
                                                   X = TORNADO
MAX 32 OR BELOW:   0    0.01 INCH OR MORE:   5
MAX 90 OR ABOVE:  15    0.10 INCH OR MORE:   2
MIN 32 OR BELOW:   0    0.50 INCH OR MORE:   0
MIN  0 OR BELOW:   0    1.00 INCH OR MORE:   0

[HDD (BASE 65) ]
TOTAL THIS MO.    11    CLEAR  (SCALE 0-3)  25
DPTR FM NORMAL     6    PTCLDY (SCALE 4-7)   5
TOTAL FM JUL 1    11    CLOUDY (SCALE 8-10)  0
DPTR FM NORMAL     6

[CDD (BASE 65) ]
TOTAL THIS MO.   255
DPTR FM NORMAL   -11    [PRESSURE DATA]
TOTAL FM JAN 1   340    HIGHEST SLP M ON M
DPTR FM NORMAL   -54    LOWEST  SLP 29.74 ON M

[REMARKS]




U.S. Dept. of Commerce
NOAA National Weather Service
1325 East West Highway
Silver Spring, MD 20910
E-mail: w-nws.webmaster@noaa.gov
Page last modified: May 16, 2007
NATIONAL WEATHER SERVICE: for Safety, for Work, for Fun - FOR LIFE