396
CXUS55 KEAX 010736
CF6CDJ
PRELIMINARY LOCAL CLIMATOLOGICAL DATA (WS FORM: F-6)

                                          STATION:   CHILLICOTHE MO
                                          MONTH:     NOVEMBER
                                          YEAR:      2014
                                          LATITUDE:   39 49 N
                                          LONGITUDE:  93 35 W

  TEMPERATURE IN F:       :PCPN:    SNOW:  WIND      :SUNSHINE: SKY     :PK WND
================================================================================
1   2   3   4   5  6A  6B    7    8   9   10  11  12  13   14  15   16   17  18
                                     12Z  AVG MX 2MIN
DY MAX MIN AVG DEP HDD CDD  WTR  SNW DPTH SPD SPD DIR MIN PSBL S-S WX    SPD DR
================================================================================

 1  48  23  36 -13  29   0 0.00    M    M  5.0 14 160   M    M   0        18 160
 2  63  43  53   5  12   0 0.00    M    M 10.9 21 180   M    M   0        31 170
 3  68  51  60  12   5   0 0.14    M    M 13.4 23 200   M    M   0        32 200
 4  60  42  51   4  14   0 0.02    M    M  5.3 20 300   M    M   0        28 320
 5  67  36  52   5  13   0 0.00    M    M  5.4 17 200   M    M   0        25 200
 6  53  29  41  -5  24   0 0.00    M    M  7.1 17 310   M    M   0        30 310
 7  61  28  45  -1  20   0 0.00    M    M  6.7 20 180   M    M   0        27 180
 8  55  31  43  -2  22   0 0.00    M    M  7.5 20 330   M    M   0        37 320
 9  65  30  48   3  17   0 0.00    M    M  5.3 16 200   M    M   0        22 230
10  71  36  54  10  11   0 0.00    M    M 10.0 23 200   M    M   0        31 170
11  38  27  33 -11  32   0 0.05    M    M 11.4 20 310   M    M   0        32 310
12  30  20  25 -18  40   0 0.00    M    M  9.1 17 300   M    M   0        25 300
13  31  17  24 -19  41   0 0.00    M    M  6.6 16 310   M    M   0        24 300
14  30  11  21 -21  44   0 0.00    M    M  0.6  7 300   M    M   0        11  10
15  31  16  24 -18  41   0 0.01    M    M  2.4  8 120   M    M   0        12 110
16  30  17  24 -17  41   0 0.02    M    M  6.0 14 300   M    M   0        19 320
17  23  13  18 -23  47   0 0.00    M    M 10.3 20 300   M    M   0        29 290
18  33   9  21 -19  44   0 0.00    M    M  6.3 14 180   M    M   0        21 290
19  36  14  25 -15  40   0 0.00    M    M  7.6 23 310   M    M   0        35 320
20  38  13  26 -13  39   0 0.00    M    M  3.2 12 290   M    M   0        17 290
21  45  18  32  -7  33   0 0.02    M    M  6.3 13 140   M    M   0        19 140
22  61  45  53  15  12   0 0.05    M    M  9.0 17 200   M    M   0        24 190
23  57  39  48  10  17   0 1.07    M    M  6.9 21 330   M    M   0        33 320
24  41  29  35  -2  30   0 0.00    M    M 11.1 23 300   M    M   0        36 310
25  40  22  31  -6  34   0 0.00    M    M  5.8 18 310   M    M   0        26 310
26  40  29  35  -1  30   0 0.10    M    M  8.7 20 320   M    M   0        30 330
27  31  24  28  -8  37   0 0.00    M    M  5.1 14 310   M    M   0        21 310
28  54  28  41   6  24   0 0.00    M    M  7.8 15 180   M    M   0        20 200
29  65  39  52  17  13   0 0.00    M    M  7.4 16 180   M    M   0        23 180
30  49  20  35   1  30   0 0.00    M    M  7.3 16 360   M    M   0        26 360
================================================================================
SM 1414  799       836   0  1.48    M    215.5          M        0
================================================================================
AV 47.1 26.6                               7.2 FASTST   M    M   0    MAX(MPH)
                                 MISC ---->  # 23 200               # 37  320
================================================================================
NOTES:
# LAST OF SEVERAL OCCURRENCES

COLUMN 17 PEAK WIND IN M.P.H.

PRELIMINARY LOCAL CLIMATOLOGICAL DATA (WS FORM: F-6) , PAGE 2

                                          STATION:  CHILLICOTHE MO
                                          MONTH:    NOVEMBER
                                          YEAR:     2014
                                          LATITUDE:   39 49 N
                                          LONGITUDE:  93 35 W

[TEMPERATURE DATA]      [PRECIPITATION DATA]       SYMBOLS USED IN COLUMN 16

AVERAGE MONTHLY: 36.9   TOTAL FOR MONTH:   1.48    1 = FOG OR MIST
DPTR FM NORMAL:  -4.7   DPTR FM NORMAL:   -1.11    2 = FOG REDUCING VISIBILITY
HIGHEST:    71 ON 10    GRTST 24HR  1.07 ON 23-23      TO 1/4 MILE OR LESS
LOWEST:      9 ON 18                               3 = THUNDER
                        SNOW, ICE PELLETS, HAIL    4 = ICE PELLETS
                        TOTAL MONTH:    M          5 = HAIL
                        GRTST 24HR    M  ON   M    6 = FREEZING RAIN OR DRIZZLE
                        GRTST DEPTH:  M  ON   M    7 = DUSTSTORM OR SANDSTORM:
                                                       VSBY 1/2 MILE OR LESS
                                                   8 = SMOKE OR HAZE
[NO. OF DAYS WITH]      [WEATHER - DAYS WITH]      9 = BLOWING SNOW
                                                   X = TORNADO
MAX 32 OR BELOW:   7    0.01 INCH OR MORE:   9
MAX 90 OR ABOVE:   0    0.10 INCH OR MORE:   3
MIN 32 OR BELOW:  22    0.50 INCH OR MORE:   1
MIN  0 OR BELOW:   0    1.00 INCH OR MORE:   1

[HDD (BASE 65) ]
TOTAL THIS MO.   836    CLEAR  (SCALE 0-3)  30
DPTR FM NORMAL   132    PTCLDY (SCALE 4-7)   0
TOTAL FM JUL 1  1168    CLOUDY (SCALE 8-10)  0
DPTR FM NORMAL    47

[CDD (BASE 65) ]
TOTAL THIS MO.     0
DPTR FM NORMAL     0    [PRESSURE DATA]
TOTAL FM JAN 1  1208    HIGHEST SLP  0.00 ON M
DPTR FM NORMAL    85    LOWEST  SLP  0.00 ON M

[REMARKS]
#FINAL-11-14#




U.S. Dept. of Commerce
NOAA National Weather Service
1325 East West Highway
Silver Spring, MD 20910
E-mail: w-nws.webmaster@noaa.gov
Page last modified: May 16, 2007
NATIONAL WEATHER SERVICE: for Safety, for Work, for Fun - FOR LIFE