191
CXUS55 KEAX 010736
CF6CDJ
PRELIMINARY LOCAL CLIMATOLOGICAL DATA (WS FORM: F-6)

                                          STATION:   CHILLICOTHE MO
                                          MONTH:     JULY
                                          YEAR:      2014
                                          LATITUDE:   39 49 N
                                          LONGITUDE:  93 35 W

  TEMPERATURE IN F:       :PCPN:    SNOW:  WIND      :SUNSHINE: SKY     :PK WND
================================================================================
1   2   3   4   5  6A  6B    7    8   9   10  11  12  13   14  15   16   17  18
                                     12Z  AVG MX 2MIN
DY MAX MIN AVG DEP HDD CDD  WTR  SNW DPTH SPD SPD DIR MIN PSBL S-S WX    SPD DR
================================================================================

 1  84  65  75  -1   0  10 0.00    M    M  5.8 15 310   M    M   0        24 310
 2  69  55  62 -14   3   0 0.00    M    M  4.9 14 310   M    M   0        22 320
 3  80  51  66 -10   0   1 0.00    M    M  2.0 10  10   M    M   0        14 360
 4  82  56  69  -7   0   4 0.00    M    M  3.5 10 160   M    M   0        16 110
 5  82  67  75  -1   0  10 0.56    M    M  6.6 15 180   M    M   0        23 200
 6  86  70  78   2   0  13 1.39    M    M  8.2 20 200   M    M   0        29 230
 7  92  69  81   5   0  16 0.54    M    M  4.5 20 360   M    M   0        38 350
 8  83  65  74  -3   0   9 0.04    M    M  5.3 15 310   M    M   0        22 310
 9  83  61  72  -5   0   7 0.00    M    M  2.5  8  10   M    M   0        14 300
10  83  65  74  -3   0   9 0.00    M    M  5.7 14 150   M    M   0        20 110
11  88  67  78   1   0  13 0.00    M    M  6.9 15 190   M    M   0        20 190
12  92  76  84   7   0  19 0.00    M    M  6.2 14 200   M    M   0        20 210
13  88  71  80   3   0  15 0.28    M    M  2.6  8  10   M    M   0        14 350
14  80  60  70  -7   0   5 0.01    M    M  4.9 16 310   M    M   0        24 320
15  74  57  66 -11   0   1 0.00    M    M  4.2  8 340   0    0   0         M  M
16  79  54  67 -10   0   2 0.00    M    M  0.8  5 360   0    0   0         M  M
17  79  53  66 -11   0   1 0.00    M    M  1.8  7 200   0    0   0         M  M
18  80  56  68  -9   0   3 0.00    M    M  2.5  8 170   0    0   0         M  M
19  81  58  70  -7   0   5 0.00    M    M  3.9 13 190   M    M   0        17 190
20  83  62  73  -4   0   8 0.00    M    M  5.8 16 190   M    M   0        22 190
21  91  69  80   3   0  15 0.00    M    M  7.9 16 170   M    M   0        22 170
22  96  76  86   9   0  21 0.00    M    M  5.8 12  10   M    M   0        19 350
23  87  64  76  -1   0  11 0.00    M    M  7.0 15  30   M    M   0        21  20
24  82  60  71  -6   0   6 0.00    M    M  4.4 14 170   M    M   0        22 160
25  91  66  79   2   0  14 0.00    M    M  8.8 20 200   M    M   0        32 200
26  88  73  81   4   0  16 0.00    M    M  3.9 14 200   M    M   0        20 230
27  86  66  76  -1   0  11 0.00    M    M  5.3 20 310   M    M   0        28 310
28  81  63  72  -5   0   7 0.00    M    M  4.3 12  10   M    M   0        17  10
29  82  57  70  -7   0   5 0.00    M    M  1.0  9  40   M    M   0        13 360
30  84  57  71  -6   0   6 0.00    M    M  1.5 10  10   M    M   0        14  20
31  85  56  71  -6   0   6 0.00    M    M  1.5  9 230   M    M   0        12 230
================================================================================
SM 2601 1945         3 269  2.82    M    140.0            0      0
================================================================================
AV 83.9 62.7                               4.5 FASTST    0   0   0    MAX(MPH)
                                 MISC ---->  # 20 200               # 38  350
================================================================================
NOTES:
# LAST OF SEVERAL OCCURRENCES

COLUMN 17 PEAK WIND IN M.P.H.

PRELIMINARY LOCAL CLIMATOLOGICAL DATA (WS FORM: F-6) , PAGE 2

                                          STATION:  CHILLICOTHE MO
                                          MONTH:    JULY
                                          YEAR:     2014
                                          LATITUDE:   39 49 N
                                          LONGITUDE:  93 35 W

[TEMPERATURE DATA]      [PRECIPITATION DATA]       SYMBOLS USED IN COLUMN 16

AVERAGE MONTHLY: 73.3   TOTAL FOR MONTH:   2.82    1 = FOG OR MIST
DPTR FM NORMAL:  -3.6   DPTR FM NORMAL:   -1.04    2 = FOG REDUCING VISIBILITY
HIGHEST:    96 ON 22    GRTST 24HR  1.95 ON  5- 6      TO 1/4 MILE OR LESS
LOWEST:     51 ON  3                               3 = THUNDER
                        SNOW, ICE PELLETS, HAIL    4 = ICE PELLETS
                        TOTAL MONTH:    M          5 = HAIL
                        GRTST 24HR    M  ON   M    6 = FREEZING RAIN OR DRIZZLE
                        GRTST DEPTH:  M  ON   M    7 = DUSTSTORM OR SANDSTORM:
                                                       VSBY 1/2 MILE OR LESS
                                                   8 = SMOKE OR HAZE
[NO. OF DAYS WITH]      [WEATHER - DAYS WITH]      9 = BLOWING SNOW
                                                   X = TORNADO
MAX 32 OR BELOW:   0    0.01 INCH OR MORE:   6
MAX 90 OR ABOVE:   5    0.10 INCH OR MORE:   4
MIN 32 OR BELOW:   0    0.50 INCH OR MORE:   3
MIN  0 OR BELOW:   0    1.00 INCH OR MORE:   1

[HDD (BASE 65) ]
TOTAL THIS MO.     3    CLEAR  (SCALE 0-3)  31
DPTR FM NORMAL     3    PTCLDY (SCALE 4-7)   0
TOTAL FM JUL 1     3    CLOUDY (SCALE 8-10)  0
DPTR FM NORMAL     3

[CDD (BASE 65) ]
TOTAL THIS MO.   269
DPTR FM NORMAL  -100    [PRESSURE DATA]
TOTAL FM JAN 1   708    HIGHEST SLP  0.00 ON M
DPTR FM NORMAL    27    LOWEST  SLP  0.00 ON M

[REMARKS]
#FINAL-07-14#




U.S. Dept. of Commerce
NOAA National Weather Service
1325 East West Highway
Silver Spring, MD 20910
E-mail: w-nws.webmaster@noaa.gov
Page last modified: May 16, 2007
NATIONAL WEATHER SERVICE: for Safety, for Work, for Fun - FOR LIFE