200
CXUS55 KEAX 270736
CF6CDJ
PRELIMINARY LOCAL CLIMATOLOGICAL DATA (WS FORM: F-6)

                                          STATION:   CHILLICOTHE MO
                                          MONTH:     AUGUST
                                          YEAR:      2014
                                          LATITUDE:   39 49 N
                                          LONGITUDE:  93 35 W

  TEMPERATURE IN F:       :PCPN:    SNOW:  WIND      :SUNSHINE: SKY     :PK WND
================================================================================
1   2   3   4   5  6A  6B    7    8   9   10  11  12  13   14  15   16   17  18
                                     12Z  AVG MX 2MIN
DY MAX MIN AVG DEP HDD CDD  WTR  SNW DPTH SPD SPD DIR MIN PSBL S-S WX    SPD DR
================================================================================

 1  86  63  75  -2   0  10 0.01    M    M  1.0  7 130   M    M   0         9 120
 2  89  58  74  -3   0   9 0.00    M    M  2.0  5 190   0    0   0         M  M
 3  87  66  77   0   0  12 0.43    M    M  2.3 12 200   M    M   0        15 200
 4  87  66  77   0   0  12 1.99    M    M  5.3 17 180   M    M   0        29 240
 5  89  68  79   2   0  14 0.00    M    M  1.6  7  30   M    M   0         9 120
 6  86  70  78   1   0  13 1.08    M    M  5.8 14 120   M    M   0        22 250
 7  80  69  75  -2   0  10 0.23    M    M  5.9 13  40   M    M   0        17  40
 8  75  69  72  -5   0   7 0.00    M    M  4.1 10  30   M    M   0        14  30
 9  83  70  77   0   0  12 0.00    M    M  3.3 13  40   M    M   0        16  30
10  79  66  73  -3   0   8 0.23    M    M  2.2 16  30   M    M   0        21  40
11  80  64  72  -4   0   7 0.00    M    M  4.4 14 300   M    M   0        23 300
12  80  58  69  -7   0   4 0.00    M    M  3.5 14 310   M    M   0        20 310
13  82  54  68  -8   0   3 0.00    M    M  1.2  7 290   M    M   0        10  40
14  83  57  70  -6   0   5 0.00    M    M  1.7  9 200   M    M   0        11 100
15  72  65  69  -7   0   4 1.58    M    M  4.2 16 130   M    M   0        23 140
16  78  68  73  -3   0   8 0.96    M    M  4.7 16 150   M    M   0        23 150
17  81  68  75   0   0  10 0.00    M    M  2.6  7  20   M    M   0        12 360
18  84  65  75   0   0  10 0.00    M    M  1.7  9 180   M    M   0        11 170
19  90  68  79   4   0  14 0.06    M    M  2.8 15 310   M    M   0        20 300
20  90  72  81   6   0  16 0.00    M    M  4.4 13 130   M    M   0        22 120
21  90  75  83   8   0  18 0.00    M    M  7.5 16 200   M    M   0        21 200
22  91  76  84  10   0  19 0.04    M    M  4.0 10 180   M    M   0        16 210
23  92  76  84  10   0  19 0.01    M    M  5.0 12 160   M    M   0        17 160
24  93  71  82   8   0  17 0.00    M    M  4.1 13 190   M    M   0        16 180
25  95  72  84  10   0  19 0.02    M    M  3.1  9 190   M    M   0        12 190
26  90  72  81   8   0  16 0.00    M    M  3.6 15 360   M    M   0        30 360
================================================================================
SM 2212 1746         0 296  6.64    M     92.0            0      0
================================================================================
AV 85.1 67.2                               3.5 FASTST    0   0   0    MAX(MPH)
                                 MISC ---->  # 17 180               # 30  360
================================================================================
NOTES:
# LAST OF SEVERAL OCCURRENCES

COLUMN 17 PEAK WIND IN M.P.H.

PRELIMINARY LOCAL CLIMATOLOGICAL DATA (WS FORM: F-6) , PAGE 2

                                          STATION:  CHILLICOTHE MO
                                          MONTH:    AUGUST
                                          YEAR:     2014
                                          LATITUDE:   39 49 N
                                          LONGITUDE:  93 35 W

[TEMPERATURE DATA]      [PRECIPITATION DATA]       SYMBOLS USED IN COLUMN 16

AVERAGE MONTHLY: 76.1   TOTAL FOR MONTH:   6.64    1 = FOG OR MIST
DPTR FM NORMAL:   0.4   DPTR FM NORMAL:    3.25    2 = FOG REDUCING VISIBILITY
HIGHEST:    95 ON 25    GRTST 24HR  2.54 ON 15-16      TO 1/4 MILE OR LESS
LOWEST:     54 ON 13                               3 = THUNDER
                        SNOW, ICE PELLETS, HAIL    4 = ICE PELLETS
                        TOTAL MONTH:    M          5 = HAIL
                        GRTST 24HR    M  ON   M    6 = FREEZING RAIN OR DRIZZLE
                        GRTST DEPTH:  M  ON   M    7 = DUSTSTORM OR SANDSTORM:
                                                       VSBY 1/2 MILE OR LESS
                                                   8 = SMOKE OR HAZE
[NO. OF DAYS WITH]      [WEATHER - DAYS WITH]      9 = BLOWING SNOW
                                                   X = TORNADO
MAX 32 OR BELOW:   0    0.01 INCH OR MORE:  12
MAX 90 OR ABOVE:   8    0.10 INCH OR MORE:   7
MIN 32 OR BELOW:   0    0.50 INCH OR MORE:   4
MIN  0 OR BELOW:   0    1.00 INCH OR MORE:   3

[HDD (BASE 65) ]
TOTAL THIS MO.     0    CLEAR  (SCALE 0-3)  26
DPTR FM NORMAL     0    PTCLDY (SCALE 4-7)   0
TOTAL FM JUL 1     3    CLOUDY (SCALE 8-10)  0
DPTR FM NORMAL     3

[CDD (BASE 65) ]
TOTAL THIS MO.   296
DPTR FM NORMAL    15    [PRESSURE DATA]
TOTAL FM JAN 1  1004    HIGHEST SLP  0.00 ON M
DPTR FM NORMAL    42    LOWEST  SLP  0.00 ON M

[REMARKS]




U.S. Dept. of Commerce
NOAA National Weather Service
1325 East West Highway
Silver Spring, MD 20910
E-mail: w-nws.webmaster@noaa.gov
Page last modified: May 16, 2007
NATIONAL WEATHER SERVICE: for Safety, for Work, for Fun - FOR LIFE