585
CXUS55 KEAX 310736
CF6CDJ
PRELIMINARY LOCAL CLIMATOLOGICAL DATA (WS FORM: F-6)

                                          STATION:   CHILLICOTHE MO
                                          MONTH:     JANUARY
                                          YEAR:      2015
                                          LATITUDE:   39 49 N
                                          LONGITUDE:  93 35 W

  TEMPERATURE IN F:       :PCPN:    SNOW:  WIND      :SUNSHINE: SKY     :PK WND
================================================================================
1   2   3   4   5  6A  6B    7    8   9   10  11  12  13   14  15   16   17  18
                                     12Z  AVG MX 2MIN
DY MAX MIN AVG DEP HDD CDD  WTR  SNW DPTH SPD SPD DIR MIN PSBL S-S WX    SPD DR
================================================================================

 1  35  17  26  -1  39   0 0.00    M    M  5.5 13 220   M    M   0        18 190
 2  40  17  29   2  36   0 0.01    M    M  2.4 10 160   M    M   0        14 130
 3  40  32  36   9  29   0 0.11    M    M  2.1 13 310   M    M   0        18 310
 4  32   8  20  -7  45   0 0.04    M    M 11.4 22 310   M    M   0        32 320
 5  24   4  14 -13  51   0 0.00    M    M  5.4 14 130   M    M   0        19 140
 6  24  12  18  -9  47   0 0.01    M    M  7.1 17 340   M    M   0        25 340
 7  18  -3   8 -19  57   0 0.00    M    M  9.2 20 350   M    M   0        30 330
 8  31  -3  14 -13  51   0 0.00    M    M 11.6 23 310   M    M   0        35 330
 9  20   4  12 -15  53   0 0.00    M    M  7.3 18 300   M    M   0        29 310
10  37   2  20  -7  45   0 0.00    M    M  8.6 21 200   M    M   0        27 200
11  38  23  31   4  34   0 0.16    M    M  4.1 10 180   M    M   0        14 190
12  33   4  19  -8  46   0 0.00    M    M  9.2 18 360   M    M   0        26  10
13  23  -1  11 -16  54   0 0.00    M    M  2.6  6 110   M    M   0         9 350
14  36  15  26  -1  39   0 0.00    M    M  3.6 10 200   M    M   0        14 200
15  49  14  32   5  33   0 0.00    M    M  3.0 12 230   M    M   0        16 240
16  57  20  39  12  26   0 0.00    M    M  7.4 16 180   M    M   0        23 200
17  53  37  45  18  20   0 0.00    M    M  9.2 22 310   M    M   0        35 310
18  57  30  44  17  21   0 0.00    M    M  3.2  9 260   M    M   0        15 250
19  59  25  42  15  23   0 0.00    M    M  2.0  8  40   M    M   0         9  40
20  52  26  39  12  26   0 0.00    M    M  4.5 13 300   M    M   0        20 280
21  49  28  39  12  26   0 0.00    M    M  4.8 16 310   M    M   0        23 320
22  35  23  29   2  36   0 0.00    M    M  1.2 10 350   M    M   0        17  10
23  45  19  32   5  33   0 0.00    M    M  3.5 12 200   M    M   0        16 180
24  59  26  43  16  22   0 0.00    M    M  4.6 13 260   M    M   0        20 230
25  46  33  40  13  25   0 0.11    M    M  8.1 20 360   M    M   0        30 350
26  58  25  42  15  23   0 0.00    M    M  5.8 17 310   M    M   0        24 240
27  51  28  40  12  25   0 0.00    M    M  4.0  9 110   M    M   0        14 110
28  66  33  50  22  15   0 0.00    M    M  9.4 18 160   M    M   0        25 300
29  52  30  41  13  24   0 0.00    M    M 11.7 23 330   M    M   0        35 310
30  38  21  30   2  35   0 0.00    M    M  3.6  9  80   M    M   0        12  80
================================================================================
SM 1257  549      1039   0  0.44    M    176.1          M        0
================================================================================
AV 41.9 18.3                               5.9 FASTST   M    M   0    MAX(MPH)
                                 MISC ---->  # 23 310               # 35  330
================================================================================
NOTES:
# LAST OF SEVERAL OCCURRENCES

COLUMN 17 PEAK WIND IN M.P.H.

PRELIMINARY LOCAL CLIMATOLOGICAL DATA (WS FORM: F-6) , PAGE 2

                                          STATION:  CHILLICOTHE MO
                                          MONTH:    JANUARY
                                          YEAR:     2015
                                          LATITUDE:   39 49 N
                                          LONGITUDE:  93 35 W

[TEMPERATURE DATA]      [PRECIPITATION DATA]       SYMBOLS USED IN COLUMN 16

AVERAGE MONTHLY: 30.1   TOTAL FOR MONTH:   0.44    1 = FOG OR MIST
DPTR FM NORMAL:   3.0   DPTR FM NORMAL:   -0.60    2 = FOG REDUCING VISIBILITY
HIGHEST:    66 ON 28    GRTST 24HR  0.16 ON 11-11      TO 1/4 MILE OR LESS
LOWEST:     -3 ON  8, 7                            3 = THUNDER
                        SNOW, ICE PELLETS, HAIL    4 = ICE PELLETS
                        TOTAL MONTH:    M          5 = HAIL
                        GRTST 24HR    M  ON   M    6 = FREEZING RAIN OR DRIZZLE
                        GRTST DEPTH:  M  ON   M    7 = DUSTSTORM OR SANDSTORM:
                                                       VSBY 1/2 MILE OR LESS
                                                   8 = SMOKE OR HAZE
[NO. OF DAYS WITH]      [WEATHER - DAYS WITH]      9 = BLOWING SNOW
                                                   X = TORNADO
MAX 32 OR BELOW:   7    0.01 INCH OR MORE:   6
MAX 90 OR ABOVE:   0    0.10 INCH OR MORE:   3
MIN 32 OR BELOW:  27    0.50 INCH OR MORE:   0
MIN  0 OR BELOW:   3    1.00 INCH OR MORE:   0

[HDD (BASE 65) ]
TOTAL THIS MO.  1039    CLEAR  (SCALE 0-3)  30
DPTR FM NORMAL   -97    PTCLDY (SCALE 4-7)   0
TOTAL FM JUL 1  3133    CLOUDY (SCALE 8-10)  0
DPTR FM NORMAL  -218

[CDD (BASE 65) ]
TOTAL THIS MO.     0
DPTR FM NORMAL     0    [PRESSURE DATA]
TOTAL FM JAN 1     0    HIGHEST SLP  0.00 ON M
DPTR FM NORMAL     0    LOWEST  SLP  0.00 ON M

[REMARKS]




U.S. Dept. of Commerce
NOAA National Weather Service
1325 East West Highway
Silver Spring, MD 20910
E-mail: w-nws.webmaster@noaa.gov
Page last modified: May 16, 2007
NATIONAL WEATHER SERVICE: for Safety, for Work, for Fun - FOR LIFE