280
CXUS56 KSLC 311318
CF6CDC
PRELIMINARY LOCAL CLIMATOLOGICAL DATA (WS FORM: F-6)

                                          STATION:   CEDAR CITY UT
                                          MONTH:     AUGUST
                                          YEAR:      2014
                                          LATITUDE:   37 42 N
                                          LONGITUDE: 113  6 W

  TEMPERATURE IN F:       :PCPN:    SNOW:  WIND      :SUNSHINE: SKY     :PK WND
================================================================================
1   2   3   4   5  6A  6B    7    8   9   10  11  12  13   14  15   16   17  18
                                     12Z  AVG MX 2MIN
DY MAX MIN AVG DEP HDD CDD  WTR  SNW DPTH SPD SPD DIR MIN PSBL S-S WX    SPD DR
================================================================================

 1  89  53  71  -3   0   6 0.00  0.0    0  4.7 13 340   M    M   0        18 350
 2  91  63  77   4   0  12 0.00  0.0    0  7.2 21  40   M    M   2        26  50
 3  70  58  64  -9   1   0 0.28  0.0    0  4.7 22 210   M    M   6 1      29 210
 4  76  57  67  -6   0   2    T  0.0    0 10.8 28 220   M    M   7        36 210
 5  83  58  71  -2   0   6 0.00  0.0    0  9.0 18 220   M    M   2        26 240
 6  87  53  70  -3   0   5 0.00  0.0    0  8.1 17 230   M    M   0        24 230
 7  88  50  69  -4   0   4 0.00  0.0    0  6.5 20 210   M    M   0        25 190
 8  88  53  71  -2   0   6 0.00  0.0    0  6.2 18 230   M    M   0        25 200
 9  90  49  70  -3   0   5 0.00  0.0    0  4.3 22 270   M    M   0        28 280
10  87  55  71  -1   0   6 0.00  0.0    0  6.0 16 290   M    M   0        21 270
11  90  54  72   0   0   7 0.01  0.0    0  6.1 26 210   M    M   4 3      40 230
12  80  55  68  -4   0   3    T  0.0    0  7.3 25 130   M    M   2        36 120
13  79  61  70  -2   0   5 0.00  0.0    0  8.8 18 220   M    M   4        22 220
14  86  59  73   1   0   8 0.00  0.0    0 10.2 23 230   M    M   1        30 230
15  88  58  73   1   0   8 0.00  0.0    0  7.2 17 230   M    M   0        23 220
16  90  48  69  -2   0   4 0.00  0.0    0  6.3 15 220   M    M   0 8      22 250
17  92  49  71   0   0   6 0.00  0.0    0  6.2 16 230   M    M   0        22 230
18  91  53  72   1   0   7 0.03  0.0    0  9.5 38 210   M    M   3 38     50 200
19  70  56  63  -8   2   0 0.73  0.0    0  6.5 21 280   M    M   4 13     26 270
20  79  56  68  -3   0   3    T  0.0    0  9.2 20 220   M    M   1 3      26 220
21  78  52  65  -5   0   0 0.04  0.0    0  7.0 21 270   M    M   3 3      26 270
22  80  50  65  -5   0   0    T  0.0    0 11.4 22 220   M    M   1        28 220
23  80  53  67  -3   0   2 0.00  0.0    0  6.3 17 200   M    M   5        24 230
24  82  49  66  -4   0   1 0.00  0.0    0  7.7 22 220   M    M   0        29 220
25  83  53  68  -2   0   3 0.00  0.0    0 12.7 26 210   M    M   1        41 190
26  77  53  65  -4   0   0 0.15  0.0    0 10.2 31 120   M    M   3 3      39 160
27  78  45  62  -7   3   0 0.00  0.0    0  4.3 12  40   M    M   1        17  30
28  84  47  66  -3   0   1 0.00  0.0    0  3.3 12  70   M    M   0        16  50
29  88  48  68   0   0   3 0.00  0.0    0  4.1 14 220   M    M   0        23 220
30  87  53  70   2   0   5 0.00  0.0    0 11.0 26 190   M    M   0        35 190
================================================================================
SM 2511 1601         6 118  1.24     0.0 222.8          M       50
================================================================================
AV 83.7 53.4                               7.4 FASTST   M    M   2    MAX(MPH)
                                 MISC ---->  # 38 210               # 50  200
================================================================================
NOTES:
# LAST OF SEVERAL OCCURRENCES

COLUMN 17 PEAK WIND IN M.P.H.

PRELIMINARY LOCAL CLIMATOLOGICAL DATA (WS FORM: F-6) , PAGE 2

                                          STATION:  CEDAR CITY UT
                                          MONTH:    AUGUST
                                          YEAR:     2014
                                          LATITUDE:   37 42 N
                                          LONGITUDE: 113  6 W

[TEMPERATURE DATA]      [PRECIPITATION DATA]       SYMBOLS USED IN COLUMN 16

AVERAGE MONTHLY: 68.5   TOTAL FOR MONTH:   1.24    1 = FOG OR MIST
DPTR FM NORMAL:  -2.7   DPTR FM NORMAL:    0.14    2 = FOG REDUCING VISIBILITY
HIGHEST:    92 ON 17    GRTST 24HR  0.73 ON 19-19      TO 1/4 MILE OR LESS
LOWEST:     45 ON 27                               3 = THUNDER
                        SNOW, ICE PELLETS, HAIL    4 = ICE PELLETS
                        TOTAL MONTH:   0.0 INCH    5 = HAIL
                        GRTST 24HR     0.0         6 = FREEZING RAIN OR DRIZZLE
                        GRTST DEPTH:   0           7 = DUSTSTORM OR SANDSTORM:
                                                       VSBY 1/2 MILE OR LESS
                                                   8 = SMOKE OR HAZE
[NO. OF DAYS WITH]      [WEATHER - DAYS WITH]      9 = BLOWING SNOW
                                                   X = TORNADO
MAX 32 OR BELOW:   0    0.01 INCH OR MORE:   6
MAX 90 OR ABOVE:   6    0.10 INCH OR MORE:   3
MIN 32 OR BELOW:   0    0.50 INCH OR MORE:   1
MIN  0 OR BELOW:   0    1.00 INCH OR MORE:   0

[HDD (BASE 65) ]
TOTAL THIS MO.     6    CLEAR  (SCALE 0-3)  23
DPTR FM NORMAL     3    PTCLDY (SCALE 4-7)   7
TOTAL FM JUL 1     6    CLOUDY (SCALE 8-10)  0
DPTR FM NORMAL     0

[CDD (BASE 65) ]
TOTAL THIS MO.   118
DPTR FM NORMAL   -73    [PRESSURE DATA]
TOTAL FM JAN 1   538    HIGHEST SLP M ON M
DPTR FM NORMAL    -6    LOWEST  SLP 29.61 ON 30

[REMARKS]




U.S. Dept. of Commerce
NOAA National Weather Service
1325 East West Highway
Silver Spring, MD 20910
E-mail: w-nws.webmaster@noaa.gov
Page last modified: May 16, 2007
NATIONAL WEATHER SERVICE: for Safety, for Work, for Fun - FOR LIFE