184
CXUS56 KSLC 211245
CF6CDC
PRELIMINARY LOCAL CLIMATOLOGICAL DATA (WS FORM: F-6)

                                          STATION:   CEDAR CITY UT
                                          MONTH:     APRIL
                                          YEAR:      2014
                                          LATITUDE:   37 42 N
                                          LONGITUDE: 113  6 W

  TEMPERATURE IN F:       :PCPN:    SNOW:  WIND      :SUNSHINE: SKY     :PK WND
================================================================================
1   2   3   4   5  6A  6B    7    8   9   10  11  12  13   14  15   16   17  18
                                     12Z  AVG MX 2MIN
DY MAX MIN AVG DEP HDD CDD  WTR  SNW DPTH SPD SPD DIR MIN PSBL S-S WX    SPD DR
================================================================================

 1  49  35  42  -1  23   0    T    M    0 17.8 38 190   M    M   9        52 190
 2  46  26  36  -7  29   0    T    M    0  6.1 23 230   M    M   5        32 230
 3  50  25  38  -5  27   0    T    M    0  4.4 13 360   M    M   4 12     18 360
 4  54  23  39  -5  26   0 0.00  0.0    0  6.6 21 220   M    M   3        28 190
 5  54  30  42  -2  23   0    T    M    0  4.7 24 330   M    M   8        34 330
 6  58  23  41  -3  24   0 0.00  0.0    0  8.2 22 360   M    M   1        35 360
 7  66  28  47   3  18   0 0.00  0.0    0  8.3 23  40   M    M   0        30  30
 8  75  29  52   8  13   0 0.00  0.0    0  3.5 12 220   M    M   0         M  M
 9  73  36  55  10  10   0 0.00  0.0    0  9.3 20 190   M    M   0        28 180
10  77  34  56  11   9   0 0.00  0.0    0  5.3 18 200   M    M   0        25 210
11  77  34  56  11   9   0 0.00  0.0    0  7.6 22 200   M    M   0        31 220
12  74  42  58  12   7   0 0.00  0.0    0  8.1 22 260   M    M   3        30 210
13  55  33  44  -2  21   0    T    M    0 13.2 29 340   M    M   4 3      38 340
14  60  22  41  -5  24   0 0.00  0.0    0  6.8 17  20   M    M   0        26  20
15  70  23  47   1  18   0 0.00  0.0    0  7.1 20 210   M    M   0        26 230
16  63  33  48   2  17   0 0.00  0.0    0  4.3 16 360   M    M   1        21 360
17  75  29  52   5  13   0 0.00  0.0    0  6.6 21 200   M    M   0        27 200
18  70  46  58  11   7   0 0.00  0.0    0  9.6 25 200   M    M   1        31 200
19  73  44  59  12   6   0 0.00  0.0    0  6.5 17 210   M    M   3        25 210
20  73  43  58  10   7   0    T    M    0  5.6 23 250   M    M   4        27 260
================================================================================
SM 1292  638       331   0    T      0.0 149.6          M       46
================================================================================
AV 64.6 31.9                               7.5 FASTST   M    M   2    MAX(MPH)
                                 MISC ---->  # 38 190               # 52  190
================================================================================
NOTES:
# LAST OF SEVERAL OCCURRENCES

COLUMN 17 PEAK WIND IN M.P.H.

PRELIMINARY LOCAL CLIMATOLOGICAL DATA (WS FORM: F-6) , PAGE 2

                                          STATION:  CEDAR CITY UT
                                          MONTH:    APRIL
                                          YEAR:     2014
                                          LATITUDE:   37 42 N
                                          LONGITUDE: 113  6 W

[TEMPERATURE DATA]      [PRECIPITATION DATA]       SYMBOLS USED IN COLUMN 16

AVERAGE MONTHLY: 48.2   TOTAL FOR MONTH:      T    1 = FOG OR MIST
DPTR FM NORMAL:   3.1   DPTR FM NORMAL:   -0.76    2 = FOG REDUCING VISIBILITY
HIGHEST:    77 ON 11,10 GRTST 24HR    T  ON 20-20      TO 1/4 MILE OR LESS
LOWEST:     22 ON 14                               3 = THUNDER
                        SNOW, ICE PELLETS, HAIL    4 = ICE PELLETS
                        TOTAL MONTH:   0.0 INCH    5 = HAIL
                        GRTST 24HR     0.0         6 = FREEZING RAIN OR DRIZZLE
                        GRTST DEPTH:   0           7 = DUSTSTORM OR SANDSTORM:
                                                       VSBY 1/2 MILE OR LESS
                                                   8 = SMOKE OR HAZE
[NO. OF DAYS WITH]      [WEATHER - DAYS WITH]      9 = BLOWING SNOW
                                                   X = TORNADO
MAX 32 OR BELOW:   0    0.01 INCH OR MORE:   0
MAX 90 OR ABOVE:   0    0.10 INCH OR MORE:   0
MIN 32 OR BELOW:  10    0.50 INCH OR MORE:   0
MIN  0 OR BELOW:   0    1.00 INCH OR MORE:   0

[HDD (BASE 65) ]
TOTAL THIS MO.   331    CLEAR  (SCALE 0-3)  14
DPTR FM NORMAL   -66    PTCLDY (SCALE 4-7)   4
TOTAL FM JUL 1  5648    CLOUDY (SCALE 8-10)  2
DPTR FM NORMAL   -83

[CDD (BASE 65) ]
TOTAL THIS MO.     0
DPTR FM NORMAL     0    [PRESSURE DATA]
TOTAL FM JAN 1     0    HIGHEST SLP M ON M
DPTR FM NORMAL     0    LOWEST  SLP 29.53 ON 13

[REMARKS]




U.S. Dept. of Commerce
NOAA National Weather Service
1325 East West Highway
Silver Spring, MD 20910
E-mail: w-nws.webmaster@noaa.gov
Page last modified: May 16, 2007
NATIONAL WEATHER SERVICE: for Safety, for Work, for Fun - FOR LIFE