663
CXUS56 KSLC 011230
CF6CDC
PRELIMINARY LOCAL CLIMATOLOGICAL DATA (WS FORM: F-6)

                                          STATION:   CEDAR CITY UT
                                          MONTH:     NOVEMBER
                                          YEAR:      2014
                                          LATITUDE:   37 42 N
                                          LONGITUDE: 113  6 W

  TEMPERATURE IN F:       :PCPN:    SNOW:  WIND      :SUNSHINE: SKY     :PK WND
================================================================================
1   2   3   4   5  6A  6B    7    8   9   10  11  12  13   14  15   16   17  18
                                     12Z  AVG MX 2MIN
DY MAX MIN AVG DEP HDD CDD  WTR  SNW DPTH SPD SPD DIR MIN PSBL S-S WX    SPD DR
================================================================================

 1  62  39  51   7  14   0 0.17    M    0 19.9 44 170   M    M   7 1      57 170
 2  41  32  37  -6  28   0 0.61    M    0  3.0 12 270   M    M  10 1      15  10
 3  43  26  35  -8  30   0    T    M    0  8.1 18  50   M    M   6 1      25  50
 4  50  20  35  -7  30   0 0.00  0.0    0  2.2  9 130   M    M   0        12  50
 5  58  25  42   0  23   0 0.00  0.0    0  3.6 13 320   M    M   0        17 320
 6  66  25  46   4  19   0 0.00  0.0    0  4.1 14 220   M    M   0        19 220
 7  69  31  50   9  15   0 0.00  0.0    0  4.9 12 360   M    M   0        23 320
 8  63  32  48   7  17   0 0.00  0.0    0  3.1  9 180   M    M   0        10 180
 9  69  27  48   8  17   0 0.00  0.0    0  5.1 16 210   M    M   0        20 210
10  63  27  45   5  20   0 0.00  0.0    0  7.7 22 360   M    M   0        27 360
11  63  21  42   2  23   0 0.00  0.0    0  6.1 21 230   M    M   0        27 220
12  45  25  35  -4  30   0 0.00  0.0    0  3.7  9 290   M    M   1        16 290
13  56  21  39   0  26   0 0.00  0.0    0  6.0 21 220   M    M   3        26 220
14  56  34  45   7  20   0 0.03    M    0  7.0 22 220   M    M   5        30 200
15  55  22  39   1  26   0 0.22    M    0  8.9 20 240   M    M   4 12     27 230
16  27   1  14 -23  51   0 0.06    M    0  9.2 18 340   M    M   1 1      26  30
17  39   4  22 -15  43   0 0.00  0.0    0  2.0  8 350   M    M   0         9 350
18  46  11  29  -7  36   0 0.00  0.0    0  3.0  8  50   M    M   0         9 200
19  53  20  37   1  28   0 0.00  0.0    0  6.9 18 210   M    M   3        22 210
20  55  28  42   6  23   0 0.00  0.0    0  5.5 13 210   M    M   2        17 200
21  54  25  40   5  25   0 0.00  0.0    0  3.9 10 130   M    M   0        12 150
22  56  32  44   9  21   0 0.02    M    0 11.7 28 210   M    M   2 1      38 180
23  41  17  29  -5  36   0 0.02    M    0  8.8 21  30   M    M   1        29  20
24  44  12  28  -6  37   0 0.00  0.0    0  5.8 21  20   M    M   0        27  10
25  54  13  34   0  31   0 0.00  0.0    0  2.9  9 230   M    M   0        12 230
26  62  23  43  10  22   0 0.00  0.0    0  3.5  9 130   M    M   0        12 320
27  65  24  45  12  20   0 0.00  0.0    0  5.9 17 200   M    M   0        22 210
28  64  27  46  14  19   0 0.00  0.0    0  7.8 21 210   M    M   0        26 210
29  61  35  48  16  17   0 0.00  0.0    0 14.3 29 200   M    M   0        37 200
30  53  33  43  11  22   0 0.00  0.0    0 11.1 22 200   M    M   1        27 200
================================================================================
SM 1633  712       769   0  1.13     0.0 195.7          M       46
================================================================================
AV 54.4 23.7                               6.5 FASTST   M    M   2    MAX(MPH)
                                 MISC ---->  # 44 170               # 57  170
================================================================================
NOTES:
# LAST OF SEVERAL OCCURRENCES

COLUMN 17 PEAK WIND IN M.P.H.

PRELIMINARY LOCAL CLIMATOLOGICAL DATA (WS FORM: F-6) , PAGE 2

                                          STATION:  CEDAR CITY UT
                                          MONTH:    NOVEMBER
                                          YEAR:     2014
                                          LATITUDE:   37 42 N
                                          LONGITUDE: 113  6 W

[TEMPERATURE DATA]      [PRECIPITATION DATA]       SYMBOLS USED IN COLUMN 16

AVERAGE MONTHLY: 39.1   TOTAL FOR MONTH:   1.13    1 = FOG OR MIST
DPTR FM NORMAL:   1.5   DPTR FM NORMAL:    0.20    2 = FOG REDUCING VISIBILITY
HIGHEST:    69 ON  9, 7 GRTST 24HR  0.65 ON  1- 2      TO 1/4 MILE OR LESS
LOWEST:      1 ON 16                               3 = THUNDER
                        SNOW, ICE PELLETS, HAIL    4 = ICE PELLETS
                        TOTAL MONTH:   0.0 INCH    5 = HAIL
                        GRTST 24HR     0.0         6 = FREEZING RAIN OR DRIZZLE
                        GRTST DEPTH:   0           7 = DUSTSTORM OR SANDSTORM:
                                                       VSBY 1/2 MILE OR LESS
                                                   8 = SMOKE OR HAZE
[NO. OF DAYS WITH]      [WEATHER - DAYS WITH]      9 = BLOWING SNOW
                                                   X = TORNADO
MAX 32 OR BELOW:   1    0.01 INCH OR MORE:   7
MAX 90 OR ABOVE:   0    0.10 INCH OR MORE:   3
MIN 32 OR BELOW:  26    0.50 INCH OR MORE:   1
MIN  0 OR BELOW:   0    1.00 INCH OR MORE:   0

[HDD (BASE 65) ]
TOTAL THIS MO.   769    CLEAR  (SCALE 0-3)  25
DPTR FM NORMAL   -54    PTCLDY (SCALE 4-7)   4
TOTAL FM JUL 1  1191    CLOUDY (SCALE 8-10)  1
DPTR FM NORMAL  -251

[CDD (BASE 65) ]
TOTAL THIS MO.     0
DPTR FM NORMAL     0    [PRESSURE DATA]
TOTAL FM JAN 1   607    HIGHEST SLP 30.60 ON 17
DPTR FM NORMAL    19    LOWEST  SLP 29.50 ON  1

[REMARKS]
#FINAL-11-14#




U.S. Dept. of Commerce
NOAA National Weather Service
1325 East West Highway
Silver Spring, MD 20910
E-mail: w-nws.webmaster@noaa.gov
Page last modified: May 16, 2007
NATIONAL WEATHER SERVICE: for Safety, for Work, for Fun - FOR LIFE