116
CXAK56 PACD 231258
CF6CDB

PRELIMINARY LOCAL CLIMATOLOGICAL DATA (WS FORM: F-6)

                                          STATION:   COLD BAY
                                          MONTH:     04
                                          YEAR:      2014
                                          LATITUDE:   55 13 N
                                          LONGITUDE: 162 44 W

  TEMPERATURE IN F:       :PCPN:    SNOW:  WIND      :SUNSHINE: SKY     :PK WND
================================================================================
1   2   3   4   5  6A  6B    7     8   9   10  11  12  13   14  15   16  17  18
                                      12Z  AVG MX 2MIN
DY MAX MIN AVG DEP HDD CDD  WTR   SNW DPTH SPD SPD DIR MIN PSBL S-S WX   SPD DR
================================================================================

 1  44  35  40   9  25   0  0.08  0.0   0 19.1 32  140   M    M   M 1     39 130
 2  47  37  42  11  23   0  0.06  0.0   0 14.2 24  130   M    M   M 1     29 140
 3  42  37  40   8  25   0  0.08  0.0   0 20.1 32  130   M    M   M       40 130
 4  46  34  40   8  25   0  0.21  0.4   0 10.3 25  160   M    M   M 1     29 150
 5  45  33  39   7  26   0     T    T   T 10.7 21  340   M    M   M 1     26 340
 6  33  29  31  -1  34   0  0.01    T   T 16.8 22  330   M    M   M 1     26 320
 7  33  22  28  -4  37   0     T    T   0 13.2 21  330   M    M   M       25 330
 8  39  19  29  -3  36   0  0.06  0.6   T  7.5 22  130   M    M   M 1     26 140
 9  42  33  38   5  27   0     T    T   T  5.6 14  190   M    M   M       16 180
10  48  33  41   8  24   0  0.00  0.0   0 17.4 28  160   M    M   M       34 150
11  46  39  43  10  22   0  0.11  0.0   0 28.6 49  140   M    M   M 1     57 140
12  50  31  41   8  24   0  0.01  0.0   0 16.6 38  130   M    M   M 1     46 140
13  45  34  40   7  25   0  0.80  0.0   0 20.1 37  130   M    M   M 1     46 120
14  49  37  43   9  22   0  0.01  0.0   0 17.2 30  150   M    M   M 1     38 150
15  48  37  43   9  22   0  0.01  0.0   0 21.0 32  150   M    M   M 1     38 160
16  48  34  41   7  24   0     T  0.0   0 15.3 21  160   M    M   M       25 160
17  48  31  40   6  25   0  0.01  0.0   0  9.3 16  160   M    M   M       21 170
18  44  27  36   2  29   0  0.04  0.1   0  6.7 20  330   M    M   M 15    23 340
19  42  31  37   2  28   0  0.03  0.3   0 16.7 23  310   M    M   M 1     27 310
20  42  28  35   0  30   0     T    T   0 15.3 28  300   M    M   M 19    33 300
21  42  25  34  -1  31   0  0.03  0.0   0 24.6 41  130   M    M   M 1     53 130
22  49  38  44   9  21   0  0.06  0.0   0 18.5 28  150   M    M   M 1     32 140
================================================================================
SM  972  704       585   0  1.61 1.4    344.8           M        M
================================================================================
AV 44.2 32.0                             15.7 FASTST  PSBL  %   M    MAX(MPH)
                                 MISC ---->     49  140                 57 140
================================================================================
NOTES:
# LAST OF SEVERAL OCCURRENCES

COLUMN 17 PEAK WIND IN M.P.H.

PRELIMINARY LOCAL CLIMATOLOGICAL DATA (WS FORM: F-6) , PAGE 2

                                          STATION:   COLD BAY
                                          MONTH:     04
                                          YEAR:      2014
                                          LATITUDE:  55 13 N
                                          LONGITUDE: 162 44 W

[TEMPERATURE DATA]      [PRECIPITATION DATA]       SYMBOLS USED IN COLUMN 16

AVERAGE MONTHLY:38.1   TOTAL FOR MONTH: 1.61       1 = FOG
DPTR FM NORMAL:  5.0   DPTR FM NORMAL: -0.18       2 = FOG REDUCING VISIBILITY
HIGHEST:    50 ON 12    GRTST 24HR   0.80 ON 13        TO 1/4 MILE OR LESS
LOWEST:     19 ON  8                               3 = THUNDER
                        SNOW, ICE PELLETS, HAIL    4 = ICE PELLETS
                        TOTAL MONTH: 1.4 INCHES  5 = HAIL
                        GRTST 24HR   0.6 ON  8     6 = GLAZE OR RIME
                        GRTST DEPTH:   T ON  9    7 = BLOWING DUST OR SAND:
                                                       VSBY 1/2 MILE OR LESS
                                                   8 = SMOKE OR HAZE
[NO. OF DAYS WITH]      [WEATHER - DAYS WITH]      9 = BLOWING SNOW
                                                   X = TORNADO
MAX 32 OR BELOW:   0    0.01 INCH OR MORE:  16
MAX 70 OR ABOVE:   0    0.10 INCH OR MORE:   3
MIN 32 OR BELOW:   9    0.50 INCH OR MORE:   1
MIN  0 OR BELOW:   0    1.00 INCH OR MORE:   0

[HDD (BASE 65) ]
TOTAL THIS MO.   585    CLEAR  (SCALE 0-3)   M
DPTR FM NORMAL  -116    PTCLDY (SCALE 4-7)   M
SEASONAL TOTAL  6693    CLOUDY (SCALE 8-10)  M
DPTR FM NORMAL -1311

[CDD (BASE 65) ]
TOTAL THIS MO.     0
DPTR FM NORMAL     0    [PRESSURE DATA]
SEASONAL TOTAL     0    HIGHEST SLP     M
DPTR FM NORMAL     0    LOWEST  SLP     M

[REMARKS]






U.S. Dept. of Commerce
NOAA National Weather Service
1325 East West Highway
Silver Spring, MD 20910
E-mail: w-nws.webmaster@noaa.gov
Page last modified: May 16, 2007
NATIONAL WEATHER SERVICE: for Safety, for Work, for Fun - FOR LIFE