530
CXAK56 PACD 251117
CF6CDB

PRELIMINARY LOCAL CLIMATOLOGICAL DATA (WS FORM: F-6)

                                          STATION:   COLD BAY
                                          MONTH:     01
                                          YEAR:      2015
                                          LATITUDE:   55 13 N
                                          LONGITUDE: 162 44 W

  TEMPERATURE IN F:       :PCPN:    SNOW:  WIND      :SUNSHINE: SKY     :PK WND
================================================================================
1   2   3   4   5  6A  6B    7     8   9   10  11  12  13   14  15   16  17  18
                                      12Z  AVG MX 2MIN
DY MAX MIN AVG DEP HDD CDD  WTR   SNW DPTH SPD SPD DIR MIN PSBL S-S WX   SPD DR
================================================================================

 1  37  21  29   0  36   0  0.19  0.0   0 11.8 28  150   M    M   M 1     33 160
 2  39  27  33   4  32   0  0.24    T   0 10.4 31  160   M    M   M 1     38 160
 3  37  23  30   1  35   0  0.00  0.0   0  6.7 14  150   M    M   M       17 150
 4  40  20  30   1  35   0  0.00  0.0   0  5.7 21   90   M    M   M       28 100
 5  32  24  28  -1  37   0  0.00  0.0   0 24.5 36   20   M    M   M       46  30
 6  29  24  27  -2  38   0  0.00  0.0   0 12.7 23  360   M    M   M       29 350
 7  32  27  30   1  35   0  0.07  0.7   1  6.4 12  340   M    M   M 1     14 340
 8  36  25  31   2  34   0  0.03  0.2   1  7.9 17  260   M    M   M 1     21 280
 9  38  27  33   5  32   0     T    T   1  6.1 17  250   M    M   M 1     22 250
10  38  28  33   5  32   0     T  0.0   T 16.8 36  140   M    M   M 1     40 140
11  45  37  41  13  24   0  0.01    T   0 23.3 37   90   M    M   M       51  90
12  43  36  40  12  25   0  0.13  0.0   0 12.8 30   90   M    M   M       36  90
13  43  34  39  11  26   0  0.01  0.0   0 11.7 24  140   M    M   M 1     29 150
14  39  29  34   6  31   0  0.03    T   0 14.0 25   10   M    M   M 1     35  20
15  39  35  37   9  28   0  0.25  0.0   0 12.6 23  350   M    M   M 1     29 360
16  37  34  36   8  29   0  0.24  0.0   0 11.8 18  300   M    M   M 1     23 240
17  34  26  30   2  35   0  0.01    T   0 12.6 21  340   M    M   M 1     24 340
18  30  20  25  -3  40   0  0.03  0.3   T  8.7 20   30   M    M   M 1     23  30
19  31  18  25  -3  40   0  0.00  0.0   T  4.0 12  150   M    M   M       13 330
20  36  16  26  -2  39   0  0.00  0.0   0  7.7 18   30   M    M   M       23  20
21  32  29  31   3  34   0  0.00  0.0   0 22.5 37   20   M    M   M       45  30
22  30  27  29   1  36   0     T    T   0 28.7 41   20   M    M   M       51  20
23  27  21  24  -4  41   0  0.00  0.0   0 19.0 33   10   M    M   M       42  10
24  28  21  25  -3  40   0  0.00  0.0   0  9.4 18  350   M    M   M       22  10
================================================================================
SM  852  629       814   0  1.24 1.2    307.8           M        M
================================================================================
AV 35.5 26.2                             12.8 FASTST  PSBL  %   M    MAX(MPH)
                                 MISC ---->     41   20               # 51  20
================================================================================
NOTES:
# LAST OF SEVERAL OCCURRENCES

COLUMN 17 PEAK WIND IN M.P.H.

PRELIMINARY LOCAL CLIMATOLOGICAL DATA (WS FORM: F-6) , PAGE 2

                                          STATION:   COLD BAY
                                          MONTH:     01
                                          YEAR:      2015
                                          LATITUDE:  55 13 N
                                          LONGITUDE: 162 44 W

[TEMPERATURE DATA]      [PRECIPITATION DATA]       SYMBOLS USED IN COLUMN 16

AVERAGE MONTHLY:30.9   TOTAL FOR MONTH: 1.24       1 = FOG
DPTR FM NORMAL:  2.6   DPTR FM NORMAL: -1.22       2 = FOG REDUCING VISIBILITY
HIGHEST:    45 ON 11    GRTST 24HR   0.25 ON 15        TO 1/4 MILE OR LESS
LOWEST:     16 ON 20                               3 = THUNDER
                        SNOW, ICE PELLETS, HAIL    4 = ICE PELLETS
                        TOTAL MONTH: 1.2 INCHES  5 = HAIL
                        GRTST 24HR   0.7 ON  7     6 = GLAZE OR RIME
                        GRTST DEPTH:    1 ON  9    7 = BLOWING DUST OR SAND:
                                                       VSBY 1/2 MILE OR LESS
                                                   8 = SMOKE OR HAZE
[NO. OF DAYS WITH]      [WEATHER - DAYS WITH]      9 = BLOWING SNOW
                                                   X = TORNADO
MAX 32 OR BELOW:   9    0.01 INCH OR MORE:  12
MAX 70 OR ABOVE:   0    0.10 INCH OR MORE:   5
MIN 32 OR BELOW:  19    0.50 INCH OR MORE:   0
MIN  0 OR BELOW:   0    1.00 INCH OR MORE:   0

[HDD (BASE 65) ]
TOTAL THIS MO.   814    CLEAR  (SCALE 0-3)   M
DPTR FM NORMAL   -66    PTCLDY (SCALE 4-7)   M
SEASONAL TOTAL  4292    CLOUDY (SCALE 8-10)  M
DPTR FM NORMAL  -665

[CDD (BASE 65) ]
TOTAL THIS MO.     0
DPTR FM NORMAL     0    [PRESSURE DATA]
SEASONAL TOTAL     0    HIGHEST SLP     M
DPTR FM NORMAL     0    LOWEST  SLP     M

[REMARKS]






U.S. Dept. of Commerce
NOAA National Weather Service
1325 East West Highway
Silver Spring, MD 20910
E-mail: w-nws.webmaster@noaa.gov
Page last modified: May 16, 2007
NATIONAL WEATHER SERVICE: for Safety, for Work, for Fun - FOR LIFE