291
CXUS53 KARX 010930
CF6CCY
PRELIMINARY LOCAL CLIMATOLOGICAL DATA (WS FORM: F-6)

                                          STATION:   CHARLES_CITY IA
                                          MONTH:     NOVEMBER
                                          YEAR:      2014
                                          LATITUDE:   43  4 N
                                          LONGITUDE:  92 37 W

  TEMPERATURE IN F:       :PCPN:    SNOW:  WIND      :SUNSHINE: SKY     :PK WND
================================================================================
1   2   3   4   5  6A  6B    7    8   9   10  11  12  13   14  15   16   17  18
                                     12Z  AVG MX 2MIN
DY MAX MIN AVG DEP HDD CDD  WTR  SNW DPTH SPD SPD DIR MIN PSBL S-S WX    SPD DR
================================================================================

 1  43  21  32 -11  33   0 0.00  0.0    0  7.6 14 140   M    M   0        20 140
 2  57  32  45   2  20   0 0.00  0.0    0 12.9 21 170   M    M   1        31 180
 3  59  43  51   9  14   0 0.09  0.0    0 10.5 16 190   M    M   4        24 200
 4  55  32  44   2  21   0 0.01  0.0    0 13.4 21 270   M    M   2        30 270
 5  52  32  42   1  23   0 0.00  0.0    0  8.2 25 300   M    M   5        31 300
 6  45  27  36  -5  29   0 0.00  0.0    0 15.0 23 340   M    M   7        31 330
 7  50  28  39  -1  26   0 0.00  0.0    0  9.6 21 310   M    M   6        28 150
 8  46  34  40   0  25   0 0.00  0.0    0 16.9 28 320   M    M   7        46 320
 9  48  34  41   2  24   0 0.00  0.0    0  8.1 13 270   M    M   7        16 350
10  57  32  45   7  20   0 0.00  0.0    0 14.7 22 350   M    M   7 1      29 360
11  32  21  27 -11  38   0    M    M    1 18.6 24 330   M    M  10        35 330
12  23  18  21 -16  44   0    M    M    T 12.0 18 280   M    M  10        23 300
13  23  12  18 -19  47   0    T    T    T 13.4 17 310   M    M  10        24 310
14  23  10  17 -19  48   0 0.00  0.0    T  6.1 13 300   M    M   4        17 320
15  23  10  17 -18  48   0    M    M    T  4.5  8 180   M    M   8 1       M  M
16  21   7  14 -21  51   0    M    M    2  8.9 15 250   M    M   6 1       M  M
17  12   5   9 -25  56   0    M    M    2 16.9 27 290   M    M   7 8      33 300
18  19   3  11 -23  54   0    M    M    2 11.4 16 240   M    M   8        24 280
19  25  16  21 -12  44   0    M    M    2 15.2 23 290   M    M   9        39 290
20  21   5  13 -19  52   0 0.00  0.0    2  9.6 16 290   M    M   0        20 290
21  32   1  17 -15  48   0 0.00  0.0    2 11.5 18 170   M    M   3 8      24 170
22  52  32  42  11  23   0 0.00  0.0    2 11.2 16 180   M    M   9 12     21 170
23  52  34  43  13  22   0 0.04  0.0    0 13.2 25 320   M    M  10 12     36 320
24  34  16  25  -5  40   0    M    M    1 21.9 28 300   M    M  10 18     38 300
25  23   7  15 -14  50   0    M    M    2  8.5 16 310   M    M   4         M  M
26  28  21  25  -4  40   0    M    M    2 11.5 16 120   M    M   9        20 140
27  21  -4   9 -19  56   0    M    M    3  9.2 15 310   M    M   4        20 320
28  28  10  19  -9  46   0    T    T    3 12.6 21 140   M    M   4 1      25 140
29  45  27  36   9  29   0 0.00  0.0    3  9.7 13 110   M    M   4 1      15 210
30  28   9  19  -7  46   0 0.00  0.0    0 20.3 25 330   M    M   5 1      33 330
================================================================================
SM 1077  575      1117   0  0.14    T    363.1          M      180
================================================================================
AV 35.9 19.2                              12.1 FASTST   M    M   6    MAX(MPH)
                                 MISC ---->    28   M               # 46  320
================================================================================
NOTES:
# LAST OF SEVERAL OCCURRENCES

COLUMN 17 PEAK WIND IN M.P.H.

PRELIMINARY LOCAL CLIMATOLOGICAL DATA (WS FORM: F-6) , PAGE 2

                                          STATION:  CHARLES_CITY IA
                                          MONTH:    NOVEMBER
                                          YEAR:     2014
                                          LATITUDE:   43  4 N
                                          LONGITUDE:  92 37 W

[TEMPERATURE DATA]      [PRECIPITATION DATA]       SYMBOLS USED IN COLUMN 16

AVERAGE MONTHLY: 27.5   TOTAL FOR MONTH:   0.14    1 = FOG OR MIST
DPTR FM NORMAL:  -7.5   DPTR FM NORMAL:   -1.81    2 = FOG REDUCING VISIBILITY
HIGHEST:    59 ON  3    GRTST 24HR  0.09 ON  3- 3      TO 1/4 MILE OR LESS
LOWEST:     -4 ON 27                               3 = THUNDER
                        SNOW, ICE PELLETS, HAIL    4 = ICE PELLETS
                        TOTAL MONTH:    T          5 = HAIL
                        GRTST 24HR    T  ON 28-28  6 = FREEZING RAIN OR DRIZZLE
                        GRTST DEPTH:   3 ON 29,28  7 = DUSTSTORM OR SANDSTORM:
                                                       VSBY 1/2 MILE OR LESS
                                                   8 = SMOKE OR HAZE
[NO. OF DAYS WITH]      [WEATHER - DAYS WITH]      9 = BLOWING SNOW
                                                   X = TORNADO
MAX 32 OR BELOW:  16    0.01 INCH OR MORE:   3
MAX 90 OR ABOVE:   0    0.10 INCH OR MORE:   0
MIN 32 OR BELOW:  26    0.50 INCH OR MORE:   0
MIN  0 OR BELOW:   1    1.00 INCH OR MORE:   0

[HDD (BASE 65) ]
TOTAL THIS MO.  1117    CLEAR  (SCALE 0-3)   5
DPTR FM NORMAL   217    PTCLDY (SCALE 4-7)  17
TOTAL FM JUL 1  1784    CLOUDY (SCALE 8-10)  8
DPTR FM NORMAL   223

[CDD (BASE 65) ]
TOTAL THIS MO.     0
DPTR FM NORMAL     0    [PRESSURE DATA]
TOTAL FM JAN 1   555    HIGHEST SLP M ON M
DPTR FM NORMAL  -111    LOWEST  SLP M ON M

[REMARKS]
#FINAL-11-14#




U.S. Dept. of Commerce
NOAA National Weather Service
1325 East West Highway
Silver Spring, MD 20910
E-mail: w-nws.webmaster@noaa.gov
Page last modified: May 16, 2007
NATIONAL WEATHER SERVICE: for Safety, for Work, for Fun - FOR LIFE