423
CXUS53 KARX 240930
CF6CCY
PRELIMINARY LOCAL CLIMATOLOGICAL DATA (WS FORM: F-6)

                                          STATION:   CHARLES_CITY IA
                                          MONTH:     APRIL
                                          YEAR:      2014
                                          LATITUDE:   43  4 N
                                          LONGITUDE:  92 37 W

  TEMPERATURE IN F:       :PCPN:    SNOW:  WIND      :SUNSHINE: SKY     :PK WND
================================================================================
1   2   3   4   5  6A  6B    7    8   9   10  11  12  13   14  15   16   17  18
                                     12Z  AVG MX 2MIN
DY MAX MIN AVG DEP HDD CDD  WTR  SNW DPTH SPD SPD DIR MIN PSBL S-S WX    SPD DR
================================================================================

 1  39  23  31 -11  34   0    T    T    0 19.1 31 270   M    M   7 6      41 290
 2  48  28  38  -4  27   0 0.06  0.0    0 12.6 20  90   M    M   5        25  90
 3  39  34  37  -6  28   0 0.21  0.0    0 14.4 22  90   M    M  10 1      28  80
 4  39  28  34  -9  31   0    M    M    1 19.0 33 320   M    M   7 18     43 320
 5  50  28  39  -5  26   0 0.00  0.0    0  8.7 14 150   M    M   1 1      18 210
 6  57  37  47   3  18   0 0.01  0.0    0 11.7 18 200   M    M   8 1      27 200
 7  57  39  48   3  17   0 0.06  0.0    0  7.3 15 340   M    M   6 18     14 290
 8  52  36  44  -1  21   0 0.00  0.0    0 14.2 23 330   M    M   2        25 320
 9  68  30  49   3  16   0 0.00  0.0    0 13.3 23 200   M    M   1        36 190
10  59  46  53   7  12   0 0.00  0.0    0 14.1 24 330   M    M   2        31 330
11  68  39  54   8  11   0 0.00  0.0    0  9.8 20 320   M    M   4        27 270
12  72  48  60  13   5   0 0.12  0.0    0 13.7 21 210   M    M   6        31 210
13  48  34  41  -6  24   0    M    M    0 19.2 32  10   M    M  10 12     41  10
14  36  28  32 -16  33   0    M    M    M 21.0 31 340   M    M   7        59 350
15  36  23  30 -18  35   0 0.00  0.0    M  8.4 14 320   M    M   3        17 320
16  55  32  44  -5  21   0 0.00  0.0    0 22.2 33 170   M    M   8        46 170
17  41  32  37 -12  28   0 0.00  0.0    0 13.6 24 280   M    M   7 1      31 280
18  57  28  43  -6  22   0 0.00  0.0    0  8.0 15 130   M    M   1 1      22 130
19  72  37  55   5  10   0 0.00  0.0    0 18.3 24 160   M    M   3        33 170
20  68  52  60  10   5   0 0.94  0.0    0 10.5 17 120   M    M   9 13     28 170
21  66  46  56   5   9   0 0.06  0.0    0 11.3 28 320   M    M   5 1      31 330
22  57  36  47  -4  18   0 0.00  0.0    0 12.1 23 340   M    M   2        29 350
23  48  41  45  -7  20   0 0.17  0.0    0 16.0 22 120   M    M   9        29 120
================================================================================
SM 1232  805       471   0  1.63    T    318.5          M      123
================================================================================
AV 53.6 35.0                              13.8 FASTST   M    M   5    MAX(MPH)
                                 MISC ---->    33   M                 59    M
================================================================================
NOTES:
# LAST OF SEVERAL OCCURRENCES

COLUMN 17 PEAK WIND IN M.P.H.

PRELIMINARY LOCAL CLIMATOLOGICAL DATA (WS FORM: F-6) , PAGE 2

                                          STATION:  CHARLES_CITY IA
                                          MONTH:    APRIL
                                          YEAR:     2014
                                          LATITUDE:   43  4 N
                                          LONGITUDE:  92 37 W

[TEMPERATURE DATA]      [PRECIPITATION DATA]       SYMBOLS USED IN COLUMN 16

AVERAGE MONTHLY: 44.3   TOTAL FOR MONTH:   1.63    1 = FOG OR MIST
DPTR FM NORMAL:  -2.5   DPTR FM NORMAL:   -0.96    2 = FOG REDUCING VISIBILITY
HIGHEST:    72 ON 19,12 GRTST 24HR  0.94 ON 20-20      TO 1/4 MILE OR LESS
LOWEST:     23 ON 15, 1                            3 = THUNDER
                        SNOW, ICE PELLETS, HAIL    4 = ICE PELLETS
                        TOTAL MONTH:    T          5 = HAIL
                        GRTST 24HR    T  ON  1- 1  6 = FREEZING RAIN OR DRIZZLE
                        GRTST DEPTH:   1 ON  4     7 = DUSTSTORM OR SANDSTORM:
                                                       VSBY 1/2 MILE OR LESS
                                                   8 = SMOKE OR HAZE
[NO. OF DAYS WITH]      [WEATHER - DAYS WITH]      9 = BLOWING SNOW
                                                   X = TORNADO
MAX 32 OR BELOW:   0    0.01 INCH OR MORE:   8
MAX 90 OR ABOVE:   0    0.10 INCH OR MORE:   4
MIN 32 OR BELOW:  10    0.50 INCH OR MORE:   1
MIN  0 OR BELOW:   0    1.00 INCH OR MORE:   0

[HDD (BASE 65) ]
TOTAL THIS MO.   471    CLEAR  (SCALE 0-3)   7
DPTR FM NORMAL    47    PTCLDY (SCALE 4-7)  12
TOTAL FM JUL 1  7969    CLOUDY (SCALE 8-10)  4
DPTR FM NORMAL   956

[CDD (BASE 65) ]
TOTAL THIS MO.     0
DPTR FM NORMAL     0    [PRESSURE DATA]
TOTAL FM JAN 1     0    HIGHEST SLP M ON M
DPTR FM NORMAL     0    LOWEST  SLP M ON M

[REMARKS]




U.S. Dept. of Commerce
NOAA National Weather Service
1325 East West Highway
Silver Spring, MD 20910
E-mail: w-nws.webmaster@noaa.gov
Page last modified: May 16, 2007
NATIONAL WEATHER SERVICE: for Safety, for Work, for Fun - FOR LIFE