204
CXUS53 KARX 300930
CF6CCY
PRELIMINARY LOCAL CLIMATOLOGICAL DATA (WS FORM: F-6)

                                          STATION:   CHARLES_CITY IA
                                          MONTH:     AUGUST
                                          YEAR:      2014
                                          LATITUDE:   43  4 N
                                          LONGITUDE:  92 37 W

  TEMPERATURE IN F:       :PCPN:    SNOW:  WIND      :SUNSHINE: SKY     :PK WND
================================================================================
1   2   3   4   5  6A  6B    7    8   9   10  11  12  13   14  15   16   17  18
                                     12Z  AVG MX 2MIN
DY MAX MIN AVG DEP HDD CDD  WTR  SNW DPTH SPD SPD DIR MIN PSBL S-S WX    SPD DR
================================================================================

 1  81  55  68  -4   0   3 0.00  0.0    0  2.1  6  99   M    M   1 12      M  M
 2  82  57  70  -1   0   5 0.00  0.0    0  3.3  9 220   M    M   1 1       M  M
 3  82  63  73   2   0   8 0.03  0.0    0  4.3  8 160   M    M   3 1       M  M
 4  81  64  73   2   0   8 0.05  0.0    0  3.5 16  80   M    M   3 1      32  80
 5  75  61  68  -3   0   3 0.00  0.0    0  3.3  8  90   M    M   7 12      M  M
 6  77  61  69  -2   0   4 0.00  0.0    0  3.9  9 130   M    M   4 1      12 140
 7  75  61  68  -3   0   3 0.00  0.0    0  8.1 16 120   M    M   6        22 130
 8  81  64  73   2   0   8 0.00  0.0    0  7.5 13 100   M    M   6        18 100
 9  81  61  71   0   0   6 0.00  0.0    0  7.0 12 120   M    M   3        15 120
10  79  61  70  -1   0   5 0.00  0.0    0  3.2  7 110   M    M   3 1       M  M
11  72  64  68  -3   0   3 0.00  0.0    0 10.2 17 330   M    M   9 1      25 330
12  75  55  65  -6   0   0 0.00  0.0    0  9.9 16 320   M    M   0        24 350
13  81  54  68  -3   0   3 0.00  0.0    0  6.4 12 280   M    M   3        17 310
14  77  59  68  -3   0   3 0.00  0.0    0  5.7  9 110   M    M   3        12 180
15  75  61  68  -2   0   3 0.00  0.0    0  6.6 14 180   M    M   5        14 200
16  81  64  73   3   0   8 0.00  0.0    0  1.7  8 180   M    M   7 12      M  M
17  82  61  72   2   0   7 0.26  0.0    0  4.7 10 240   M    M   6 12     14 150
18  84  66  75   5   0  10 0.36  0.0    0  8.0 15 210   M    M   5 1      18 210
19  79  64  72   2   0   7 0.00  0.0    0  6.4 14 300   M    M   4 1      20 300
20  79  61  70   0   0   5 0.00  0.0    0  4.7  9 170   M    M   2 1      14 170
21  84  70  77   7   0  12 0.45  0.0    0  8.4 21 210   M    M   5 1      28 210
22  86  70  78   8   0  13 0.00  0.0    0  2.9  8  50   M    M   6 12      M  M
23  81  70  76   7   0  11 0.89  0.0    0  7.2 15 240   M    M   4 1      15 120
24  90  70  80  11   0  15 0.00  0.0    0 10.2 15 180   M    M   3 12     20 130
25  84  66  75   6   0  10 0.26  0.0    0  5.3  9 300   M    M   4         M  M
26  75  63  69   0   0   4 0.18  0.0    0  4.4 14 350   M    M   5        21 350
27  73  59  66  -3   0   1 0.00  0.0    0  4.9  8  90   M    M   2         M  M
28  70  61  66  -2   0   1 0.30  0.0    0  8.1 13 110   M    M   8 1      17 120
29  84  66  75   7   0  10 0.95  0.0    0  9.0 18 200   M    M   6 1      21 180
================================================================================
SM 2306 1812         0 179  3.73     0.0 170.9          M      124
================================================================================
AV 79.5 62.5                               5.9 FASTST   M    M   4    MAX(MPH)
                                 MISC ---->    21   M                 32    M
================================================================================
NOTES:
# LAST OF SEVERAL OCCURRENCES

COLUMN 17 PEAK WIND IN M.P.H.

PRELIMINARY LOCAL CLIMATOLOGICAL DATA (WS FORM: F-6) , PAGE 2

                                          STATION:  CHARLES_CITY IA
                                          MONTH:    AUGUST
                                          YEAR:     2014
                                          LATITUDE:   43  4 N
                                          LONGITUDE:  92 37 W

[TEMPERATURE DATA]      [PRECIPITATION DATA]       SYMBOLS USED IN COLUMN 16

AVERAGE MONTHLY: 71.0   TOTAL FOR MONTH:   3.73    1 = FOG OR MIST
DPTR FM NORMAL:   0.8   DPTR FM NORMAL:   -0.15    2 = FOG REDUCING VISIBILITY
HIGHEST:    90 ON 24    GRTST 24HR  0.95 ON 29-29      TO 1/4 MILE OR LESS
LOWEST:     54 ON 13                               3 = THUNDER
                        SNOW, ICE PELLETS, HAIL    4 = ICE PELLETS
                        TOTAL MONTH:   0.0 INCH    5 = HAIL
                        GRTST 24HR     0.0         6 = FREEZING RAIN OR DRIZZLE
                        GRTST DEPTH:   0           7 = DUSTSTORM OR SANDSTORM:
                                                       VSBY 1/2 MILE OR LESS
                                                   8 = SMOKE OR HAZE
[NO. OF DAYS WITH]      [WEATHER - DAYS WITH]      9 = BLOWING SNOW
                                                   X = TORNADO
MAX 32 OR BELOW:   0    0.01 INCH OR MORE:  10
MAX 90 OR ABOVE:   1    0.10 INCH OR MORE:   8
MIN 32 OR BELOW:   0    0.50 INCH OR MORE:   2
MIN  0 OR BELOW:   0    1.00 INCH OR MORE:   0

[HDD (BASE 65) ]
TOTAL THIS MO.     0    CLEAR  (SCALE 0-3)  11
DPTR FM NORMAL   -19    PTCLDY (SCALE 4-7)  16
TOTAL FM JUL 1    19    CLOUDY (SCALE 8-10)  2
DPTR FM NORMAL    -8

[CDD (BASE 65) ]
TOTAL THIS MO.   179
DPTR FM NORMAL     9    [PRESSURE DATA]
TOTAL FM JAN 1   498    HIGHEST SLP M ON M
DPTR FM NORMAL   -92    LOWEST  SLP M ON M

[REMARKS]




U.S. Dept. of Commerce
NOAA National Weather Service
1325 East West Highway
Silver Spring, MD 20910
E-mail: w-nws.webmaster@noaa.gov
Page last modified: May 16, 2007
NATIONAL WEATHER SERVICE: for Safety, for Work, for Fun - FOR LIFE