779
CXUS55 KBOU 290843
CF6CCU
PRELIMINARY LOCAL CLIMATOLOGICAL DATA (WS FORM: F-6)

                                          STATION:   COPPER MTN CO
                                          MONTH:     NOVEMBER
                                          YEAR:      2014
                                          LATITUDE:   39 28 N
                                          LONGITUDE: 106  9 W

  TEMPERATURE IN F:       :PCPN:    SNOW:  WIND      :SUNSHINE: SKY     :PK WND
================================================================================
1   2   3   4   5  6A  6B    7    8   9   10  11  12  13   14  15   16   17  18
                                     12Z  AVG MX 2MIN
DY MAX MIN AVG DEP HDD CDD  WTR  SNW DPTH SPD SPD DIR MIN PSBL S-S WX    SPD DR
================================================================================

 1  46  36  41   M  24   0    M    M    M 19.7 25 170   M    M   0        37 170
 2  37  28  33   M  32   0    M    M    M 15.7 23 150   M    M   2        32 180
 3  28  19  24   M  41   0    M    M    M 13.6 22 280   M    M   8        32 280
 4  37  18  28   M  37   0    M    M    M  9.2 22 260   M    M   3        36 260
 5  41  25  33   M  32   0    M    M    M 12.2 25 260   M    M   0        36 260
 6  48  34  41   M  24   0    M    M    M 13.3 23 260   M    M   0        25 280
 7  37  30  34   M  31   0    M    M    M 21.2 36 260   M    M   2        41 260
 8  43  27  35   M  30   0    M    M    M 17.5 40 260   M    M   1        47 260
 9  45  32  39   M  26   0    M    M    M 17.8 35 250   M    M   0        51 250
10  36  16  26   M  39   0    M    M    M 22.9 39 240   M    M   5        59 260
11  28  14  21   M  44   0    M    M    M 18.9 28 230   M    M   2        45 240
12  28   9  19   M  46   0    M    M    M 18.8 32 250   M    M  10        48 250
13  25   7  16   M  49   0    M    M    M 17.6 38 270   M    M   7        48 270
14  25  19  22   M  43   0    M    M    M 15.9 29 270   M    M   7        29 250
15  23   9  16   M  49   0    M    M    M 22.8 36 270   M    M  10        46 270
16   7  -2   3   M  62   0    M    M    M 14.2 20 260   M    M   5        28 270
17  12   1   7   M  58   0    M    M    M 18.0 29 260   M    M   5        35 260
18  21   5  13   M  52   0    M    M    M 19.7 37 270   M    M   1        48 270
19  28  14  21   M  44   0    M    M    M 19.2 35 270   M    M   2        44 270
20  32  19  26   M  39   0    M    M    M 12.1 18 280   M    M   2         M  M
21  30  19  25   M  40   0    M    M    M 10.3 17 160   M    M   3        23 160
22  34  23  29   M  36   0    M    M    M 15.5 23 260   M    M   4        40 250
23  25   5  15   M  50   0    M    M    M 24.5 36 300   M    M  10        53 290
24  10   5   8   M  57   0    M    M    M 23.1 31 260   M    M   9        47 260
25  23   5  14   M  51   0    M    M    M 23.7 28 280   M    M  10        44 280
26  28  23  26   M  39   0    M    M    M 33.2 46 270   M    M   7        61 270
27  36  25  31   M  34   0    M    M    M 19.9 37 260   M    M   1 8      47 260
28  37  34  36   M  29   0    M    M    M 23.6 39 260   M    M   0 8      47 250
================================================================================
SM  850  499      1138   0    M     M    514.1          M      116
================================================================================
AV 30.4 17.8                              18.4 FASTST   M    M   4    MAX(MPH)
                                 MISC ---->  # 46 270               # 61  270
================================================================================
NOTES:
# LAST OF SEVERAL OCCURRENCES

COLUMN 17 PEAK WIND IN M.P.H.

PRELIMINARY LOCAL CLIMATOLOGICAL DATA (WS FORM: F-6) , PAGE 2

                                          STATION:  COPPER MTN CO
                                          MONTH:    NOVEMBER
                                          YEAR:     2014
                                          LATITUDE:   39 28 N
                                          LONGITUDE: 106  9 W

[TEMPERATURE DATA]      [PRECIPITATION DATA]       SYMBOLS USED IN COLUMN 16

AVERAGE MONTHLY: 24.1   TOTAL FOR MONTH:      M    1 = FOG OR MIST
DPTR FM NORMAL:     M   DPTR FM NORMAL:       M    2 = FOG REDUCING VISIBILITY
HIGHEST:    48 ON  6    GRTST 24HR    M  ON   M        TO 1/4 MILE OR LESS
LOWEST:     -2 ON 16                               3 = THUNDER
                        SNOW, ICE PELLETS, HAIL    4 = ICE PELLETS
                        TOTAL MONTH:    M          5 = HAIL
                        GRTST 24HR    M  ON   M    6 = FREEZING RAIN OR DRIZZLE
                        GRTST DEPTH:  M  ON   M    7 = DUSTSTORM OR SANDSTORM:
                                                       VSBY 1/2 MILE OR LESS
                                                   8 = SMOKE OR HAZE
[NO. OF DAYS WITH]      [WEATHER - DAYS WITH]      9 = BLOWING SNOW
                                                   X = TORNADO
MAX 32 OR BELOW:  16    0.01 INCH OR MORE:   0
MAX 90 OR ABOVE:   0    0.10 INCH OR MORE:   0
MIN 32 OR BELOW:  25    0.50 INCH OR MORE:   0
MIN  0 OR BELOW:   1    1.00 INCH OR MORE:   0

[HDD (BASE 65) ]
TOTAL THIS MO.  1138    CLEAR  (SCALE 0-3)  15
DPTR FM NORMAL     M    PTCLDY (SCALE 4-7)   8
TOTAL FM JUL 1  2991    CLOUDY (SCALE 8-10)  5
DPTR FM NORMAL     M

[CDD (BASE 65) ]
TOTAL THIS MO.     0
DPTR FM NORMAL     M    [PRESSURE DATA]
TOTAL FM JAN 1     0    HIGHEST SLP M ON M
DPTR FM NORMAL     M    LOWEST  SLP M ON M

[REMARKS]




U.S. Dept. of Commerce
NOAA National Weather Service
1325 East West Highway
Silver Spring, MD 20910
E-mail: w-nws.webmaster@noaa.gov
Page last modified: May 16, 2007
NATIONAL WEATHER SERVICE: for Safety, for Work, for Fun - FOR LIFE