244
CXUS55 KBOU 300800
CF6CCU
PRELIMINARY LOCAL CLIMATOLOGICAL DATA (WS FORM: F-6)

                                          STATION:   COPPER MTN CO
                                          MONTH:     AUGUST
                                          YEAR:      2014
                                          LATITUDE:   39 28 N
                                          LONGITUDE: 106  9 W

  TEMPERATURE IN F:       :PCPN:    SNOW:  WIND      :SUNSHINE: SKY     :PK WND
================================================================================
1   2   3   4   5  6A  6B    7    8   9   10  11  12  13   14  15   16   17  18
                                     12Z  AVG MX 2MIN
DY MAX MIN AVG DEP HDD CDD  WTR  SNW DPTH SPD SPD DIR MIN PSBL S-S WX    SPD DR
================================================================================

 1  54  43  49   M  16   0    M    M    M 11.1 21 190   M    M   7 3      22 130
 2  68  45  57   M   8   0    M    M    M  9.0 20  70   M    M   1        23  70
 3  70  50  60   M   5   0    M    M    M 12.9 23 150   M    M   5 3      23 170
 4  61  46  54   M  11   0    M    M    M 11.8 21 160   M    M   8 3      23 290
 5  59  45  52   M  13   0    M    M    M 13.1 23 260   M    M   8 38     53 260
 6  61  41  51   M  14   0    M    M    M 15.4 33 270   M    M   6 38     39 270
 7  61  45  53   M  12   0    M    M    M 15.0 28 290   M    M   5 3      33 280
 8  59  46  53   M  12   0    M    M    M 14.5 23 280   M    M   3 3      32 280
 9  61  45  53   M  12   0    M    M    M 13.5 30 280   M    M   3 3      41 280
10  61  46  54   M  11   0    M    M    M  9.4 20 170   M    M   4 3      20 190
11  66  46  56   M   9   0    M    M    M 11.8 18 180   M    M   1 3      20 280
12  68  52  60   M   5   0    M    M    M 13.3 23 170   M    M   4 3      25 130
13  64  50  57   M   8   0    M    M    M 11.9 22 170   M    M   8 3      29 280
14  57  46  52   M  13   0    M    M    M 15.5 29 280   M    M   8 3      33 280
15  63  46  55   M  10   0    M    M    M 15.1 23 270   M    M   5 138    29 270
16  64  46  55   M  10   0    M    M    M 12.1 23 280   M    M   2        32 280
17  64  52  58   M   7   0    M    M    M 13.6 25 280   M    M   2 3      33 280
18  64  54  59   M   6   0    M    M    M 13.7 25 270   M    M   3 3      30 290
19  61  45  53   M  12   0    M    M    M 14.4 36 180   M    M   6 3      41 180
20  59  45  52   M  13   0    M    M    M 13.9 27 290   M    M   7 8      35 290
21  59  41  50   M  15   0    M    M    M  9.7 18 280   M    M   7 3      24 270
22  54  43  49   M  16   0    M    M    M 13.2 23 160   M    M   9 38     28 170
23  52  41  47   M  18   0    M    M    M 17.9 37 260   M    M   7 38     48 270
24  55  39  47   M  18   0    M    M    M 14.9 28 260   M    M   4 3      38 260
25  61  45  53   M  12   0    M    M    M 16.3 24 180   M    M   4 3      28 160
26  61  45  53   M  12   0    M    M    M 11.7 21 270   M    M   8 3      25 170
27  50  37  44   M  21   0    M    M    M  9.4 16 280   M    M   9 38     28 220
28  45  37  41   M  24   0    M    M    M 18.4 28 270   M    M  10 12     37 270
29  55  41  48   M  17   0    M    M    M 13.3 25 280   M    M   7 23     37 300
================================================================================
SM 1737 1303       360   0    M     M    385.8          M      161
================================================================================
AV 59.9 44.9                              13.3 FASTST   M    M   6    MAX(MPH)
                                 MISC ---->    37   M                 53    M
================================================================================
NOTES:
# LAST OF SEVERAL OCCURRENCES

COLUMN 17 PEAK WIND IN M.P.H.

PRELIMINARY LOCAL CLIMATOLOGICAL DATA (WS FORM: F-6) , PAGE 2

                                          STATION:  COPPER MTN CO
                                          MONTH:    AUGUST
                                          YEAR:     2014
                                          LATITUDE:   39 28 N
                                          LONGITUDE: 106  9 W

[TEMPERATURE DATA]      [PRECIPITATION DATA]       SYMBOLS USED IN COLUMN 16

AVERAGE MONTHLY: 52.4   TOTAL FOR MONTH:      M    1 = FOG OR MIST
DPTR FM NORMAL:     M   DPTR FM NORMAL:       M    2 = FOG REDUCING VISIBILITY
HIGHEST:    70 ON  3    GRTST 24HR    M  ON   M        TO 1/4 MILE OR LESS
LOWEST:     37 ON 28,27                            3 = THUNDER
                        SNOW, ICE PELLETS, HAIL    4 = ICE PELLETS
                        TOTAL MONTH:    M          5 = HAIL
                        GRTST 24HR    M  ON   M    6 = FREEZING RAIN OR DRIZZLE
                        GRTST DEPTH:  M  ON   M    7 = DUSTSTORM OR SANDSTORM:
                                                       VSBY 1/2 MILE OR LESS
                                                   8 = SMOKE OR HAZE
[NO. OF DAYS WITH]      [WEATHER - DAYS WITH]      9 = BLOWING SNOW
                                                   X = TORNADO
MAX 32 OR BELOW:   0    0.01 INCH OR MORE:   0
MAX 90 OR ABOVE:   0    0.10 INCH OR MORE:   0
MIN 32 OR BELOW:   0    0.50 INCH OR MORE:   0
MIN  0 OR BELOW:   0    1.00 INCH OR MORE:   0

[HDD (BASE 65) ]
TOTAL THIS MO.   360    CLEAR  (SCALE 0-3)   6
DPTR FM NORMAL     M    PTCLDY (SCALE 4-7)  20
TOTAL FM JUL 1   603    CLOUDY (SCALE 8-10)  3
DPTR FM NORMAL     M

[CDD (BASE 65) ]
TOTAL THIS MO.     0
DPTR FM NORMAL     M    [PRESSURE DATA]
TOTAL FM JAN 1     0    HIGHEST SLP M ON M
DPTR FM NORMAL     M    LOWEST  SLP M ON M

[REMARKS]




U.S. Dept. of Commerce
NOAA National Weather Service
1325 East West Highway
Silver Spring, MD 20910
E-mail: w-nws.webmaster@noaa.gov
Page last modified: May 16, 2007
NATIONAL WEATHER SERVICE: for Safety, for Work, for Fun - FOR LIFE