589
CXUS55 KBOU 210752
CF6CCU
PRELIMINARY LOCAL CLIMATOLOGICAL DATA (WS FORM: F-6)

                                          STATION:   COPPER MTN CO
                                          MONTH:     SEPTEMBER
                                          YEAR:      2014
                                          LATITUDE:   39 28 N
                                          LONGITUDE: 106  9 W

  TEMPERATURE IN F:       :PCPN:    SNOW:  WIND      :SUNSHINE: SKY     :PK WND
================================================================================
1   2   3   4   5  6A  6B    7    8   9   10  11  12  13   14  15   16   17  18
                                     12Z  AVG MX 2MIN
DY MAX MIN AVG DEP HDD CDD  WTR  SNW DPTH SPD SPD DIR MIN PSBL S-S WX    SPD DR
================================================================================

 1  57  41  49   M  16   0    M    M    M 19.0 31 270   M    M   2        44 270
 2  61  45  53   M  12   0    M    M    M 16.6 29 270   M    M   2        39 260
 3  64  54  59   M   6   0    M    M    M 15.0 28 260   M    M   1        40 240
 4  64  41  53   M  12   0    M    M    M 12.3 23 280   M    M   5 8      29 160
 5  59  37  48   M  17   0    M    M    M 10.5 24 280   M    M   6 38     35 280
 6  59  45  52   M  13   0    M    M    M 12.0 20 180   M    M   3 3      24 260
 7  55  45  50   M  15   0    M    M    M 14.2 22 270   M    M   2 3      32 270
 8  54  45  50   M  15   0    M    M    M 10.5 22 170   M    M   7        24 180
 9  52  37  45   M  20   0    M    M    M 14.9 27 280   M    M  10 8      32 280
10  52  36  44   M  21   0    M    M    M 16.1 28 270   M    M   6 12     36 280
11  54  39  47   M  18   0    M    M    M 15.1 28 250   M    M   3        36 250
12  54  34  44   M  21   0    M    M    M 14.5 28 280   M    M   1 1      37 280
13  54  37  46   M  19   0    M    M    M 15.2 28 280   M    M   0        36 280
14  59  45  52   M  13   0    M    M    M 17.2 30 260   M    M   3        40 260
15  61  45  53   M  12   0    M    M    M 12.5 24 280   M    M   3        33 280
16  63  45  54   M  11   0    M    M    M 13.1 21 260   M    M   3        29 280
17  64  48  56   M   9   0    M    M    M  9.2 20 280   M    M   2        29 280
18  68  50  59   M   6   0    M    M    M 11.8 17 180   M    M   1        27 130
19  64  52  58   M   7   0    M    M    M 13.3 20 270   M    M   2        27 290
20  64  46  55   M  10   0    M    M    M 10.9 21 160   M    M   4 3      27 140
================================================================================
SM 1182  867       273   0    M     M    273.9          M       66
================================================================================
AV 59.1 43.3                              13.7 FASTST   M    M   3    MAX(MPH)
                                 MISC ---->    31   M                 44    M
================================================================================
NOTES:
# LAST OF SEVERAL OCCURRENCES

COLUMN 17 PEAK WIND IN M.P.H.

PRELIMINARY LOCAL CLIMATOLOGICAL DATA (WS FORM: F-6) , PAGE 2

                                          STATION:  COPPER MTN CO
                                          MONTH:    SEPTEMBER
                                          YEAR:     2014
                                          LATITUDE:   39 28 N
                                          LONGITUDE: 106  9 W

[TEMPERATURE DATA]      [PRECIPITATION DATA]       SYMBOLS USED IN COLUMN 16

AVERAGE MONTHLY: 51.2   TOTAL FOR MONTH:      M    1 = FOG OR MIST
DPTR FM NORMAL:     M   DPTR FM NORMAL:       M    2 = FOG REDUCING VISIBILITY
HIGHEST:    68 ON 18    GRTST 24HR    M  ON   M        TO 1/4 MILE OR LESS
LOWEST:     34 ON 12                               3 = THUNDER
                        SNOW, ICE PELLETS, HAIL    4 = ICE PELLETS
                        TOTAL MONTH:    M          5 = HAIL
                        GRTST 24HR    M  ON   M    6 = FREEZING RAIN OR DRIZZLE
                        GRTST DEPTH:  M  ON   M    7 = DUSTSTORM OR SANDSTORM:
                                                       VSBY 1/2 MILE OR LESS
                                                   8 = SMOKE OR HAZE
[NO. OF DAYS WITH]      [WEATHER - DAYS WITH]      9 = BLOWING SNOW
                                                   X = TORNADO
MAX 32 OR BELOW:   0    0.01 INCH OR MORE:   0
MAX 90 OR ABOVE:   0    0.10 INCH OR MORE:   0
MIN 32 OR BELOW:   0    0.50 INCH OR MORE:   0
MIN  0 OR BELOW:   0    1.00 INCH OR MORE:   0

[HDD (BASE 65) ]
TOTAL THIS MO.   273    CLEAR  (SCALE 0-3)  14
DPTR FM NORMAL     M    PTCLDY (SCALE 4-7)   5
TOTAL FM JUL 1   906    CLOUDY (SCALE 8-10)  1
DPTR FM NORMAL     M

[CDD (BASE 65) ]
TOTAL THIS MO.     0
DPTR FM NORMAL     M    [PRESSURE DATA]
TOTAL FM JAN 1     0    HIGHEST SLP M ON M
DPTR FM NORMAL     M    LOWEST  SLP M ON M

[REMARKS]




U.S. Dept. of Commerce
NOAA National Weather Service
1325 East West Highway
Silver Spring, MD 20910
E-mail: w-nws.webmaster@noaa.gov
Page last modified: May 16, 2007
NATIONAL WEATHER SERVICE: for Safety, for Work, for Fun - FOR LIFE