251
CXUS55 KBOU 251105
CF6CCU
PRELIMINARY LOCAL CLIMATOLOGICAL DATA (WS FORM: F-6)

                                          STATION:   COPPER MTN CO
                                          MONTH:     JULY
                                          YEAR:      2014
                                          LATITUDE:   39 28 N
                                          LONGITUDE: 106  9 W

  TEMPERATURE IN F:       :PCPN:    SNOW:  WIND      :SUNSHINE: SKY     :PK WND
================================================================================
1   2   3   4   5  6A  6B    7    8   9   10  11  12  13   14  15   16   17  18
                                     12Z  AVG MX 2MIN
DY MAX MIN AVG DEP HDD CDD  WTR  SNW DPTH SPD SPD DIR MIN PSBL S-S WX    SPD DR
================================================================================

 1  64  45  55   M  10   0    M    M    M 15.1 31 290   M    M   1        40 290
 2  64  45  55   M  10   0    M    M    M 15.9 24 180   M    M   0        31 260
 3  68  50  59   M   6   0    M    M    M 14.3 24 170   M    M   4 3      31 280
 4  64  46  55   M  10   0    M    M    M 13.0 23 290   M    M   4 3      35 270
 5  64  50  57   M   8   0    M    M    M 11.9 22 280   M    M   3 3      30 280
 6  68  54  61   M   4   0    M    M    M 10.4 17 170   M    M   4 3      31 100
 7  72  54  63   M   2   0    M    M    M 17.4 29 290   M    M   3 3      36 280
 8  68  54  61   M   4   0    M    M    M 17.2 28 290   M    M   2 3      37 280
 9  72  52  62   M   3   0    M    M    M 13.5 21 280   M    M   1        31 290
10  64  50  57   M   8   0    M    M    M 12.9 30 170   M    M   6 38     36 170
11  64  46  55   M  10   0    M    M    M 11.6 24 170   M    M   7 38     28 170
12  66  46  56   M   9   0    M    M    M 12.1 24 280   M    M   6 38     33 280
13  68  48  58   M   7   0    M    M    M 12.4 22 280   M    M   4 3      29 280
14  64  50  57   M   8   0    M    M    M 11.3 23 270   M    M   4 3      32 270
15  63  46  55   M  10   0    M    M    M 14.9 24 290   M    M   5 38     46 260
16  59  45  52   M  13   0    M    M    M 15.6 25 290   M    M   7 3      40 280
17  61  45  53   M  12   0    M    M    M 15.5 22 290   M    M   4 3      28 280
18  63  46  55   M  10   0    M    M    M 16.9 32 280   M    M   3 3      41 280
19  64  52  58   M   7   0    M    M    M 14.6 28 290   M    M   3        36 270
20  68  46  57   M   8   0    M    M    M 14.6 35 170   M    M   4 3      39 170
21  68  54  61   M   4   0    M    M    M 13.8 21 250   M    M   1        33 250
22  73  54  64   M   1   0    M    M    M  9.8 24 160   M    M   2        23 270
23  70  54  62   M   3   0    M    M    M 17.9 32 170   M    M   4 3      40 170
24  68  52  60   M   5   0    M    M    M 17.4 31 170   M    M   6 3      35 170
================================================================================
SM 1587 1184       172   0    M     M    340.0          M       88
================================================================================
AV 66.1 49.3                              14.2 FASTST   M    M   4    MAX(MPH)
                                 MISC ---->  # 35 170               # 46  260
================================================================================
NOTES:
# LAST OF SEVERAL OCCURRENCES

COLUMN 17 PEAK WIND IN M.P.H.

PRELIMINARY LOCAL CLIMATOLOGICAL DATA (WS FORM: F-6) , PAGE 2

                                          STATION:  COPPER MTN CO
                                          MONTH:    JULY
                                          YEAR:     2014
                                          LATITUDE:   39 28 N
                                          LONGITUDE: 106  9 W

[TEMPERATURE DATA]      [PRECIPITATION DATA]       SYMBOLS USED IN COLUMN 16

AVERAGE MONTHLY: 57.7   TOTAL FOR MONTH:      M    1 = FOG OR MIST
DPTR FM NORMAL:     M   DPTR FM NORMAL:       M    2 = FOG REDUCING VISIBILITY
HIGHEST:    73 ON 22    GRTST 24HR    M  ON   M        TO 1/4 MILE OR LESS
LOWEST:     45 ON 17,16                            3 = THUNDER
                        SNOW, ICE PELLETS, HAIL    4 = ICE PELLETS
                        TOTAL MONTH:    M          5 = HAIL
                        GRTST 24HR    M  ON   M    6 = FREEZING RAIN OR DRIZZLE
                        GRTST DEPTH:  M  ON   M    7 = DUSTSTORM OR SANDSTORM:
                                                       VSBY 1/2 MILE OR LESS
                                                   8 = SMOKE OR HAZE
[NO. OF DAYS WITH]      [WEATHER - DAYS WITH]      9 = BLOWING SNOW
                                                   X = TORNADO
MAX 32 OR BELOW:   0    0.01 INCH OR MORE:   0
MAX 90 OR ABOVE:   0    0.10 INCH OR MORE:   0
MIN 32 OR BELOW:   0    0.50 INCH OR MORE:   0
MIN  0 OR BELOW:   0    1.00 INCH OR MORE:   0

[HDD (BASE 65) ]
TOTAL THIS MO.   172    CLEAR  (SCALE 0-3)   9
DPTR FM NORMAL     M    PTCLDY (SCALE 4-7)  15
TOTAL FM JUL 1   172    CLOUDY (SCALE 8-10)  0
DPTR FM NORMAL     M

[CDD (BASE 65) ]
TOTAL THIS MO.     0
DPTR FM NORMAL     M    [PRESSURE DATA]
TOTAL FM JAN 1     0    HIGHEST SLP M ON M
DPTR FM NORMAL     M    LOWEST  SLP M ON M

[REMARKS]




U.S. Dept. of Commerce
NOAA National Weather Service
1325 East West Highway
Silver Spring, MD 20910
E-mail: w-nws.webmaster@noaa.gov
Page last modified: May 16, 2007
NATIONAL WEATHER SERVICE: for Safety, for Work, for Fun - FOR LIFE