565
CXUS56 KMTR 301000
CF6CCR
PRELIMINARY LOCAL CLIMATOLOGICAL DATA (WS FORM: F-6)

                                          STATION:   CONCORD AIRPORT
                                          MONTH:     AUGUST
                                          YEAR:      2014
                                          LATITUDE:   37 58 N
                                          LONGITUDE: 122  3 W

  TEMPERATURE IN F:       :PCPN:    SNOW:  WIND      :SUNSHINE: SKY     :PK WND
================================================================================
1   2   3   4   5  6A  6B    7    8   9   10  11  12  13   14  15   16   17  18
                                     12Z  AVG MX 2MIN
DY MAX MIN AVG DEP HDD CDD  WTR  SNW DPTH SPD SPD DIR MIN PSBL S-S WX    SPD DR
================================================================================

 1  97  60  79   7   0  14 0.00  0.0    0  7.2 18 310   M    M   0        21 270
 2  89  58  74   2   0   9 0.00  0.0    0  9.6 16 320   M    M   0        24 320
 3  83  59  71  -1   0   6 0.00  0.0    0 10.3 17 210   M    M   4        34 160
 4  79  59  69  -3   0   4 0.01  0.0    0  8.1 15 300   M    M   6        18 310
 5  78  61  70  -2   0   5 0.08  0.0    0  5.8 20 320   M    M   4 1      23 330
 6  89  62  76   4   0  11    T  0.0    0  6.6 16 280   M    M   3        28 260
 7  90  60  75   3   0  10 0.00  0.0    0 10.3 22 200   M    M   0        29 250
 8  92  59  76   4   0  11 0.00  0.0    0 12.8 22 200   M    M   0        30 170
 9  80  58  69  -3   0   4 0.00  0.0    0 16.8 24 190   M    M   1        28 190
10  83  59  71  -1   0   6 0.00  0.0    0  8.8 20 200   M    M   4        25 200
11  89  58  74   2   0   9 0.00  0.0    0  9.2 20 310   M    M   1        26 220
12  78  60  69  -3   0   4 0.00  0.0    0  9.9 17 280   M    M   3        22 270
13  84  57  71  -1   0   6 0.00  0.0    0  8.1 21 320   M    M   2        26 280
14  87  58  73   1   0   8 0.00  0.0    0  7.6 16 280   M    M   0        24 230
15  90  58  74   2   0   9 0.00  0.0    0  8.1 18 280   M    M   0        22 330
16  90  58  74   2   0   9 0.00  0.0    0  7.6 18 330   M    M   0        24 310
17  89  55  72   0   0   7 0.00  0.0    0  7.9 17 320   M    M   0        20 200
18  85  59  72   0   0   7 0.00  0.0    0 10.9 21 210   M    M   2        26 200
19  77  60  69  -3   0   4 0.00  0.0    0 12.9 21 260   M    M   5        25 260
20  71  60  66  -6   0   1 0.00  0.0    0 11.5 22 270   M    M   7        26 280
21  87  60  74   2   0   9 0.00  0.0    0  8.0 20 330   M    M   3        25 300
22  84  59  72   0   0   7 0.00  0.0    0 11.9 21 190   M    M   1        29 160
23  87  54  71  -1   0   6 0.00  0.0    0  6.7 17 310   M    M   0        22 280
24  81  57  69  -3   0   4 0.00  0.0    0  8.3 16 240   M    M   1        22 240
25  76  59  68  -4   0   3 0.00  0.0    0 10.7 21 250   M    M   4        30 230
26  86  57  72   0   0   7 0.00  0.0    0  8.4 16 300   M    M   1        21 340
27  92  60  76   4   0  11 0.00  0.0    0  8.7 17 310   M    M   0        24 270
28  93  59  76   4   0  11 0.00  0.0    0  8.1 21 320   M    M   0        25 320
29  88  60  74   2   0   9 0.00  0.0    0  8.3 17 320   M    M   1        26  10
================================================================================
SM 2474 1703         0 211  0.09     0.0 269.1          M       53
================================================================================
AV 85.3 58.7                               9.3 FASTST   M    M   2    MAX(MPH)
                                 MISC ---->  # 24 190               # 34  160
================================================================================
NOTES:
# LAST OF SEVERAL OCCURRENCES

COLUMN 17 PEAK WIND IN M.P.H.

PRELIMINARY LOCAL CLIMATOLOGICAL DATA (WS FORM: F-6) , PAGE 2

                                          STATION:  CONCORD AIRPORT
                                          MONTH:    AUGUST
                                          YEAR:     2014
                                          LATITUDE:   37 58 N
                                          LONGITUDE: 122  3 W

[TEMPERATURE DATA]      [PRECIPITATION DATA]       SYMBOLS USED IN COLUMN 16

AVERAGE MONTHLY: 72.0   TOTAL FOR MONTH:   0.09    1 = FOG OR MIST
DPTR FM NORMAL:   0.0   DPTR FM NORMAL:    0.07    2 = FOG REDUCING VISIBILITY
HIGHEST:    97 ON  1    GRTST 24HR  0.09 ON  4- 5      TO 1/4 MILE OR LESS
LOWEST:     54 ON 23                               3 = THUNDER
                        SNOW, ICE PELLETS, HAIL    4 = ICE PELLETS
                        TOTAL MONTH:   0.0 INCH    5 = HAIL
                        GRTST 24HR     0.0         6 = FREEZING RAIN OR DRIZZLE
                        GRTST DEPTH:   0           7 = DUSTSTORM OR SANDSTORM:
                                                       VSBY 1/2 MILE OR LESS
                                                   8 = SMOKE OR HAZE
[NO. OF DAYS WITH]      [WEATHER - DAYS WITH]      9 = BLOWING SNOW
                                                   X = TORNADO
MAX 32 OR BELOW:   0    0.01 INCH OR MORE:   2
MAX 90 OR ABOVE:   7    0.10 INCH OR MORE:   0
MIN 32 OR BELOW:   0    0.50 INCH OR MORE:   0
MIN  0 OR BELOW:   0    1.00 INCH OR MORE:   0

[HDD (BASE 65) ]
TOTAL THIS MO.     0    CLEAR  (SCALE 0-3)  22
DPTR FM NORMAL     0    PTCLDY (SCALE 4-7)   7
TOTAL FM JUL 1     0    CLOUDY (SCALE 8-10)  0
DPTR FM NORMAL    -3

[CDD (BASE 65) ]
TOTAL THIS MO.   211
DPTR FM NORMAL     6    [PRESSURE DATA]
TOTAL FM JAN 1   775    HIGHEST SLP M ON M
DPTR FM NORMAL   127    LOWEST  SLP 29.80 ON 19

[REMARKS]




U.S. Dept. of Commerce
NOAA National Weather Service
1325 East West Highway
Silver Spring, MD 20910
E-mail: w-nws.webmaster@noaa.gov
Page last modified: May 16, 2007
NATIONAL WEATHER SERVICE: for Safety, for Work, for Fun - FOR LIFE