174
CXUS56 KMTR 311000
CF6CCR
PRELIMINARY LOCAL CLIMATOLOGICAL DATA (WS FORM: F-6)

                                          STATION:   CONCORD AIRPORT
                                          MONTH:     JANUARY
                                          YEAR:      2015
                                          LATITUDE:   37 58 N
                                          LONGITUDE: 122  3 W

  TEMPERATURE IN F:       :PCPN:    SNOW:  WIND      :SUNSHINE: SKY     :PK WND
================================================================================
1   2   3   4   5  6A  6B    7    8   9   10  11  12  13   14  15   16   17  18
                                     12Z  AVG MX 2MIN
DY MAX MIN AVG DEP HDD CDD  WTR  SNW DPTH SPD SPD DIR MIN PSBL S-S WX    SPD DR
================================================================================

 1  52  33  43  -4  22   0 0.00  0.0    0  3.6 12  10   M    M   0 18     15  10
 2  53  29  41  -6  24   0 0.00  0.0    0  2.2  8 160   M    M   0 18     14 340
 3  56  31  44  -3  21   0 0.00  0.0    0  2.1 10 360   M    M   0 18     12  10
 4  57  34  46  -1  19   0    T    M    0  3.2 14  50   M    M   0 18     16 320
 5  59  35  47   0  18   0 0.00  0.0    0  3.2 12  70   M    M   1 18     16  70
 6  64  38  51   4  14   0 0.00  0.0    0  4.5 12  60   M    M   0 18     18  20
 7  69  36  53   6  12   0 0.00  0.0    0  3.3 12 340   M    M   0 18     13  20
 8  63  41  52   5  13   0 0.00  0.0    0  1.7  9  40   M    M   2 18     11  40
 9  62  46  54   7  11   0 0.00  0.0    0  2.0  9 340   M    M   1 18     10 340
10  65  43  54   7  11   0 0.00  0.0    0  1.8  9 310   M    M   2 18     10 310
11  62  43  53   6  12   0 0.00  0.0    0  3.3 12 320   M    M   0 18     13 320
12  66  41  54   7  11   0 0.00  0.0    M  1.1  6  20   M    M   2 12      9  50
13  64  40  52   5  13   0 0.00  0.0    0  3.8 10  80   M    M   0 1      15  70
14  57  40  49   1  16   0 0.00  0.0    0  3.6 13  70   M    M   5 128    17  60
15  57  41  49   1  16   0 0.00  0.0    0  2.3 13 320   M    M   5 128    16 310
16  57  43  50   2  15   0    T  0.0    0  4.1 10  20   M    M   9 128    13  20
17  59  47  53   5  12   0 0.00  0.0    0  3.3 12  30   M    M   8 18     14  30
18  66  51  59  11   6   0 0.00  0.0    0  3.2 10 340   M    M   8 128    13 330
19  62  45  54   6  11   0 0.00  0.0    0  3.0  9  20   M    M   6 18     12  40
20  62  44  53   5  12   0 0.00  0.0    0  1.5  6 130   M    M   4 128     M  M
21  61  40  51   3  14   0 0.00  0.0    0  2.5 10  50   M    M   3 128    14  40
22  56  39  48   0  17   0 0.00  0.0    0  4.6 12  50   M    M   3 18     16  50
23  62  38  50   2  15   0 0.00  0.0    0  3.3  9 330   M    M   1 128    13 340
24  60  42  51   3  14   0 0.00  0.0    0  6.1 12  10   M    M   4 128    15  40
25  63  42  53   5  12   0 0.00  0.0    0  5.4 12  30   M    M   5 18     16  40
26  66  39  53   4  12   0 0.00  0.0    0  3.0 10 350   M    M   3 128    13  40
27  67  47  57   8   8   0 0.00  0.0    0  2.3 10 320   M    M   3 18     12 350
28  69  43  56   7   9   0 0.00  0.0    0  1.9  7 170   M    M   0 18     10  80
29  68  43  56   7   9   0 0.00  0.0    0  3.0  9 350   M    M   0 8      17 220
30  70  42  56   7   9   0 0.00  0.0    0  2.3 10 300   M    M   0        13 300
================================================================================
SM 1854 1216       408   0    T      0.0  91.2          M       75
================================================================================
AV 61.8 40.5                               3.0 FASTST   M    M   3    MAX(MPH)
                                 MISC ---->  # 14  50               # 18   20
================================================================================
NOTES:
# LAST OF SEVERAL OCCURRENCES

COLUMN 17 PEAK WIND IN M.P.H.

PRELIMINARY LOCAL CLIMATOLOGICAL DATA (WS FORM: F-6) , PAGE 2

                                          STATION:  CONCORD AIRPORT
                                          MONTH:    JANUARY
                                          YEAR:     2015
                                          LATITUDE:   37 58 N
                                          LONGITUDE: 122  3 W

[TEMPERATURE DATA]      [PRECIPITATION DATA]       SYMBOLS USED IN COLUMN 16

AVERAGE MONTHLY: 51.2   TOTAL FOR MONTH:      T    1 = FOG OR MIST
DPTR FM NORMAL:   3.4   DPTR FM NORMAL:   -3.18    2 = FOG REDUCING VISIBILITY
HIGHEST:    70 ON 30    GRTST 24HR    T  ON 16-16      TO 1/4 MILE OR LESS
LOWEST:     29 ON  2                               3 = THUNDER
                        SNOW, ICE PELLETS, HAIL    4 = ICE PELLETS
                        TOTAL MONTH:   0.0 INCH    5 = HAIL
                        GRTST 24HR     0.0         6 = FREEZING RAIN OR DRIZZLE
                        GRTST DEPTH:   0           7 = DUSTSTORM OR SANDSTORM:
                                                       VSBY 1/2 MILE OR LESS
                                                   8 = SMOKE OR HAZE
[NO. OF DAYS WITH]      [WEATHER - DAYS WITH]      9 = BLOWING SNOW
                                                   X = TORNADO
MAX 32 OR BELOW:   0    0.01 INCH OR MORE:   0
MAX 90 OR ABOVE:   0    0.10 INCH OR MORE:   0
MIN 32 OR BELOW:   2    0.50 INCH OR MORE:   0
MIN  0 OR BELOW:   0    1.00 INCH OR MORE:   0

[HDD (BASE 65) ]
TOTAL THIS MO.   408    CLEAR  (SCALE 0-3)  19
DPTR FM NORMAL  -111    PTCLDY (SCALE 4-7)  10
TOTAL FM JUL 1   979    CLOUDY (SCALE 8-10)  1
DPTR FM NORMAL  -504

[CDD (BASE 65) ]
TOTAL THIS MO.     0
DPTR FM NORMAL     0    [PRESSURE DATA]
TOTAL FM JAN 1     0    HIGHEST SLP M ON M
DPTR FM NORMAL     0    LOWEST  SLP 29.90 ON 30

[REMARKS]




U.S. Dept. of Commerce
NOAA National Weather Service
1325 East West Highway
Silver Spring, MD 20910
E-mail: w-nws.webmaster@noaa.gov
Page last modified: May 16, 2007
NATIONAL WEATHER SERVICE: for Safety, for Work, for Fun - FOR LIFE