462
CXUS51 KCAR 280600
CF6CAR
PRELIMINARY LOCAL CLIMATOLOGICAL DATA (WS FORM: F-6)

                                          STATION:   CARIBOU ME
                                          MONTH:     JANUARY
                                          YEAR:      2015
                                          LATITUDE:   46 52 N
                                          LONGITUDE:  68  1 W

  TEMPERATURE IN F:       :PCPN:    SNOW:  WIND      :SUNSHINE: SKY     :PK WND
================================================================================
1   2   3   4   5  6A  6B    7    8   9   10  11  12  13   14  15   16   17  18
                                     12Z  AVG MX 2MIN
DY MAX MIN AVG DEP HDD CDD  WTR  SNW DPTH SPD SPD DIR MIN PSBL S-S WX    SPD DR
================================================================================

 1  22   7  15   3  50   0 0.00  0.0    6  9.2 18 220   M    M   7        28 190
 2  22  -4   9  -3  56   0 0.01  0.2    6 10.4 22 300   M    M   6 8      33 300
 3   6 -10  -2 -14  67   0 0.02  0.2    6  4.3 15 150   M    M   2        19 150
 4  24   5  15   4  50   0 0.87  5.2   10  5.9 12 150   M    M  10 126    15 190
 5  33  -5  14   3  51   0    T    T   12 14.1 30 260   M    M   7 18     45 250
 6  -2 -15  -8 -19  73   0    T    T   12  5.9 16 300   M    M   5 8      24 290
 7   8 -12  -2 -13  67   0 0.02  0.2   12  7.3 21 340   M    M   9 189    29 330
 8  -5 -22 -13 -24  78   0    T    T   12  6.7 16 240   M    M   1        21 220
 9  18  -5   7  -3  58   0 0.08  0.6   12  8.1 15 250   M    M   6 18     20 180
10  14   2   8  -2  57   0    T    T   13 10.3 23 250   M    M   4 89     33 240
11  18   1  10   0  55   0 0.00  0.0   13  7.9 18 240   M    M   4        24 250
12  22  11  17   7  48   0 0.20  5.2   14  6.5 22 340   M    M   9 1      33 340
13  11 -13  -1 -11  66   0    T    T   18  8.7 23 340   M    M   1 18     31 330
14  11 -18  -3 -13  68   0 0.00  0.0   17  3.3 10 170   M    M   0 8      13 170
15  16 -17   0 -10  65   0 0.00  0.0   17  2.2  9 160   M    M   3 18     12 170
16  26  -5  11   1  54   0 0.07  1.4   17  8.6 30 330   M    M   8 1689   39 330
17   3  -9  -3 -13  68   0 0.00  0.0   14  8.8 21 310   M    M   1        27 300
18  41  -1  20  11  45   0 0.11    T   14 13.8 21 180   M    M   8 14     29 180
19  44  29  37  28  28   0 0.26    T   11 10.9 23 160   M    M  10 1      31 130
20  29   1  15   6  50   0    T    T   10 11.1 20 250   M    M   7 8      28 280
21  18  -1   9   0  56   0 0.00  0.0   10  5.6 13 310   M    M   0        21 260
22  21  -4   9   0  56   0 0.00  0.0   10  1.7 10 360   M    M   1        14 320
23  25   0  13   4  52   0    T    T   10  6.1 15 230   M    M   4 18     18 180
24  30  23  27  17  38   0 0.02  0.6   10  7.5 15 330   M    M   8 1      18 340
25  28   3  16   6  49   0 0.02  0.3   10 13.3 25 300   M    M   6 189    36 300
26   9  -6   2  -8  63   0 0.00  0.0   10  6.4 18 310   M    M   0        27 310
27  10  -1   5  -5  60   0 0.35  7.2   10 15.5 23  20   M    M   7 128    35  30
================================================================================
SM  502  -66      1528   0  2.03    21.1 220.1          M      134
================================================================================
AV 18.6 -2.4                               8.2 FASTST   M    M   5    MAX(MPH)
                                 MISC ---->  # 30 260               # 45  250
================================================================================
NOTES:
# LAST OF SEVERAL OCCURRENCES

COLUMN 17 PEAK WIND IN M.P.H.

PRELIMINARY LOCAL CLIMATOLOGICAL DATA (WS FORM: F-6) , PAGE 2

                                          STATION:  CARIBOU ME
                                          MONTH:    JANUARY
                                          YEAR:     2015
                                          LATITUDE:   46 52 N
                                          LONGITUDE:  68  1 W

[TEMPERATURE DATA]      [PRECIPITATION DATA]       SYMBOLS USED IN COLUMN 16

AVERAGE MONTHLY:  8.1   TOTAL FOR MONTH:   2.03    1 = FOG OR MIST
DPTR FM NORMAL:  -2.1   DPTR FM NORMAL:   -0.35    2 = FOG REDUCING VISIBILITY
HIGHEST:    44 ON 19    GRTST 24HR  0.89 ON  3- 4      TO 1/4 MILE OR LESS
LOWEST:    -22 ON  8                               3 = THUNDER
                        SNOW, ICE PELLETS, HAIL    4 = ICE PELLETS
                        TOTAL MONTH:  21.1 INCHES  5 = HAIL
                        GRTST 24HR   7.2 ON   M    6 = FREEZING RAIN OR DRIZZLE
                        GRTST DEPTH:  18 ON 13     7 = DUSTSTORM OR SANDSTORM:
                                                       VSBY 1/2 MILE OR LESS
                                                   8 = SMOKE OR HAZE
[NO. OF DAYS WITH]      [WEATHER - DAYS WITH]      9 = BLOWING SNOW
                                                   X = TORNADO
MAX 32 OR BELOW:  24    0.01 INCH OR MORE:  12
MAX 90 OR ABOVE:   0    0.10 INCH OR MORE:   5
MIN 32 OR BELOW:  27    0.50 INCH OR MORE:   1
MIN  0 OR BELOW:  18    1.00 INCH OR MORE:   0

[HDD (BASE 65) ]
TOTAL THIS MO.  1528    CLEAR  (SCALE 0-3)   8
DPTR FM NORMAL    47    PTCLDY (SCALE 4-7)  14
TOTAL FM JUL 1  4795    CLOUDY (SCALE 8-10)  5
DPTR FM NORMAL  -280

[CDD (BASE 65) ]
TOTAL THIS MO.     0
DPTR FM NORMAL     0    [PRESSURE DATA]
TOTAL FM JAN 1     0    HIGHEST SLP M ON M
DPTR FM NORMAL     0    LOWEST  SLP 29.02 ON 25

[REMARKS]




U.S. Dept. of Commerce
NOAA National Weather Service
1325 East West Highway
Silver Spring, MD 20910
E-mail: w-nws.webmaster@noaa.gov
Page last modified: May 16, 2007
NATIONAL WEATHER SERVICE: for Safety, for Work, for Fun - FOR LIFE