967
CXUS51 KCAR 230600
CF6CAR
PRELIMINARY LOCAL CLIMATOLOGICAL DATA (WS FORM: F-6)

                                          STATION:   CARIBOU ME
                                          MONTH:     APRIL
                                          YEAR:      2014
                                          LATITUDE:   46 52 N
                                          LONGITUDE:  68  1 W

  TEMPERATURE IN F:       :PCPN:    SNOW:  WIND      :SUNSHINE: SKY     :PK WND
================================================================================
1   2   3   4   5  6A  6B    7    8   9   10  11  12  13   14  15   16   17  18
                                     12Z  AVG MX 2MIN
DY MAX MIN AVG DEP HDD CDD  WTR  SNW DPTH SPD SPD DIR MIN PSBL S-S WX    SPD DR
================================================================================

 1  46  22  34   2  31   0 0.00  0.0   32 11.0 21  20   M    M   0        29  20
 2  38  14  26  -6  39   0 0.00  0.0   31  6.4 15 130   M    M   0        18 140
 3  36  27  32   0  33   0 0.01    T   30  8.0 18 330   M    M   9 1      22 320
 4  47  16  32  -1  33   0 0.00  0.0   30  6.0 18 150   M    M   1        24 170
 5  36  32  34   1  31   0 0.48  2.5   31  6.3 17 150   M    M  10 1      24 170
 6  41  30  36   2  29   0 0.07  0.9   30 12.0 26 300   M    M   6 1      36 310
 7  51  30  41   7  24   0 0.00  0.0   28  6.5 13 260   M    M   1        16 260
 8  42  35  39   4  26   0 0.51    T   26  9.0 22 140   M    M   9 12     30 140
 9  42  24  33  -2  32   0 0.02  0.0   24 11.8 24 320   M    M   5 1      30 310
10  49  17  33  -3  32   0 0.00  0.0   20 10.8 22 180   M    M   1        30 190
11  54  31  43   7  22   0 0.01  0.0   19  9.0 22 250   M    M   3        32 250
12  52  26  39   2  26   0    T  0.0   17  7.2 32 330   M    M   2        37 330
13  36  22  29  -9  36   0 0.53  1.9   15  5.9 17 150   M    M   6 1      21 150
14  58  35  47   9  18   0 0.05  0.0   15  8.2 18 170   M    M   6 12     23 190
15  53  39  46   8  19   0 0.44  0.0   12 12.3 28 170   M    M   9 1      36 170
16  39  18  29 -10  36   0 0.33  0.5    3 11.5 22 310   M    M   7 1      34 290
17  39  14  27 -13  38   0 0.00  0.0    2  4.6 12 150   M    M   0        14 140
18  46  26  36  -4  29   0 0.00  0.0    2  6.6 15 140   M    M   1        20 140
19  43  32  38  -2  27   0 0.01    T    T 10.1 26 330   M    M  10 1      37 320
20  48  28  38  -3  27   0 0.00  0.0    T  5.5 13 330   M    M   1        16 330
21  61  37  49   8  16   0 0.00  0.0    T  7.8 17 250   M    M   5        24 240
22  47  35  41  -1  24   0 0.28  0.0    T  5.7 10  70   M    M   8 1      14  60
================================================================================
SM 1004  590       628   0  2.74     5.8 182.2          M      100
================================================================================
AV 45.6 26.8                               8.3 FASTST   M    M   5    MAX(MPH)
                                 MISC ---->  # 32 330               # 37  330
================================================================================
NOTES:
# LAST OF SEVERAL OCCURRENCES

COLUMN 17 PEAK WIND IN M.P.H.

PRELIMINARY LOCAL CLIMATOLOGICAL DATA (WS FORM: F-6) , PAGE 2

                                          STATION:  CARIBOU ME
                                          MONTH:    APRIL
                                          YEAR:     2014
                                          LATITUDE:   46 52 N
                                          LONGITUDE:  68  1 W

[TEMPERATURE DATA]      [PRECIPITATION DATA]       SYMBOLS USED IN COLUMN 16

AVERAGE MONTHLY: 36.2   TOTAL FOR MONTH:   2.74    1 = FOG OR MIST
DPTR FM NORMAL:  -0.4   DPTR FM NORMAL:    0.79    2 = FOG REDUCING VISIBILITY
HIGHEST:    61 ON 21    GRTST 24HR  0.76 ON 15-16      TO 1/4 MILE OR LESS
LOWEST:     14 ON 17, 2                            3 = THUNDER
                        SNOW, ICE PELLETS, HAIL    4 = ICE PELLETS
                        TOTAL MONTH:   5.8 INCHES  5 = HAIL
                        GRTST 24HR   2.5 ON  5- 5  6 = FREEZING RAIN OR DRIZZLE
                        GRTST DEPTH:  32 ON  1     7 = DUSTSTORM OR SANDSTORM:
                                                       VSBY 1/2 MILE OR LESS
                                                   8 = SMOKE OR HAZE
[NO. OF DAYS WITH]      [WEATHER - DAYS WITH]      9 = BLOWING SNOW
                                                   X = TORNADO
MAX 32 OR BELOW:   0    0.01 INCH OR MORE:  12
MAX 90 OR ABOVE:   0    0.10 INCH OR MORE:   6
MIN 32 OR BELOW:  17    0.50 INCH OR MORE:   2
MIN  0 OR BELOW:   0    1.00 INCH OR MORE:   0

[HDD (BASE 65) ]
TOTAL THIS MO.   628    CLEAR  (SCALE 0-3)   9
DPTR FM NORMAL     1    PTCLDY (SCALE 4-7)   8
TOTAL FM JUL 1  8822    CLOUDY (SCALE 8-10)  5
DPTR FM NORMAL   220

[CDD (BASE 65) ]
TOTAL THIS MO.     0
DPTR FM NORMAL     0    [PRESSURE DATA]
TOTAL FM JAN 1     0    HIGHEST SLP M ON M
DPTR FM NORMAL     0    LOWEST  SLP 29.18 ON  8

[REMARKS]




U.S. Dept. of Commerce
NOAA National Weather Service
1325 East West Highway
Silver Spring, MD 20910
E-mail: w-nws.webmaster@noaa.gov
Page last modified: May 16, 2007
NATIONAL WEATHER SERVICE: for Safety, for Work, for Fun - FOR LIFE