766
CXUS51 KCAR 280600
CF6CAR
PRELIMINARY LOCAL CLIMATOLOGICAL DATA (WS FORM: F-6)

                                          STATION:   CARIBOU ME
                                          MONTH:     JULY
                                          YEAR:      2014
                                          LATITUDE:   46 52 N
                                          LONGITUDE:  68  1 W

  TEMPERATURE IN F:       :PCPN:    SNOW:  WIND      :SUNSHINE: SKY     :PK WND
================================================================================
1   2   3   4   5  6A  6B    7    8   9   10  11  12  13   14  15   16   17  18
                                     12Z  AVG MX 2MIN
DY MAX MIN AVG DEP HDD CDD  WTR  SNW DPTH SPD SPD DIR MIN PSBL S-S WX    SPD DR
================================================================================

 1  89  66  78  14   0  13 0.00  0.0    0  7.6 16 230   M    M   1 1      22 230
 2  91  71  81  17   0  16 0.06  0.0    0  9.1 22 220   M    M   4 1      33 210
 3  87  68  78  13   0  13    T  0.0    0  7.1 20 240   M    M   4        25 250
 4  73  59  66   1   0   1 1.54  0.0    0  5.0 25 320   M    M   9 1      36 320
 5  59  50  55 -10  10   0 2.34  0.0    0 14.7 36 330   M    M   9 1      52 340
 6  72  47  60  -5   5   0 0.02  0.0    0  7.7 18 250   M    M   6 1      26 250
 7  70  61  66   1   0   1 0.27  0.0    0  5.8 17 240   M    M   8 1      24 240
 8  83  63  73   8   0   8 0.04  0.0    0  8.4 18 230   M    M   5 1      27 240
 9  82  66  74   9   0   9 0.03  0.0    0 11.5 23 250   M    M   4 8      33 240
10  74  53  64  -2   1   0 0.04  0.0    0  7.4 21 230   M    M   5        28 240
11  78  49  64  -2   1   0 0.00  0.0    0  3.0 12 250   M    M   2 8      16 250
12  80  53  67   1   0   2 0.00  0.0    0  5.7 15 220   M    M   1        22 220
13  81  57  69   3   0   4 0.03  0.0    0  8.7 17 190   M    M   3 1      27 200
14  81  64  73   7   0   8 0.00  0.0    0  9.4 21 250   M    M   5        27 250
15  82  59  71   5   0   6    T  0.0    0  5.7 14 150   M    M   5        17 150
16  75  65  70   4   0   5 0.32  0.0    0  6.2 13 160   M    M   9 1      16 150
17  76  56  66   0   0   1 0.01  0.0    0  7.2 16 250   M    M   2 1      22 230
18  77  53  65  -1   0   0 0.00  0.0    0  6.5 15 310   M    M   1        22 260
19  81  54  68   2   0   3 0.00  0.0    0  2.2  8 190   M    M   0        10 160
20  80  58  69   3   0   4    T  0.0    0  3.0 13 160   M    M   1 1      16 150
21  81  62  72   6   0   7 0.00  0.0    0  2.8 14 170   M    M   5        16 170
22  86  59  73   7   0   8 0.00  0.0    0  6.8 16 230   M    M   1 8      21 220
23  83  62  73   7   0   8 0.62  0.0    0  8.5 20 210   M    M   5 138    28 220
24  71  53  62  -4   3   0 0.00  0.0    0  5.8 13 320   M    M   2        19 350
25  79  50  65  -1   0   0 0.00  0.0    0  4.8 15 250   M    M   2 8      26 270
26  79  57  68   2   0   3 0.00  0.0    0  8.2 21 240   M    M   0 18     30 240
27  80  57  69   3   0   4 0.18  0.0    0  9.2 24 160   M    M   7 1      33 180
================================================================================
SM 2130 1572        20 124  5.50     0.0 188.0          M      106
================================================================================
AV 78.9 58.2                               7.0 FASTST   M    M   4    MAX(MPH)
                                 MISC ---->  # 36 330               # 52  340
================================================================================
NOTES:
# LAST OF SEVERAL OCCURRENCES

COLUMN 17 PEAK WIND IN M.P.H.

PRELIMINARY LOCAL CLIMATOLOGICAL DATA (WS FORM: F-6) , PAGE 2

                                          STATION:  CARIBOU ME
                                          MONTH:    JULY
                                          YEAR:     2014
                                          LATITUDE:   46 52 N
                                          LONGITUDE:  68  1 W

[TEMPERATURE DATA]      [PRECIPITATION DATA]       SYMBOLS USED IN COLUMN 16

AVERAGE MONTHLY: 68.6   TOTAL FOR MONTH:   5.50    1 = FOG OR MIST
DPTR FM NORMAL:   3.0   DPTR FM NORMAL:    1.91    2 = FOG REDUCING VISIBILITY
HIGHEST:    91 ON  2    GRTST 24HR  2.65 ON  4- 5      TO 1/4 MILE OR LESS
LOWEST:     47 ON  6                               3 = THUNDER
                        SNOW, ICE PELLETS, HAIL    4 = ICE PELLETS
                        TOTAL MONTH:   0.0 INCH    5 = HAIL
                        GRTST 24HR     0.0         6 = FREEZING RAIN OR DRIZZLE
                        GRTST DEPTH:   0           7 = DUSTSTORM OR SANDSTORM:
                                                       VSBY 1/2 MILE OR LESS
                                                   8 = SMOKE OR HAZE
[NO. OF DAYS WITH]      [WEATHER - DAYS WITH]      9 = BLOWING SNOW
                                                   X = TORNADO
MAX 32 OR BELOW:   0    0.01 INCH OR MORE:  13
MAX 90 OR ABOVE:   1    0.10 INCH OR MORE:   6
MIN 32 OR BELOW:   0    0.50 INCH OR MORE:   3
MIN  0 OR BELOW:   0    1.00 INCH OR MORE:   2

[HDD (BASE 65) ]
TOTAL THIS MO.    20    CLEAR  (SCALE 0-3)  11
DPTR FM NORMAL   -36    PTCLDY (SCALE 4-7)  12
TOTAL FM JUL 1    20    CLOUDY (SCALE 8-10)  4
DPTR FM NORMAL   -36

[CDD (BASE 65) ]
TOTAL THIS MO.   124
DPTR FM NORMAL    57    [PRESSURE DATA]
TOTAL FM JAN 1   163    HIGHEST SLP M ON M
DPTR FM NORMAL    57    LOWEST  SLP 29.54 ON  5

[REMARKS]




U.S. Dept. of Commerce
NOAA National Weather Service
1325 East West Highway
Silver Spring, MD 20910
E-mail: w-nws.webmaster@noaa.gov
Page last modified: May 16, 2007
NATIONAL WEATHER SERVICE: for Safety, for Work, for Fun - FOR LIFE