086
CXUS51 KCAR 010600
CF6CAR
PRELIMINARY LOCAL CLIMATOLOGICAL DATA (WS FORM: F-6)

                                          STATION:   CARIBOU ME
                                          MONTH:     NOVEMBER
                                          YEAR:      2014
                                          LATITUDE:   46 52 N
                                          LONGITUDE:  68  1 W

  TEMPERATURE IN F:       :PCPN:    SNOW:  WIND      :SUNSHINE: SKY     :PK WND
================================================================================
1   2   3   4   5  6A  6B    7    8   9   10  11  12  13   14  15   16   17  18
                                     12Z  AVG MX 2MIN
DY MAX MIN AVG DEP HDD CDD  WTR  SNW DPTH SPD SPD DIR MIN PSBL S-S WX    SPD DR
================================================================================

 1  39  31  35  -2  30   0 0.05  0.5    0  8.9 15  20   M    M  10 1      21  20
 2  34  29  32  -5  33   0 0.54 10.1    1 20.1 35 330   M    M  10 12     45 320
 3  35  29  32  -5  33   0 0.08  1.2   11 16.1 31 330   M    M   9 1      42 330
 4  41  25  33  -3  32   0 0.02    T   11  5.9 15 160   M    M   4        19 170
 5  50  34  42   6  23   0 0.25  0.0    5  9.7 18 250   M    M   6 1      26 240
 6  46  36  41   5  24   0 0.01  0.0    4  4.3 10 250   M    M   7        14 260
 7  38  28  33  -2  32   0 0.81  4.0    4 15.8 28 320   M    M  10 1      38 330
 8  32  22  27  -8  38   0    T    T    7 11.1 26 300   M    M   7        40 300
 9  37  25  31  -3  34   0 0.00  0.0    7  5.3  9 230   M    M   8        14 240
10  42  24  33  -1  32   0 0.00  0.0    6  3.8 10 230   M    M   3        15 220
11  42  29  36   2  29   0    T    T    4  5.8  9  70   M    M   9        13  40
12  39  33  36   3  29   0 0.14  0.0    2  6.8 13 250   M    M   9 1      22 290
13  40  30  35   2  30   0 0.00  0.0    T  9.0 20 240   M    M   1        29 230
14  35  23  29  -3  36   0 0.01  0.1    T  6.5 17 310   M    M   8 1      24 300
15  30  19  25  -7  40   0    T    T    T  6.7 18 320   M    M   4        26 320
16  31  17  24  -7  41   0    T    T    T  5.9 13 240   M    M   7 18     18 230
17  32  26  29  -2  36   0 0.33  2.0    T  5.4 12  70   M    M   9 126    16  90
18  34  20  27  -3  38   0    T  0.0    1 12.9 29 250   M    M   6 126    41 240
19  28  11  20 -10  45   0    T    T    1 11.0 24 260   M    M   4        32 260
20  30  13  22  -8  43   0 0.01  0.2    1  5.7 13 240   M    M   7 1      17 170
21  24  12  18 -11  47   0    T    T    1  9.4 21 310   M    M   4        30 310
22  32   8  20  -9  45   0 0.02  0.2    1  7.9 15 190   M    M   7 18     21 200
23  40  31  36   8  29   0 0.00  0.0    1  5.9 14 240   M    M  10        17 240
24  56  36  46  18  19   0 0.32  0.0    T 11.5 22 160   M    M   9 1      32 170
25  56  40  48  21  17   0 0.06  0.0    0 15.7 29 240   M    M   6 1      39 250
26  41  25  33   6  32   0 0.21  2.8    0  9.6 21 250   M    M   6 1      29  20
27  26   9  18  -8  47   0 0.44  6.8    7 12.1 23 330   M    M   7 1      29 360
28  20   6  13 -13  52   0    T  0.2    8  4.3  9 360   M    M   4 18     11 360
29  21   3  12 -14  53   0    T    T    7  4.4 10 160   M    M   2        14 290
30  42  11  27   2  38   0 0.07  0.7    7 10.9 17 190   M    M  10 1      26 180
================================================================================
SM 1093  685      1057   0  3.37    28.8 268.4          M      203
================================================================================
AV 36.4 22.8                               8.9 FASTST   M    M   7    MAX(MPH)
                                 MISC ---->  # 35 330               # 45  320
================================================================================
NOTES:
# LAST OF SEVERAL OCCURRENCES

COLUMN 17 PEAK WIND IN M.P.H.

PRELIMINARY LOCAL CLIMATOLOGICAL DATA (WS FORM: F-6) , PAGE 2

                                          STATION:  CARIBOU ME
                                          MONTH:    NOVEMBER
                                          YEAR:     2014
                                          LATITUDE:   46 52 N
                                          LONGITUDE:  68  1 W

[TEMPERATURE DATA]      [PRECIPITATION DATA]       SYMBOLS USED IN COLUMN 16

AVERAGE MONTHLY: 29.6   TOTAL FOR MONTH:   3.37    1 = FOG OR MIST
DPTR FM NORMAL:  -1.9   DPTR FM NORMAL:   -0.26    2 = FOG REDUCING VISIBILITY
HIGHEST:    56 ON 25,24 GRTST 24HR  0.82 ON  6- 7      TO 1/4 MILE OR LESS
LOWEST:      3 ON 29                               3 = THUNDER
                        SNOW, ICE PELLETS, HAIL    4 = ICE PELLETS
                        TOTAL MONTH:  28.8 INCHES  5 = HAIL
                        GRTST 24HR  10.1 ON   M    6 = FREEZING RAIN OR DRIZZLE
                        GRTST DEPTH:  11 ON  4, 3  7 = DUSTSTORM OR SANDSTORM:
                                                       VSBY 1/2 MILE OR LESS
                                                   8 = SMOKE OR HAZE
[NO. OF DAYS WITH]      [WEATHER - DAYS WITH]      9 = BLOWING SNOW
                                                   X = TORNADO
MAX 32 OR BELOW:  11    0.01 INCH OR MORE:  17
MAX 90 OR ABOVE:   0    0.10 INCH OR MORE:   8
MIN 32 OR BELOW:  25    0.50 INCH OR MORE:   2
MIN  0 OR BELOW:   0    1.00 INCH OR MORE:   0

[HDD (BASE 65) ]
TOTAL THIS MO.  1057    CLEAR  (SCALE 0-3)   2
DPTR FM NORMAL    52    PTCLDY (SCALE 4-7)  18
TOTAL FM JUL 1  1950    CLOUDY (SCALE 8-10) 10
DPTR FM NORMAL  -195

[CDD (BASE 65) ]
TOTAL THIS MO.     0
DPTR FM NORMAL     0    [PRESSURE DATA]
TOTAL FM JAN 1   266    HIGHEST SLP 30.29 ON 29
DPTR FM NORMAL    86    LOWEST  SLP 29.27 ON 18

[REMARKS]
#FINAL-11-14#




U.S. Dept. of Commerce
NOAA National Weather Service
1325 East West Highway
Silver Spring, MD 20910
E-mail: w-nws.webmaster@noaa.gov
Page last modified: May 16, 2007
NATIONAL WEATHER SERVICE: for Safety, for Work, for Fun - FOR LIFE